{"id":122453,"date":"2026-05-06T09:50:01","date_gmt":"2026-05-06T12:50:01","guid":{"rendered":"https:\/\/www.hediyepazar.com\/?product=12-parca-akrobat-bits-seti-cok-amacli-vidalama-dayanikli-celik"},"modified":"2026-05-06T09:50:01","modified_gmt":"2026-05-06T12:50:01","slug":"12-parca-akrobat-bits-seti-cok-amacli-vidalama-dayanikli-celik","status":"publish","type":"product","link":"https:\/\/www.hediyepazar.com\/?product=12-parca-akrobat-bits-seti-cok-amacli-vidalama-dayanikli-celik","title":{"rendered":"12 Par\u00e7a Akrobat Bits Seti \u00c7ok Ama\u00e7l\u0131 Vidalama Dayan\u0131kl\u0131 \u00c7elik"},"content":{"rendered":"<p>12 Par\u00e7a Akrobat Bits Vidalama Seti, pratik kullan\u0131m ve y\u00fcksek performans sunmak \u00fczere geli\u015ftirilmi\u015f fonksiyonel bir ara\u00e7 setidir. Set i\u00e7erisinde yer alan farkl\u0131 u\u00e7 tipleri, kullan\u0131c\u0131lar\u0131n pek \u00e7ok farkl\u0131 vida \u00e7e\u015fidiyle uyumlu bir \u015fekilde \u00e7al\u0131\u015fmas\u0131na imkan tan\u0131r. \u00d6zellikle evde yap\u0131lacak montaj ve tamirat i\u015flemlerinde h\u0131zl\u0131 ve etkili \u00e7\u00f6z\u00fcmler sa\u011flar.\u00dcr\u00fcn\u00fcn en dikkat \u00e7eken \u00f6zelli\u011fi akrobat tasar\u0131m\u0131d\u0131r. Esnek yap\u0131s\u0131 sayesinde ula\u015f\u0131lmas\u0131 zor alanlarda bile zahmetsiz kullan\u0131m imk\u00e2n\u0131 sunar. K\u00f6\u015fe noktalar\u0131, dar bo\u015fluklar ve s\u0131k\u0131\u015f\u0131k b\u00f6lgelerde vidalama i\u015flemini kolayla\u015ft\u0131ran bu \u00f6zel tasar\u0131m, kullan\u0131c\u0131ya zaman kazand\u0131r\u0131r ve i\u015f verimlili\u011fini art\u0131r\u0131r.Set; mobilya kurulumundan tesisat i\u015flerine, otomotiv bak\u0131m\u0131ndan profesyonel in\u015faat uygulamalar\u0131na kadar geni\u015f bir kullan\u0131m alan\u0131na sahiptir. Y\u00fcksek kalite \u00e7elik malzemeden \u00fcretilen u\u00e7lar, dayan\u0131kl\u0131 yap\u0131s\u0131yla uzun s\u00fcreli performans sunar. A\u015f\u0131nma ve deformasyona kar\u015f\u0131 diren\u00e7lidir, bu nedenle yo\u011fun kullan\u0131mda bile formunu korur.U\u00e7lar\u0131n tamam\u0131 standart 1\/4&#8243; ba\u011flant\u0131 sistemine sahiptir ve bu sayede bir\u00e7ok vidalama makinesi, matkap ve tornavida ile uyumludur. Ergonomik kullan\u0131m sa\u011flayan bu set, profesyonel ustalar\u0131n yan\u0131 s\u0131ra evde tamirat yapmay\u0131 seven kullan\u0131c\u0131lar i\u00e7in de m\u00fckemmel bir tercihtir.Kolay saklanabilir, d\u00fczenli ve ta\u015f\u0131nabilir yap\u0131s\u0131yla her i\u015f \u00e7antas\u0131na rahat\u00e7a s\u0131\u011far. Bu \u00f6zellik, \u00f6zellikle saha \u00e7al\u0131\u015fmalar\u0131nda b\u00fcy\u00fck avantaj sa\u011flar. \u00c7ok y\u00f6nl\u00fcl\u00fc\u011f\u00fc, dayan\u0131kl\u0131l\u0131\u011f\u0131 ve pratikli\u011fi sayesinde 12 Par\u00e7a Akrobat Bits Vidalama Seti, hem profesyonel hem amat\u00f6r kullan\u0131c\u0131lar\u0131n ihtiya\u00e7lar\u0131n\u0131 eksiksiz kar\u015f\u0131lar.Evde, i\u015fte veya at\u00f6lyede her t\u00fcrl\u00fc vida s\u0131kma ve gev\u015fetme i\u015fleminde kullan\u0131labilecek bu set, i\u015flerinizi daha kolay, daha h\u0131zl\u0131 ve daha g\u00fcvenilir h\u00e2le getirir.<\/p>\n","protected":false},"excerpt":{"rendered":"<p>12 Par\u00e7a Akrobat Bits Vidalama Seti, pratik kullan\u0131m ve y\u00fcksek performans sunmak \u00fczere geli\u015ftirilmi\u015f fonksiyonel bir ara\u00e7 setidir. Set i\u00e7erisinde yer alan farkl\u0131 u\u00e7 tipleri, kullan\u0131c\u0131lar\u0131n pek \u00e7ok farkl\u0131 vida \u00e7e\u015fidiyle uyumlu bir \u015fekilde \u00e7al\u0131\u015fmas\u0131na imkan tan\u0131r. \u00d6zellikle evde yap\u0131lacak montaj ve tamirat i\u015flemlerinde h\u0131zl\u0131 ve etkili \u00e7\u00f6z\u00fcmler sa\u011flar.\u00dcr\u00fcn\u00fcn en dikkat \u00e7eken \u00f6zelli\u011fi akrobat tasar\u0131m\u0131d\u0131r&#8230;.<\/p>\n","protected":false},"featured_media":122452,"comment_status":"open","ping_status":"closed","template":"","meta":{"_kad_post_transparent":"","_kad_post_title":"","_kad_post_layout":"","_kad_post_sidebar_id":"","_kad_post_content_style":"","_kad_post_vertical_padding":"","_kad_post_feature":"","_kad_post_feature_position":"","_kad_post_header":false,"_kad_post_footer":false,"_kad_post_classname":""},"product_brand":[],"product_cat":[15000],"product_tag":[],"class_list":{"0":"post-122453","1":"product","2":"type-product","3":"status-publish","4":"has-post-thumbnail","6":"product_cat-tornavida-tornavida-2","8":"first","9":"instock","10":"purchasable","11":"product-type-simple","12":"entry","13":"content-bg","14":"loop-entry"},"_links":{"self":[{"href":"https:\/\/www.hediyepazar.com\/index.php?rest_route=\/wp\/v2\/product\/122453","targetHints":{"allow":["GET"]}}],"collection":[{"href":"https:\/\/www.hediyepazar.com\/index.php?rest_route=\/wp\/v2\/product"}],"about":[{"href":"https:\/\/www.hediyepazar.com\/index.php?rest_route=\/wp\/v2\/types\/product"}],"replies":[{"embeddable":true,"href":"https:\/\/www.hediyepazar.com\/index.php?rest_route=%2Fwp%2Fv2%2Fcomments&post=122453"}],"wp:featuredmedia":[{"embeddable":true,"href":"https:\/\/www.hediyepazar.com\/index.php?rest_route=\/wp\/v2\/media\/122452"}],"wp:attachment":[{"href":"https:\/\/www.hediyepazar.com\/index.php?rest_route=%2Fwp%2Fv2%2Fmedia&parent=122453"}],"wp:term":[{"taxonomy":"product_brand","embeddable":true,"href":"https:\/\/www.hediyepazar.com\/index.php?rest_route=%2Fwp%2Fv2%2Fproduct_brand&post=122453"},{"taxonomy":"product_cat","embeddable":true,"href":"https:\/\/www.hediyepazar.com\/index.php?rest_route=%2Fwp%2Fv2%2Fproduct_cat&post=122453"},{"taxonomy":"product_tag","embeddable":true,"href":"https:\/\/www.hediyepazar.com\/index.php?rest_route=%2Fwp%2Fv2%2Fproduct_tag&post=122453"}],"curies":[{"name":"wp","href":"https:\/\/api.w.org\/{rel}","templated":true}]}}