{"id":122479,"date":"2026-05-06T09:53:08","date_gmt":"2026-05-06T12:53:08","guid":{"rendered":"https:\/\/www.hediyepazar.com\/?product=bahce-sulama-tabancasi-hortum-ucu-8-fonksiyonlu-ayarlanabilir"},"modified":"2026-05-06T09:53:08","modified_gmt":"2026-05-06T12:53:08","slug":"bahce-sulama-tabancasi-hortum-ucu-8-fonksiyonlu-ayarlanabilir","status":"publish","type":"product","link":"https:\/\/www.hediyepazar.com\/?product=bahce-sulama-tabancasi-hortum-ucu-8-fonksiyonlu-ayarlanabilir","title":{"rendered":"Bah\u00e7e Sulama Tabancas\u0131 Hortum Ucu 8 Fonksiyonlu Ayarlanabilir"},"content":{"rendered":"<p>Bu \u00e7ok fonksiyonlu sulama tabancas\u0131, bah\u00e7e bak\u0131m\u0131n\u0131 hem kolay hem de daha verimli hale getirmek i\u00e7in geli\u015ftirilmi\u015ftir. \u00dczerindeki 8 farkl\u0131 su ak\u0131\u015f modu sayesinde narin bitkiler i\u00e7in hafif bir sprey, temizlik i\u015fleri i\u00e7in g\u00fc\u00e7l\u00fc bas\u0131n\u00e7 veya geni\u015f alan sulama i\u00e7in geni\u015f a\u00e7\u0131l\u0131 ak\u0131\u015f se\u00e7ebilirsiniz. Ergonomik tutu\u015f sap\u0131 uzun s\u00fcreli kullan\u0131mda bile elinizi yormaz. Hortuma h\u0131zl\u0131 tak\u0131lan konnekt\u00f6r sistemi su s\u0131z\u0131nt\u0131s\u0131n\u0131 \u00f6nler ve sabit ba\u011flant\u0131 sa\u011flar. Kolay kullan\u0131m yap\u0131s\u0131, hem amat\u00f6r bah\u00e7\u0131vanlar hem profesyonel kullan\u0131c\u0131lar i\u00e7in uygun bir sulama \u00e7\u00f6z\u00fcm\u00fc sunar. Bah\u00e7e d\u00fczeninizde verimlili\u011fi art\u0131r\u0131r ve su kullan\u0131m\u0131n\u0131 kontrol alt\u0131na alman\u0131za yard\u0131mc\u0131 olur.<\/p>\n","protected":false},"excerpt":{"rendered":"<p>Bu \u00e7ok fonksiyonlu sulama tabancas\u0131, bah\u00e7e bak\u0131m\u0131n\u0131 hem kolay hem de daha verimli hale getirmek i\u00e7in geli\u015ftirilmi\u015ftir. \u00dczerindeki 8 farkl\u0131 su ak\u0131\u015f modu sayesinde narin bitkiler i\u00e7in hafif bir sprey, temizlik i\u015fleri i\u00e7in g\u00fc\u00e7l\u00fc bas\u0131n\u00e7 veya geni\u015f alan sulama i\u00e7in geni\u015f a\u00e7\u0131l\u0131 ak\u0131\u015f se\u00e7ebilirsiniz. Ergonomik tutu\u015f sap\u0131 uzun s\u00fcreli kullan\u0131mda bile elinizi yormaz. Hortuma h\u0131zl\u0131&#8230;<\/p>\n","protected":false},"featured_media":122478,"comment_status":"open","ping_status":"closed","template":"","meta":{"_kad_post_transparent":"","_kad_post_title":"","_kad_post_layout":"","_kad_post_sidebar_id":"","_kad_post_content_style":"","_kad_post_vertical_padding":"","_kad_post_feature":"","_kad_post_feature_position":"","_kad_post_header":false,"_kad_post_footer":false,"_kad_post_classname":""},"product_brand":[],"product_cat":[14931],"product_tag":[],"class_list":{"0":"post-122479","1":"product","2":"type-product","3":"status-publish","4":"has-post-thumbnail","6":"product_cat-musluk-basligi-musluk-basligi","8":"first","9":"instock","10":"purchasable","11":"product-type-simple","12":"entry","13":"content-bg","14":"loop-entry"},"_links":{"self":[{"href":"https:\/\/www.hediyepazar.com\/index.php?rest_route=\/wp\/v2\/product\/122479","targetHints":{"allow":["GET"]}}],"collection":[{"href":"https:\/\/www.hediyepazar.com\/index.php?rest_route=\/wp\/v2\/product"}],"about":[{"href":"https:\/\/www.hediyepazar.com\/index.php?rest_route=\/wp\/v2\/types\/product"}],"replies":[{"embeddable":true,"href":"https:\/\/www.hediyepazar.com\/index.php?rest_route=%2Fwp%2Fv2%2Fcomments&post=122479"}],"wp:featuredmedia":[{"embeddable":true,"href":"https:\/\/www.hediyepazar.com\/index.php?rest_route=\/wp\/v2\/media\/122478"}],"wp:attachment":[{"href":"https:\/\/www.hediyepazar.com\/index.php?rest_route=%2Fwp%2Fv2%2Fmedia&parent=122479"}],"wp:term":[{"taxonomy":"product_brand","embeddable":true,"href":"https:\/\/www.hediyepazar.com\/index.php?rest_route=%2Fwp%2Fv2%2Fproduct_brand&post=122479"},{"taxonomy":"product_cat","embeddable":true,"href":"https:\/\/www.hediyepazar.com\/index.php?rest_route=%2Fwp%2Fv2%2Fproduct_cat&post=122479"},{"taxonomy":"product_tag","embeddable":true,"href":"https:\/\/www.hediyepazar.com\/index.php?rest_route=%2Fwp%2Fv2%2Fproduct_tag&post=122479"}],"curies":[{"name":"wp","href":"https:\/\/api.w.org\/{rel}","templated":true}]}}