{"id":122668,"date":"2026-05-06T10:23:01","date_gmt":"2026-05-06T13:23:01","guid":{"rendered":"https:\/\/www.hediyepazar.com\/?product=dp-209-reflektor"},"modified":"2026-05-06T10:23:01","modified_gmt":"2026-05-06T13:23:01","slug":"dp-209-reflektor","status":"publish","type":"product","link":"https:\/\/www.hediyepazar.com\/?product=dp-209-reflektor","title":{"rendered":"DP-209 REFLEKT\u00d6R"},"content":{"rendered":"<p>Bu \u00e7ok fonksiyonlu kamp ve acil durum \u0131\u015f\u0131\u011f\u0131, \u00f6zellikle ara\u00e7lar i\u00e7in tasarlanm\u0131\u015f ve g\u00fcne\u015f enerjisiyle \u00e7al\u0131\u015fan bir ayd\u0131nlatma \u00e7\u00f6z\u00fcm\u00fcd\u00fcr. Arkas\u0131nda bulunan g\u00fcne\u015f paneli sayesinde \u00e7evre dostu bir enerji kayna\u011f\u0131 sa\u011flar, ayr\u0131ca telefon \u015farj\u0131 i\u00e7in \u00e7\u0131k\u0131\u015f ve giri\u015f aray\u00fcz\u00fcne sahiptir. 500 l\u00fcmen \u0131\u015f\u0131k g\u00fcc\u00fcyle geni\u015f alanlar\u0131 etkili \u015fekilde ayd\u0131nlat\u0131rken, ta\u015f\u0131nabilir ve hafif yap\u0131s\u0131 ile ta\u015f\u0131mas\u0131 olduk\u00e7a kolayd\u0131r. Dayan\u0131kl\u0131 ve pratik tasar\u0131m\u0131 sayesinde araba, kamyon, SUV veya motosiklet gibi her t\u00fcrl\u00fc ara\u00e7 i\u00e7in m\u00fckemmeldir.Cihazda 5 farkl\u0131 \u0131\u015f\u0131k modu bulunmaktad\u0131r: g\u00fc\u00e7l\u00fc \u0131\u015f\u0131k, zay\u0131f \u0131\u015f\u0131k, k\u0131rm\u0131z\u0131 uyar\u0131 \u0131\u015f\u0131\u011f\u0131, yan\u0131p s\u00f6nen \u0131\u015f\u0131klar ve uyar\u0131 lambalar\u0131 yava\u015f\u00e7a yan\u0131p s\u00f6ner. Bu se\u00e7enekler, ar\u0131za durumunda di\u011fer s\u00fcr\u00fcc\u00fcleri uyarmak ve g\u00fcvenli\u011fi art\u0131rmak i\u00e7in idealdir. I\u015f\u0131klar olduk\u00e7a parlak ve y\u00fcksek derecede g\u00f6r\u00fcn\u00fcrl\u00fck sa\u011flar, b\u00f6ylece arac\u0131n\u0131z ar\u0131za yapt\u0131\u011f\u0131nda di\u011fer ara\u00e7lardan uzak durulmas\u0131n\u0131 sa\u011flar. Kullan\u0131m\u0131 son derece kolayd\u0131r; herhangi bir alet gerekmeden, sadece araban\u0131z\u0131n yan\u0131na koyarak h\u0131zl\u0131ca kurulum yapabilirsiniz.Boyutlar\u0131 20 cm x 6 cm x 19 cm olan bu cihaz, acil durumlar i\u00e7in m\u00fckemmel bir \u00e7\u00f6z\u00fcmd\u00fcr. Ayr\u0131ca, dahili stand\u0131 sayesinde montaj\u0131 kolayla\u015ft\u0131r\u0131r ve her t\u00fcrl\u00fc belediye arac\u0131, in\u015faat arac\u0131 ya da zorunlu \u015ferit ihlali durumlar\u0131 i\u00e7in de kullan\u0131labilir. Bu pratik ve \u00e7ok y\u00f6nl\u00fc \u0131\u015f\u0131k, acil durumlar i\u00e7in vazge\u00e7ilmez bir ara\u00e7t\u0131r.<\/p>\n","protected":false},"excerpt":{"rendered":"<p>Bu \u00e7ok fonksiyonlu kamp ve acil durum \u0131\u015f\u0131\u011f\u0131, \u00f6zellikle ara\u00e7lar i\u00e7in tasarlanm\u0131\u015f ve g\u00fcne\u015f enerjisiyle \u00e7al\u0131\u015fan bir ayd\u0131nlatma \u00e7\u00f6z\u00fcm\u00fcd\u00fcr. Arkas\u0131nda bulunan g\u00fcne\u015f paneli sayesinde \u00e7evre dostu bir enerji kayna\u011f\u0131 sa\u011flar, ayr\u0131ca telefon \u015farj\u0131 i\u00e7in \u00e7\u0131k\u0131\u015f ve giri\u015f aray\u00fcz\u00fcne sahiptir. 500 l\u00fcmen \u0131\u015f\u0131k g\u00fcc\u00fcyle geni\u015f alanlar\u0131 etkili \u015fekilde ayd\u0131nlat\u0131rken, ta\u015f\u0131nabilir ve hafif yap\u0131s\u0131 ile ta\u015f\u0131mas\u0131 olduk\u00e7a&#8230;<\/p>\n","protected":false},"featured_media":122667,"comment_status":"open","ping_status":"closed","template":"","meta":{"_kad_post_transparent":"","_kad_post_title":"","_kad_post_layout":"","_kad_post_sidebar_id":"","_kad_post_content_style":"","_kad_post_vertical_padding":"","_kad_post_feature":"","_kad_post_feature_position":"","_kad_post_header":false,"_kad_post_footer":false,"_kad_post_classname":""},"product_brand":[],"product_cat":[15152],"product_tag":[],"class_list":{"0":"post-122668","1":"product","2":"type-product","3":"status-publish","4":"has-post-thumbnail","6":"product_cat-reflektor-reflektor","8":"first","9":"instock","10":"purchasable","11":"product-type-simple","12":"entry","13":"content-bg","14":"loop-entry"},"_links":{"self":[{"href":"https:\/\/www.hediyepazar.com\/index.php?rest_route=\/wp\/v2\/product\/122668","targetHints":{"allow":["GET"]}}],"collection":[{"href":"https:\/\/www.hediyepazar.com\/index.php?rest_route=\/wp\/v2\/product"}],"about":[{"href":"https:\/\/www.hediyepazar.com\/index.php?rest_route=\/wp\/v2\/types\/product"}],"replies":[{"embeddable":true,"href":"https:\/\/www.hediyepazar.com\/index.php?rest_route=%2Fwp%2Fv2%2Fcomments&post=122668"}],"wp:featuredmedia":[{"embeddable":true,"href":"https:\/\/www.hediyepazar.com\/index.php?rest_route=\/wp\/v2\/media\/122667"}],"wp:attachment":[{"href":"https:\/\/www.hediyepazar.com\/index.php?rest_route=%2Fwp%2Fv2%2Fmedia&parent=122668"}],"wp:term":[{"taxonomy":"product_brand","embeddable":true,"href":"https:\/\/www.hediyepazar.com\/index.php?rest_route=%2Fwp%2Fv2%2Fproduct_brand&post=122668"},{"taxonomy":"product_cat","embeddable":true,"href":"https:\/\/www.hediyepazar.com\/index.php?rest_route=%2Fwp%2Fv2%2Fproduct_cat&post=122668"},{"taxonomy":"product_tag","embeddable":true,"href":"https:\/\/www.hediyepazar.com\/index.php?rest_route=%2Fwp%2Fv2%2Fproduct_tag&post=122668"}],"curies":[{"name":"wp","href":"https:\/\/api.w.org\/{rel}","templated":true}]}}