{"id":122682,"date":"2026-05-06T10:24:18","date_gmt":"2026-05-06T13:24:18","guid":{"rendered":"https:\/\/www.hediyepazar.com\/?product=profesyonel-matkap-seti"},"modified":"2026-05-06T10:24:18","modified_gmt":"2026-05-06T13:24:18","slug":"profesyonel-matkap-seti","status":"publish","type":"product","link":"https:\/\/www.hediyepazar.com\/?product=profesyonel-matkap-seti","title":{"rendered":"Profesyonel Matkap Seti"},"content":{"rendered":"<p>Profesyonel Matkap Seti 24w \u00e7ift bataryal\u0131 metal \u015fanz\u0131man darbeli 27 par\u00e7al\u0131 s\u00fcper setli Otomatik mil kilidi i\u015flevi Dahili y\u00fcksek hassasiyetli rulman ile metal vites kutusu Ileri Geri, de\u011fi\u015fken h\u0131z ve elektrikli fren Led \u00e7al\u0131\u015fma \u0131\u015f\u0131\u011f\u0131 ve ak\u0131ll\u0131 batarya g\u00f6stergesi H\u0131zl\u0131 \u015farj adapt\u00f6r\u00fc ile 30 dakikada i\u00e7inde tam dolum Daha az yorgunluk ve daha fazla konfor i\u00e7in ergonomik tasar\u0131m 24 par\u00e7a aksesuar 1 adet akrobat spiral 1 adet uzatma aparat\u0131 1 adet lokma ba\u011flant\u0131 aparat\u0131 5,6,7,8,9,10,11,12,13 mm lokma ucu 6 adet bits vidalama ucu 3 adet hss metal 3 adet ah\u015fap delme ucu<\/p>\n","protected":false},"excerpt":{"rendered":"<p>Profesyonel Matkap Seti 24w \u00e7ift bataryal\u0131 metal \u015fanz\u0131man darbeli 27 par\u00e7al\u0131 s\u00fcper setli Otomatik mil kilidi i\u015flevi Dahili y\u00fcksek hassasiyetli rulman ile metal vites kutusu Ileri Geri, de\u011fi\u015fken h\u0131z ve elektrikli fren Led \u00e7al\u0131\u015fma \u0131\u015f\u0131\u011f\u0131 ve ak\u0131ll\u0131 batarya g\u00f6stergesi H\u0131zl\u0131 \u015farj adapt\u00f6r\u00fc ile 30 dakikada i\u00e7inde tam dolum Daha az yorgunluk ve daha fazla konfor&#8230;<\/p>\n","protected":false},"featured_media":122681,"comment_status":"open","ping_status":"closed","template":"","meta":{"_kad_post_transparent":"","_kad_post_title":"","_kad_post_layout":"","_kad_post_sidebar_id":"","_kad_post_content_style":"","_kad_post_vertical_padding":"","_kad_post_feature":"","_kad_post_feature_position":"","_kad_post_header":false,"_kad_post_footer":false,"_kad_post_classname":""},"product_brand":[],"product_cat":[15150],"product_tag":[],"class_list":{"0":"post-122682","1":"product","2":"type-product","3":"status-publish","4":"has-post-thumbnail","6":"product_cat-matkap-matkap","8":"first","9":"instock","10":"purchasable","11":"product-type-simple","12":"entry","13":"content-bg","14":"loop-entry"},"_links":{"self":[{"href":"https:\/\/www.hediyepazar.com\/index.php?rest_route=\/wp\/v2\/product\/122682","targetHints":{"allow":["GET"]}}],"collection":[{"href":"https:\/\/www.hediyepazar.com\/index.php?rest_route=\/wp\/v2\/product"}],"about":[{"href":"https:\/\/www.hediyepazar.com\/index.php?rest_route=\/wp\/v2\/types\/product"}],"replies":[{"embeddable":true,"href":"https:\/\/www.hediyepazar.com\/index.php?rest_route=%2Fwp%2Fv2%2Fcomments&post=122682"}],"wp:featuredmedia":[{"embeddable":true,"href":"https:\/\/www.hediyepazar.com\/index.php?rest_route=\/wp\/v2\/media\/122681"}],"wp:attachment":[{"href":"https:\/\/www.hediyepazar.com\/index.php?rest_route=%2Fwp%2Fv2%2Fmedia&parent=122682"}],"wp:term":[{"taxonomy":"product_brand","embeddable":true,"href":"https:\/\/www.hediyepazar.com\/index.php?rest_route=%2Fwp%2Fv2%2Fproduct_brand&post=122682"},{"taxonomy":"product_cat","embeddable":true,"href":"https:\/\/www.hediyepazar.com\/index.php?rest_route=%2Fwp%2Fv2%2Fproduct_cat&post=122682"},{"taxonomy":"product_tag","embeddable":true,"href":"https:\/\/www.hediyepazar.com\/index.php?rest_route=%2Fwp%2Fv2%2Fproduct_tag&post=122682"}],"curies":[{"name":"wp","href":"https:\/\/api.w.org\/{rel}","templated":true}]}}