{"id":122773,"date":"2026-05-06T10:42:05","date_gmt":"2026-05-06T13:42:05","guid":{"rendered":"https:\/\/www.hediyepazar.com\/?product=isitma-sogutma-ozellikli-arac-bardakligi-cakmak-girisli-akilli"},"modified":"2026-05-06T10:42:05","modified_gmt":"2026-05-06T13:42:05","slug":"isitma-sogutma-ozellikli-arac-bardakligi-cakmak-girisli-akilli","status":"publish","type":"product","link":"https:\/\/www.hediyepazar.com\/?product=isitma-sogutma-ozellikli-arac-bardakligi-cakmak-girisli-akilli","title":{"rendered":"Is\u0131tma So\u011futma \u00d6zellikli Ara\u00e7 Bardakl\u0131\u011f\u0131 \u00c7akmak Giri\u015fli Ak\u0131ll\u0131"},"content":{"rendered":"<p>Ak\u0131ll\u0131 ara\u00e7 i\u00e7i bardakl\u0131k, yolculuk s\u0131ras\u0131nda i\u00e7ece\u011finizin s\u0131cakl\u0131k kontrol\u00fcn\u00fc tamamen size b\u0131rak\u0131r. \u00dcr\u00fcn, \u0131s\u0131tma ve so\u011futma i\u015flemlerini aktif olarak ger\u00e7ekle\u015ftirir. S\u0131cak i\u00e7ecekleriniz i\u00e7in 60\u00b0C\u2019ye kadar \u0131s\u0131tma, so\u011fuk i\u00e7ecekleriniz i\u00e7in ise -4\u00b0C\u2019ye kadar d\u00fc\u015f\u00fcrme kapasitesine sahiptir. Termal tutucular\u0131n aksine, i\u00e7ece\u011fi uzun s\u00fcre beklemeden istenen dereceye getirir. Ortalama 2\u20133 dakika i\u00e7inde etkili sonu\u00e7 alman\u0131z\u0131 sa\u011flar. Modern dijital ekran\u0131 derece ayar\u0131 yapman\u0131za olanak tan\u0131r. Arac\u0131n \u00e7akmak giri\u015finden \u00e7al\u0131\u015f\u0131r ve d\u00fc\u015f\u00fck enerji t\u00fcketimi ile verimli kullan\u0131m sunar. T\u00fcm i\u00e7ecek kutular\u0131, karton bardaklar, termoslar ve \u015fi\u015felerle uyumludur. Yolculuk s\u0131ras\u0131nda s\u0131cak kahve, \u00e7ay veya buz gibi so\u011fuk enerji i\u00e7ece\u011fi i\u00e7mek isteyenler i\u00e7in benzersiz bir hayat kolayla\u015ft\u0131r\u0131c\u0131d\u0131r. Hem konfor hem \u015f\u0131kl\u0131\u011f\u0131 bir arada sunan bu teknoloji \u00fcr\u00fcn\u00fc, arac\u0131n\u0131za modern bir dokunu\u015f katar.<\/p>\n","protected":false},"excerpt":{"rendered":"<p>Ak\u0131ll\u0131 ara\u00e7 i\u00e7i bardakl\u0131k, yolculuk s\u0131ras\u0131nda i\u00e7ece\u011finizin s\u0131cakl\u0131k kontrol\u00fcn\u00fc tamamen size b\u0131rak\u0131r. \u00dcr\u00fcn, \u0131s\u0131tma ve so\u011futma i\u015flemlerini aktif olarak ger\u00e7ekle\u015ftirir. S\u0131cak i\u00e7ecekleriniz i\u00e7in 60\u00b0C\u2019ye kadar \u0131s\u0131tma, so\u011fuk i\u00e7ecekleriniz i\u00e7in ise -4\u00b0C\u2019ye kadar d\u00fc\u015f\u00fcrme kapasitesine sahiptir. Termal tutucular\u0131n aksine, i\u00e7ece\u011fi uzun s\u00fcre beklemeden istenen dereceye getirir. Ortalama 2\u20133 dakika i\u00e7inde etkili sonu\u00e7 alman\u0131z\u0131 sa\u011flar. Modern dijital&#8230;<\/p>\n","protected":false},"featured_media":122772,"comment_status":"open","ping_status":"closed","template":"","meta":{"_kad_post_transparent":"","_kad_post_title":"","_kad_post_layout":"","_kad_post_sidebar_id":"","_kad_post_content_style":"","_kad_post_vertical_padding":"","_kad_post_feature":"","_kad_post_feature_position":"","_kad_post_header":false,"_kad_post_footer":false,"_kad_post_classname":""},"product_brand":[],"product_cat":[14909],"product_tag":[],"class_list":{"0":"post-122773","1":"product","2":"type-product","3":"status-publish","4":"has-post-thumbnail","6":"product_cat-termos-termos","8":"first","9":"instock","10":"purchasable","11":"product-type-simple","12":"entry","13":"content-bg","14":"loop-entry"},"_links":{"self":[{"href":"https:\/\/www.hediyepazar.com\/index.php?rest_route=\/wp\/v2\/product\/122773","targetHints":{"allow":["GET"]}}],"collection":[{"href":"https:\/\/www.hediyepazar.com\/index.php?rest_route=\/wp\/v2\/product"}],"about":[{"href":"https:\/\/www.hediyepazar.com\/index.php?rest_route=\/wp\/v2\/types\/product"}],"replies":[{"embeddable":true,"href":"https:\/\/www.hediyepazar.com\/index.php?rest_route=%2Fwp%2Fv2%2Fcomments&post=122773"}],"wp:featuredmedia":[{"embeddable":true,"href":"https:\/\/www.hediyepazar.com\/index.php?rest_route=\/wp\/v2\/media\/122772"}],"wp:attachment":[{"href":"https:\/\/www.hediyepazar.com\/index.php?rest_route=%2Fwp%2Fv2%2Fmedia&parent=122773"}],"wp:term":[{"taxonomy":"product_brand","embeddable":true,"href":"https:\/\/www.hediyepazar.com\/index.php?rest_route=%2Fwp%2Fv2%2Fproduct_brand&post=122773"},{"taxonomy":"product_cat","embeddable":true,"href":"https:\/\/www.hediyepazar.com\/index.php?rest_route=%2Fwp%2Fv2%2Fproduct_cat&post=122773"},{"taxonomy":"product_tag","embeddable":true,"href":"https:\/\/www.hediyepazar.com\/index.php?rest_route=%2Fwp%2Fv2%2Fproduct_tag&post=122773"}],"curies":[{"name":"wp","href":"https:\/\/api.w.org\/{rel}","templated":true}]}}