{"id":122835,"date":"2026-05-06T10:53:09","date_gmt":"2026-05-06T13:53:09","guid":{"rendered":"https:\/\/www.hediyepazar.com\/?product=akilli-bilek-tansiyon-aleti-hem-sarjli-hem-pilli-kolay-olcum"},"modified":"2026-05-06T10:53:09","modified_gmt":"2026-05-06T13:53:09","slug":"akilli-bilek-tansiyon-aleti-hem-sarjli-hem-pilli-kolay-olcum","status":"publish","type":"product","link":"https:\/\/www.hediyepazar.com\/?product=akilli-bilek-tansiyon-aleti-hem-sarjli-hem-pilli-kolay-olcum","title":{"rendered":"Ak\u0131ll\u0131 Bilek Tansiyon Aleti Hem \u015earjl\u0131 Hem Pilli Kolay \u00d6l\u00e7\u00fcm"},"content":{"rendered":"<p>Hem pilli hem \u015farjl\u0131 kullan\u0131m sunan bu dijital bilek tansiyon aleti, pratik ve g\u00fcvenilir \u00f6l\u00e7\u00fcm yapabilmeniz i\u00e7in son teknoloji ile donat\u0131lm\u0131\u015ft\u0131r. Bile\u011fe kolayca yerle\u015ftirilen cihaz tek tu\u015fla \u00f6l\u00e7\u00fcm\u00fc ba\u015flat\u0131r ve saniyeler i\u00e7inde tansiyon sonu\u00e7lar\u0131n\u0131 ekranda g\u00f6sterir. B\u00fcy\u00fck dijital ekran, \u00f6zellikle ya\u015fl\u0131 kullan\u0131c\u0131lar i\u00e7in b\u00fcy\u00fck bir avantaj sa\u011flar. Haf\u0131za \u00f6zelli\u011fi, \u00f6l\u00e7\u00fcmlerinizi kaydederek tansiyon de\u011fi\u015fimlerinizi d\u00fczenli olarak takip etmenize yard\u0131mc\u0131 olur. Bu sayede sa\u011fl\u0131k kontrol\u00fcn\u00fcz daha d\u00fczenli h\u00e2le gelir. Pilli kullan\u0131m, d\u0131\u015f mek\u00e2nda \u00f6zg\u00fcrl\u00fck sa\u011flarken, \u015farjl\u0131 kullan\u0131m ekonomik ve uzun \u00f6m\u00fcrl\u00fcd\u00fcr. Hafif ve ergonomik yap\u0131s\u0131 ile her ortamda rahatl\u0131kla kullan\u0131labilir. Kompakt tasar\u0131m\u0131 sayesinde \u00e7antan\u0131zda kolayca ta\u015f\u0131yabilirsiniz. Hem g\u00fcnl\u00fck kullan\u0131mda hem de acil durumlarda tansiyon takibini h\u0131zla yapman\u0131z\u0131 sa\u011flar.<\/p>\n","protected":false},"excerpt":{"rendered":"<p>Hem pilli hem \u015farjl\u0131 kullan\u0131m sunan bu dijital bilek tansiyon aleti, pratik ve g\u00fcvenilir \u00f6l\u00e7\u00fcm yapabilmeniz i\u00e7in son teknoloji ile donat\u0131lm\u0131\u015ft\u0131r. Bile\u011fe kolayca yerle\u015ftirilen cihaz tek tu\u015fla \u00f6l\u00e7\u00fcm\u00fc ba\u015flat\u0131r ve saniyeler i\u00e7inde tansiyon sonu\u00e7lar\u0131n\u0131 ekranda g\u00f6sterir. B\u00fcy\u00fck dijital ekran, \u00f6zellikle ya\u015fl\u0131 kullan\u0131c\u0131lar i\u00e7in b\u00fcy\u00fck bir avantaj sa\u011flar. Haf\u0131za \u00f6zelli\u011fi, \u00f6l\u00e7\u00fcmlerinizi kaydederek tansiyon de\u011fi\u015fimlerinizi d\u00fczenli olarak&#8230;<\/p>\n","protected":false},"featured_media":122834,"comment_status":"open","ping_status":"closed","template":"","meta":{"_kad_post_transparent":"","_kad_post_title":"","_kad_post_layout":"","_kad_post_sidebar_id":"","_kad_post_content_style":"","_kad_post_vertical_padding":"","_kad_post_feature":"","_kad_post_feature_position":"","_kad_post_header":false,"_kad_post_footer":false,"_kad_post_classname":""},"product_brand":[],"product_cat":[15084],"product_tag":[],"class_list":{"0":"post-122835","1":"product","2":"type-product","3":"status-publish","4":"has-post-thumbnail","6":"product_cat-tansiyon-aleti-tansiyon-aleti","8":"first","9":"instock","10":"purchasable","11":"product-type-simple","12":"entry","13":"content-bg","14":"loop-entry"},"_links":{"self":[{"href":"https:\/\/www.hediyepazar.com\/index.php?rest_route=\/wp\/v2\/product\/122835","targetHints":{"allow":["GET"]}}],"collection":[{"href":"https:\/\/www.hediyepazar.com\/index.php?rest_route=\/wp\/v2\/product"}],"about":[{"href":"https:\/\/www.hediyepazar.com\/index.php?rest_route=\/wp\/v2\/types\/product"}],"replies":[{"embeddable":true,"href":"https:\/\/www.hediyepazar.com\/index.php?rest_route=%2Fwp%2Fv2%2Fcomments&post=122835"}],"wp:featuredmedia":[{"embeddable":true,"href":"https:\/\/www.hediyepazar.com\/index.php?rest_route=\/wp\/v2\/media\/122834"}],"wp:attachment":[{"href":"https:\/\/www.hediyepazar.com\/index.php?rest_route=%2Fwp%2Fv2%2Fmedia&parent=122835"}],"wp:term":[{"taxonomy":"product_brand","embeddable":true,"href":"https:\/\/www.hediyepazar.com\/index.php?rest_route=%2Fwp%2Fv2%2Fproduct_brand&post=122835"},{"taxonomy":"product_cat","embeddable":true,"href":"https:\/\/www.hediyepazar.com\/index.php?rest_route=%2Fwp%2Fv2%2Fproduct_cat&post=122835"},{"taxonomy":"product_tag","embeddable":true,"href":"https:\/\/www.hediyepazar.com\/index.php?rest_route=%2Fwp%2Fv2%2Fproduct_tag&post=122835"}],"curies":[{"name":"wp","href":"https:\/\/api.w.org\/{rel}","templated":true}]}}