{"id":122857,"date":"2026-05-06T10:56:30","date_gmt":"2026-05-06T13:56:30","guid":{"rendered":"https:\/\/www.hediyepazar.com\/?product=akilli-saat-bluetooth-gorusme-destekli-spor-saglik-ve-bildirim-ozellikli"},"modified":"2026-05-06T10:56:30","modified_gmt":"2026-05-06T13:56:30","slug":"akilli-saat-bluetooth-gorusme-destekli-spor-saglik-ve-bildirim-ozellikli","status":"publish","type":"product","link":"https:\/\/www.hediyepazar.com\/?product=akilli-saat-bluetooth-gorusme-destekli-spor-saglik-ve-bildirim-ozellikli","title":{"rendered":"Ak\u0131ll\u0131 Saat Bluetooth G\u00f6r\u00fc\u015fme Destekli \u2013 Spor Sa\u011fl\u0131k ve Bildirim \u00d6zellikli"},"content":{"rendered":"<p>Bu ak\u0131ll\u0131 saat, modern metal g\u00f6vdesi ve g\u00fc\u00e7l\u00fc teknolojik altyap\u0131s\u0131 ile hem i\u015f hem spor hayat\u0131nda m\u00fckemmel bir yard\u0131mc\u0131d\u0131r.AMOLED ekran ile gelen net g\u00f6r\u00fcnt\u00fc, h\u0131zl\u0131 men\u00fc ge\u00e7i\u015fi ve ki\u015fiselle\u015ftirilebilir saat y\u00fczleri kullan\u0131m keyfini art\u0131r\u0131r.Bluetooth arama, mesaj ve bildirim takibi, g\u00fcnl\u00fck g\u00f6revlerinizi h\u0131zland\u0131r\u0131r.T\u00fcm sa\u011fl\u0131k sens\u00f6rleri (nab\u0131z, SpO2, uyku, kad\u0131n sa\u011fl\u0131\u011f\u0131, s\u0131cakl\u0131k \u00f6l\u00e7\u00fcm\u00fc) geli\u015fmi\u015f altyap\u0131 ile do\u011fru ve h\u0131zl\u0131 \u00f6l\u00e7\u00fcm sa\u011flar.<\/p>\n","protected":false},"excerpt":{"rendered":"<p>Bu ak\u0131ll\u0131 saat, modern metal g\u00f6vdesi ve g\u00fc\u00e7l\u00fc teknolojik altyap\u0131s\u0131 ile hem i\u015f hem spor hayat\u0131nda m\u00fckemmel bir yard\u0131mc\u0131d\u0131r.AMOLED ekran ile gelen net g\u00f6r\u00fcnt\u00fc, h\u0131zl\u0131 men\u00fc ge\u00e7i\u015fi ve ki\u015fiselle\u015ftirilebilir saat y\u00fczleri kullan\u0131m keyfini art\u0131r\u0131r.Bluetooth arama, mesaj ve bildirim takibi, g\u00fcnl\u00fck g\u00f6revlerinizi h\u0131zland\u0131r\u0131r.T\u00fcm sa\u011fl\u0131k sens\u00f6rleri (nab\u0131z, SpO2, uyku, kad\u0131n sa\u011fl\u0131\u011f\u0131, s\u0131cakl\u0131k \u00f6l\u00e7\u00fcm\u00fc) geli\u015fmi\u015f altyap\u0131 ile do\u011fru&#8230;<\/p>\n","protected":false},"featured_media":122856,"comment_status":"open","ping_status":"closed","template":"","meta":{"_kad_post_transparent":"","_kad_post_title":"","_kad_post_layout":"","_kad_post_sidebar_id":"","_kad_post_content_style":"","_kad_post_vertical_padding":"","_kad_post_feature":"","_kad_post_feature_position":"","_kad_post_header":false,"_kad_post_footer":false,"_kad_post_classname":""},"product_brand":[],"product_cat":[14935],"product_tag":[],"class_list":{"0":"post-122857","1":"product","2":"type-product","3":"status-publish","4":"has-post-thumbnail","6":"product_cat-akilli-saatler-akilli-saatler","8":"first","9":"instock","10":"purchasable","11":"product-type-simple","12":"entry","13":"content-bg","14":"loop-entry"},"_links":{"self":[{"href":"https:\/\/www.hediyepazar.com\/index.php?rest_route=\/wp\/v2\/product\/122857","targetHints":{"allow":["GET"]}}],"collection":[{"href":"https:\/\/www.hediyepazar.com\/index.php?rest_route=\/wp\/v2\/product"}],"about":[{"href":"https:\/\/www.hediyepazar.com\/index.php?rest_route=\/wp\/v2\/types\/product"}],"replies":[{"embeddable":true,"href":"https:\/\/www.hediyepazar.com\/index.php?rest_route=%2Fwp%2Fv2%2Fcomments&post=122857"}],"wp:featuredmedia":[{"embeddable":true,"href":"https:\/\/www.hediyepazar.com\/index.php?rest_route=\/wp\/v2\/media\/122856"}],"wp:attachment":[{"href":"https:\/\/www.hediyepazar.com\/index.php?rest_route=%2Fwp%2Fv2%2Fmedia&parent=122857"}],"wp:term":[{"taxonomy":"product_brand","embeddable":true,"href":"https:\/\/www.hediyepazar.com\/index.php?rest_route=%2Fwp%2Fv2%2Fproduct_brand&post=122857"},{"taxonomy":"product_cat","embeddable":true,"href":"https:\/\/www.hediyepazar.com\/index.php?rest_route=%2Fwp%2Fv2%2Fproduct_cat&post=122857"},{"taxonomy":"product_tag","embeddable":true,"href":"https:\/\/www.hediyepazar.com\/index.php?rest_route=%2Fwp%2Fv2%2Fproduct_tag&post=122857"}],"curies":[{"name":"wp","href":"https:\/\/api.w.org\/{rel}","templated":true}]}}