{"id":122877,"date":"2026-05-06T11:00:19","date_gmt":"2026-05-06T14:00:19","guid":{"rendered":"https:\/\/www.hediyepazar.com\/?product=12-cm-kirmizi-ejderha-figuru-koleksiyonluk-dekoratif-biblo"},"modified":"2026-05-06T11:00:19","modified_gmt":"2026-05-06T14:00:19","slug":"12-cm-kirmizi-ejderha-figuru-koleksiyonluk-dekoratif-biblo","status":"publish","type":"product","link":"https:\/\/www.hediyepazar.com\/?product=12-cm-kirmizi-ejderha-figuru-koleksiyonluk-dekoratif-biblo","title":{"rendered":"12 cm K\u0131rm\u0131z\u0131 Ejderha Fig\u00fcr\u00fc Koleksiyonluk Dekoratif Biblo"},"content":{"rendered":"<p>Bu k\u0131rm\u0131z\u0131 ejderha fig\u00fcr\u00fc, koleksiyon severlerin ilgisini \u00e7ekecek detayl\u0131 bir tasar\u0131ma sahiptir. Kanatlar\u0131n\u0131n yap\u0131s\u0131, g\u00f6vdesindeki kabart\u0131lar ve oturu\u015f pozisyonu fig\u00fcre g\u00fc\u00e7l\u00fc bir duru\u015f kazand\u0131r\u0131r. Fantastik fig\u00fcr koleksiyonlar\u0131n\u0131n vazge\u00e7ilmez par\u00e7alar\u0131ndan biri olmaya adayd\u0131r. Kompakt boyutu sayesinde her ortamda kolayl\u0131kla sergilenebilir. Dayan\u0131kl\u0131 yap\u0131s\u0131yla uzun y\u0131llar boyunca formunu korur. Ev, ofis, \u00e7al\u0131\u015fma masas\u0131 veya vitrin gibi alanlara g\u00fc\u00e7l\u00fc bir karakter kazand\u0131rmak isteyenler i\u00e7in ideal bir se\u00e7imdir.<\/p>\n","protected":false},"excerpt":{"rendered":"<p>Bu k\u0131rm\u0131z\u0131 ejderha fig\u00fcr\u00fc, koleksiyon severlerin ilgisini \u00e7ekecek detayl\u0131 bir tasar\u0131ma sahiptir. Kanatlar\u0131n\u0131n yap\u0131s\u0131, g\u00f6vdesindeki kabart\u0131lar ve oturu\u015f pozisyonu fig\u00fcre g\u00fc\u00e7l\u00fc bir duru\u015f kazand\u0131r\u0131r. Fantastik fig\u00fcr koleksiyonlar\u0131n\u0131n vazge\u00e7ilmez par\u00e7alar\u0131ndan biri olmaya adayd\u0131r. Kompakt boyutu sayesinde her ortamda kolayl\u0131kla sergilenebilir. Dayan\u0131kl\u0131 yap\u0131s\u0131yla uzun y\u0131llar boyunca formunu korur. Ev, ofis, \u00e7al\u0131\u015fma masas\u0131 veya vitrin gibi alanlara g\u00fc\u00e7l\u00fc&#8230;<\/p>\n","protected":false},"featured_media":122876,"comment_status":"open","ping_status":"closed","template":"","meta":{"_kad_post_transparent":"","_kad_post_title":"","_kad_post_layout":"","_kad_post_sidebar_id":"","_kad_post_content_style":"","_kad_post_vertical_padding":"","_kad_post_feature":"","_kad_post_feature_position":"","_kad_post_header":false,"_kad_post_footer":false,"_kad_post_classname":""},"product_brand":[],"product_cat":[14940],"product_tag":[],"class_list":{"0":"post-122877","1":"product","2":"type-product","3":"status-publish","4":"has-post-thumbnail","6":"product_cat-dekoratif-obje-biblo-dekoratif-obje-biblo","8":"first","9":"instock","10":"purchasable","11":"product-type-simple","12":"entry","13":"content-bg","14":"loop-entry"},"_links":{"self":[{"href":"https:\/\/www.hediyepazar.com\/index.php?rest_route=\/wp\/v2\/product\/122877","targetHints":{"allow":["GET"]}}],"collection":[{"href":"https:\/\/www.hediyepazar.com\/index.php?rest_route=\/wp\/v2\/product"}],"about":[{"href":"https:\/\/www.hediyepazar.com\/index.php?rest_route=\/wp\/v2\/types\/product"}],"replies":[{"embeddable":true,"href":"https:\/\/www.hediyepazar.com\/index.php?rest_route=%2Fwp%2Fv2%2Fcomments&post=122877"}],"wp:featuredmedia":[{"embeddable":true,"href":"https:\/\/www.hediyepazar.com\/index.php?rest_route=\/wp\/v2\/media\/122876"}],"wp:attachment":[{"href":"https:\/\/www.hediyepazar.com\/index.php?rest_route=%2Fwp%2Fv2%2Fmedia&parent=122877"}],"wp:term":[{"taxonomy":"product_brand","embeddable":true,"href":"https:\/\/www.hediyepazar.com\/index.php?rest_route=%2Fwp%2Fv2%2Fproduct_brand&post=122877"},{"taxonomy":"product_cat","embeddable":true,"href":"https:\/\/www.hediyepazar.com\/index.php?rest_route=%2Fwp%2Fv2%2Fproduct_cat&post=122877"},{"taxonomy":"product_tag","embeddable":true,"href":"https:\/\/www.hediyepazar.com\/index.php?rest_route=%2Fwp%2Fv2%2Fproduct_tag&post=122877"}],"curies":[{"name":"wp","href":"https:\/\/api.w.org\/{rel}","templated":true}]}}