{"id":122893,"date":"2026-05-06T11:06:36","date_gmt":"2026-05-06T14:06:36","guid":{"rendered":"https:\/\/www.hediyepazar.com\/?product=dogal-ahsap-standli-geyik-figurlu-kristal-kure-led-dekoratif-lamba"},"modified":"2026-05-06T11:06:36","modified_gmt":"2026-05-06T14:06:36","slug":"dogal-ahsap-standli-geyik-figurlu-kristal-kure-led-dekoratif-lamba","status":"publish","type":"product","link":"https:\/\/www.hediyepazar.com\/?product=dogal-ahsap-standli-geyik-figurlu-kristal-kure-led-dekoratif-lamba","title":{"rendered":"Do\u011fal Ah\u015fap Standl\u0131 Geyik Fig\u00fcrl\u00fc Kristal K\u00fcre LED Dekoratif Lamba"},"content":{"rendered":"<p>Geyik, do\u011fada estetik, g\u00fc\u00e7 ve zarafetle \u00f6zde\u015fle\u015fen bir fig\u00fcrd\u00fcr. Bu nedenle geyikli kristal k\u00fcre gece lambas\u0131; sevdiklerinize verebilece\u011finiz anlaml\u0131, \u015f\u0131k ve \u00f6zg\u00fcn bir hediye alternatifidir. \u00d6zel g\u00fcnlerde, y\u0131lba\u015f\u0131 d\u00f6nemlerinde, do\u011fa severlere ve dekorasyon merakl\u0131lar\u0131na ideal bir se\u00e7imdir. Hem koleksiyonluk hem dekoratif hem de i\u015flevsel bir tasar\u0131m olarak dikkat \u00e7eker.<\/p>\n","protected":false},"excerpt":{"rendered":"<p>Geyik, do\u011fada estetik, g\u00fc\u00e7 ve zarafetle \u00f6zde\u015fle\u015fen bir fig\u00fcrd\u00fcr. Bu nedenle geyikli kristal k\u00fcre gece lambas\u0131; sevdiklerinize verebilece\u011finiz anlaml\u0131, \u015f\u0131k ve \u00f6zg\u00fcn bir hediye alternatifidir. \u00d6zel g\u00fcnlerde, y\u0131lba\u015f\u0131 d\u00f6nemlerinde, do\u011fa severlere ve dekorasyon merakl\u0131lar\u0131na ideal bir se\u00e7imdir. Hem koleksiyonluk hem dekoratif hem de i\u015flevsel bir tasar\u0131m olarak dikkat \u00e7eker.<\/p>\n","protected":false},"featured_media":122892,"comment_status":"open","ping_status":"closed","template":"","meta":{"_kad_post_transparent":"","_kad_post_title":"","_kad_post_layout":"","_kad_post_sidebar_id":"","_kad_post_content_style":"","_kad_post_vertical_padding":"","_kad_post_feature":"","_kad_post_feature_position":"","_kad_post_header":false,"_kad_post_footer":false,"_kad_post_classname":""},"product_brand":[],"product_cat":[14940],"product_tag":[],"class_list":{"0":"post-122893","1":"product","2":"type-product","3":"status-publish","4":"has-post-thumbnail","6":"product_cat-dekoratif-obje-biblo-dekoratif-obje-biblo","8":"first","9":"instock","10":"purchasable","11":"product-type-simple","12":"entry","13":"content-bg","14":"loop-entry"},"_links":{"self":[{"href":"https:\/\/www.hediyepazar.com\/index.php?rest_route=\/wp\/v2\/product\/122893","targetHints":{"allow":["GET"]}}],"collection":[{"href":"https:\/\/www.hediyepazar.com\/index.php?rest_route=\/wp\/v2\/product"}],"about":[{"href":"https:\/\/www.hediyepazar.com\/index.php?rest_route=\/wp\/v2\/types\/product"}],"replies":[{"embeddable":true,"href":"https:\/\/www.hediyepazar.com\/index.php?rest_route=%2Fwp%2Fv2%2Fcomments&post=122893"}],"wp:featuredmedia":[{"embeddable":true,"href":"https:\/\/www.hediyepazar.com\/index.php?rest_route=\/wp\/v2\/media\/122892"}],"wp:attachment":[{"href":"https:\/\/www.hediyepazar.com\/index.php?rest_route=%2Fwp%2Fv2%2Fmedia&parent=122893"}],"wp:term":[{"taxonomy":"product_brand","embeddable":true,"href":"https:\/\/www.hediyepazar.com\/index.php?rest_route=%2Fwp%2Fv2%2Fproduct_brand&post=122893"},{"taxonomy":"product_cat","embeddable":true,"href":"https:\/\/www.hediyepazar.com\/index.php?rest_route=%2Fwp%2Fv2%2Fproduct_cat&post=122893"},{"taxonomy":"product_tag","embeddable":true,"href":"https:\/\/www.hediyepazar.com\/index.php?rest_route=%2Fwp%2Fv2%2Fproduct_tag&post=122893"}],"curies":[{"name":"wp","href":"https:\/\/api.w.org\/{rel}","templated":true}]}}