{"id":122921,"date":"2026-05-06T11:12:16","date_gmt":"2026-05-06T14:12:16","guid":{"rendered":"https:\/\/www.hediyepazar.com\/?product=usb-baglantili-isikli-kristal-kure-modern-ahsap-tabanli-dekor"},"modified":"2026-05-06T11:12:16","modified_gmt":"2026-05-06T14:12:16","slug":"usb-baglantili-isikli-kristal-kure-modern-ahsap-tabanli-dekor","status":"publish","type":"product","link":"https:\/\/www.hediyepazar.com\/?product=usb-baglantili-isikli-kristal-kure-modern-ahsap-tabanli-dekor","title":{"rendered":"USB Ba\u011flant\u0131l\u0131 I\u015f\u0131kl\u0131 Kristal K\u00fcre Modern Ah\u015fap Tabanl\u0131 Dekor"},"content":{"rendered":"<p>Kristal k\u00fcre dekoratif \u0131\u015f\u0131k, modern ya\u015fam alanlar\u0131nda \u015f\u0131kl\u0131\u011f\u0131 ve zarafeti bir araya getiren \u00f6zel bir tasar\u0131md\u0131r. Kal\u0131n kristal malzemesi ve net lazer deseni sayesinde detaylar \u0131\u015f\u0131k vurdu\u011funda belirginle\u015fir. Ah\u015fap stand \u00fcr\u00fcne do\u011fal bir tamamlay\u0131c\u0131l\u0131k sa\u011flar. Her k\u00f6\u015feye uyum sa\u011flayan kompakt boyutuyla yatak odas\u0131, oturma odas\u0131 ve \u00e7al\u0131\u015fma masas\u0131 gibi alanlarda rahatl\u0131kla kullan\u0131labilir. Hem estetik hem i\u015flevsel olmas\u0131 nedeniyle harika bir hediye se\u00e7ene\u011fidir.<\/p>\n","protected":false},"excerpt":{"rendered":"<p>Kristal k\u00fcre dekoratif \u0131\u015f\u0131k, modern ya\u015fam alanlar\u0131nda \u015f\u0131kl\u0131\u011f\u0131 ve zarafeti bir araya getiren \u00f6zel bir tasar\u0131md\u0131r. Kal\u0131n kristal malzemesi ve net lazer deseni sayesinde detaylar \u0131\u015f\u0131k vurdu\u011funda belirginle\u015fir. Ah\u015fap stand \u00fcr\u00fcne do\u011fal bir tamamlay\u0131c\u0131l\u0131k sa\u011flar. Her k\u00f6\u015feye uyum sa\u011flayan kompakt boyutuyla yatak odas\u0131, oturma odas\u0131 ve \u00e7al\u0131\u015fma masas\u0131 gibi alanlarda rahatl\u0131kla kullan\u0131labilir. Hem estetik hem&#8230;<\/p>\n","protected":false},"featured_media":122920,"comment_status":"open","ping_status":"closed","template":"","meta":{"_kad_post_transparent":"","_kad_post_title":"","_kad_post_layout":"","_kad_post_sidebar_id":"","_kad_post_content_style":"","_kad_post_vertical_padding":"","_kad_post_feature":"","_kad_post_feature_position":"","_kad_post_header":false,"_kad_post_footer":false,"_kad_post_classname":""},"product_brand":[],"product_cat":[14940],"product_tag":[],"class_list":{"0":"post-122921","1":"product","2":"type-product","3":"status-publish","4":"has-post-thumbnail","6":"product_cat-dekoratif-obje-biblo-dekoratif-obje-biblo","8":"first","9":"instock","10":"purchasable","11":"product-type-simple","12":"entry","13":"content-bg","14":"loop-entry"},"_links":{"self":[{"href":"https:\/\/www.hediyepazar.com\/index.php?rest_route=\/wp\/v2\/product\/122921","targetHints":{"allow":["GET"]}}],"collection":[{"href":"https:\/\/www.hediyepazar.com\/index.php?rest_route=\/wp\/v2\/product"}],"about":[{"href":"https:\/\/www.hediyepazar.com\/index.php?rest_route=\/wp\/v2\/types\/product"}],"replies":[{"embeddable":true,"href":"https:\/\/www.hediyepazar.com\/index.php?rest_route=%2Fwp%2Fv2%2Fcomments&post=122921"}],"wp:featuredmedia":[{"embeddable":true,"href":"https:\/\/www.hediyepazar.com\/index.php?rest_route=\/wp\/v2\/media\/122920"}],"wp:attachment":[{"href":"https:\/\/www.hediyepazar.com\/index.php?rest_route=%2Fwp%2Fv2%2Fmedia&parent=122921"}],"wp:term":[{"taxonomy":"product_brand","embeddable":true,"href":"https:\/\/www.hediyepazar.com\/index.php?rest_route=%2Fwp%2Fv2%2Fproduct_brand&post=122921"},{"taxonomy":"product_cat","embeddable":true,"href":"https:\/\/www.hediyepazar.com\/index.php?rest_route=%2Fwp%2Fv2%2Fproduct_cat&post=122921"},{"taxonomy":"product_tag","embeddable":true,"href":"https:\/\/www.hediyepazar.com\/index.php?rest_route=%2Fwp%2Fv2%2Fproduct_tag&post=122921"}],"curies":[{"name":"wp","href":"https:\/\/api.w.org\/{rel}","templated":true}]}}