{"id":122998,"date":"2026-05-06T11:29:13","date_gmt":"2026-05-06T14:29:13","guid":{"rendered":"https:\/\/www.hediyepazar.com\/?product=ahsap-tabanli-3d-saturn-kristal-kure-atmosfer-lambasi"},"modified":"2026-05-06T11:29:13","modified_gmt":"2026-05-06T14:29:13","slug":"ahsap-tabanli-3d-saturn-kristal-kure-atmosfer-lambasi","status":"publish","type":"product","link":"https:\/\/www.hediyepazar.com\/?product=ahsap-tabanli-3d-saturn-kristal-kure-atmosfer-lambasi","title":{"rendered":"Ah\u015fap Tabanl\u0131 3D Sat\u00fcrn Kristal K\u00fcre Atmosfer Lambas\u0131"},"content":{"rendered":"<p>Sat\u00fcrn\u2019\u00fcn halkalar\u0131, gezegenin y\u00fczey detaylar\u0131 ve derinlik hissi, ileri lazer oyma teknolojisi sayesinde kristale kusursuz \u015fekilde i\u015flenmi\u015ftir. Bu teknoloji sayesinde desen asla silinmez, zamanla solmaz ve \u0131\u015f\u0131kla birle\u015fti\u011finde b\u00fcy\u00fcleyici bir 3D efekt olu\u015fturur. Kristalin i\u00e7indeki detaylar g\u00f6z al\u0131c\u0131 netlikte g\u00f6r\u00fcn\u00fcr.<\/p>\n","protected":false},"excerpt":{"rendered":"<p>Sat\u00fcrn\u2019\u00fcn halkalar\u0131, gezegenin y\u00fczey detaylar\u0131 ve derinlik hissi, ileri lazer oyma teknolojisi sayesinde kristale kusursuz \u015fekilde i\u015flenmi\u015ftir. Bu teknoloji sayesinde desen asla silinmez, zamanla solmaz ve \u0131\u015f\u0131kla birle\u015fti\u011finde b\u00fcy\u00fcleyici bir 3D efekt olu\u015fturur. Kristalin i\u00e7indeki detaylar g\u00f6z al\u0131c\u0131 netlikte g\u00f6r\u00fcn\u00fcr.<\/p>\n","protected":false},"featured_media":122997,"comment_status":"open","ping_status":"closed","template":"","meta":{"_kad_post_transparent":"","_kad_post_title":"","_kad_post_layout":"","_kad_post_sidebar_id":"","_kad_post_content_style":"","_kad_post_vertical_padding":"","_kad_post_feature":"","_kad_post_feature_position":"","_kad_post_header":false,"_kad_post_footer":false,"_kad_post_classname":""},"product_brand":[],"product_cat":[14940],"product_tag":[],"class_list":{"0":"post-122998","1":"product","2":"type-product","3":"status-publish","4":"has-post-thumbnail","6":"product_cat-dekoratif-obje-biblo-dekoratif-obje-biblo","8":"first","9":"instock","10":"purchasable","11":"product-type-simple","12":"entry","13":"content-bg","14":"loop-entry"},"_links":{"self":[{"href":"https:\/\/www.hediyepazar.com\/index.php?rest_route=\/wp\/v2\/product\/122998","targetHints":{"allow":["GET"]}}],"collection":[{"href":"https:\/\/www.hediyepazar.com\/index.php?rest_route=\/wp\/v2\/product"}],"about":[{"href":"https:\/\/www.hediyepazar.com\/index.php?rest_route=\/wp\/v2\/types\/product"}],"replies":[{"embeddable":true,"href":"https:\/\/www.hediyepazar.com\/index.php?rest_route=%2Fwp%2Fv2%2Fcomments&post=122998"}],"wp:featuredmedia":[{"embeddable":true,"href":"https:\/\/www.hediyepazar.com\/index.php?rest_route=\/wp\/v2\/media\/122997"}],"wp:attachment":[{"href":"https:\/\/www.hediyepazar.com\/index.php?rest_route=%2Fwp%2Fv2%2Fmedia&parent=122998"}],"wp:term":[{"taxonomy":"product_brand","embeddable":true,"href":"https:\/\/www.hediyepazar.com\/index.php?rest_route=%2Fwp%2Fv2%2Fproduct_brand&post=122998"},{"taxonomy":"product_cat","embeddable":true,"href":"https:\/\/www.hediyepazar.com\/index.php?rest_route=%2Fwp%2Fv2%2Fproduct_cat&post=122998"},{"taxonomy":"product_tag","embeddable":true,"href":"https:\/\/www.hediyepazar.com\/index.php?rest_route=%2Fwp%2Fv2%2Fproduct_tag&post=122998"}],"curies":[{"name":"wp","href":"https:\/\/api.w.org\/{rel}","templated":true}]}}