{"id":123006,"date":"2026-05-06T11:30:16","date_gmt":"2026-05-06T14:30:16","guid":{"rendered":"https:\/\/www.hediyepazar.com\/?product=ahsap-standli-kalp-motifli-isikli-cam-kure-hediye-secenegi"},"modified":"2026-05-06T11:30:16","modified_gmt":"2026-05-06T14:30:16","slug":"ahsap-standli-kalp-motifli-isikli-cam-kure-hediye-secenegi","status":"publish","type":"product","link":"https:\/\/www.hediyepazar.com\/?product=ahsap-standli-kalp-motifli-isikli-cam-kure-hediye-secenegi","title":{"rendered":"Ah\u015fap Standl\u0131 Kalp Motifli I\u015f\u0131kl\u0131 Cam K\u00fcre Hediye Se\u00e7ene\u011fi"},"content":{"rendered":"<p>G\u00f6z yormayan LED \u0131\u015f\u0131\u011f\u0131 ile tasarlanan bu cam k\u00fcre, \u00f6zellikle ak\u015fam saatlerinde rahatlat\u0131c\u0131 bir ambiyans olu\u015fturur. S\u0131cak beyaz \u0131\u015f\u0131\u011f\u0131 i\u00e7indeki kalp desenini daha belirgin hale getirerek romantik bir atmosfer yarat\u0131r. Yatak odas\u0131nda gece lambas\u0131 olarak veya salon dekorunda \u015f\u0131k bir obje olarak tercih edilebilir. Hafif yap\u0131s\u0131, her y\u00fczeyde g\u00fcvenle durmas\u0131n\u0131 sa\u011flayan ah\u015fap stand\u0131 ve kullan\u0131m kolayl\u0131\u011f\u0131 ile evinizin her k\u00f6\u015fesine uyum sa\u011flar. USB ile \u00e7al\u0131\u015ft\u0131\u011f\u0131 i\u00e7in ta\u015f\u0131nabilir ve pratik bir ayd\u0131nlatma \u00e7\u00f6z\u00fcm\u00fcd\u00fcr.<\/p>\n","protected":false},"excerpt":{"rendered":"<p>G\u00f6z yormayan LED \u0131\u015f\u0131\u011f\u0131 ile tasarlanan bu cam k\u00fcre, \u00f6zellikle ak\u015fam saatlerinde rahatlat\u0131c\u0131 bir ambiyans olu\u015fturur. S\u0131cak beyaz \u0131\u015f\u0131\u011f\u0131 i\u00e7indeki kalp desenini daha belirgin hale getirerek romantik bir atmosfer yarat\u0131r. Yatak odas\u0131nda gece lambas\u0131 olarak veya salon dekorunda \u015f\u0131k bir obje olarak tercih edilebilir. Hafif yap\u0131s\u0131, her y\u00fczeyde g\u00fcvenle durmas\u0131n\u0131 sa\u011flayan ah\u015fap stand\u0131 ve kullan\u0131m&#8230;<\/p>\n","protected":false},"featured_media":123005,"comment_status":"open","ping_status":"closed","template":"","meta":{"_kad_post_transparent":"","_kad_post_title":"","_kad_post_layout":"","_kad_post_sidebar_id":"","_kad_post_content_style":"","_kad_post_vertical_padding":"","_kad_post_feature":"","_kad_post_feature_position":"","_kad_post_header":false,"_kad_post_footer":false,"_kad_post_classname":""},"product_brand":[],"product_cat":[14940],"product_tag":[],"class_list":{"0":"post-123006","1":"product","2":"type-product","3":"status-publish","4":"has-post-thumbnail","6":"product_cat-dekoratif-obje-biblo-dekoratif-obje-biblo","8":"first","9":"instock","10":"purchasable","11":"product-type-simple","12":"entry","13":"content-bg","14":"loop-entry"},"_links":{"self":[{"href":"https:\/\/www.hediyepazar.com\/index.php?rest_route=\/wp\/v2\/product\/123006","targetHints":{"allow":["GET"]}}],"collection":[{"href":"https:\/\/www.hediyepazar.com\/index.php?rest_route=\/wp\/v2\/product"}],"about":[{"href":"https:\/\/www.hediyepazar.com\/index.php?rest_route=\/wp\/v2\/types\/product"}],"replies":[{"embeddable":true,"href":"https:\/\/www.hediyepazar.com\/index.php?rest_route=%2Fwp%2Fv2%2Fcomments&post=123006"}],"wp:featuredmedia":[{"embeddable":true,"href":"https:\/\/www.hediyepazar.com\/index.php?rest_route=\/wp\/v2\/media\/123005"}],"wp:attachment":[{"href":"https:\/\/www.hediyepazar.com\/index.php?rest_route=%2Fwp%2Fv2%2Fmedia&parent=123006"}],"wp:term":[{"taxonomy":"product_brand","embeddable":true,"href":"https:\/\/www.hediyepazar.com\/index.php?rest_route=%2Fwp%2Fv2%2Fproduct_brand&post=123006"},{"taxonomy":"product_cat","embeddable":true,"href":"https:\/\/www.hediyepazar.com\/index.php?rest_route=%2Fwp%2Fv2%2Fproduct_cat&post=123006"},{"taxonomy":"product_tag","embeddable":true,"href":"https:\/\/www.hediyepazar.com\/index.php?rest_route=%2Fwp%2Fv2%2Fproduct_tag&post=123006"}],"curies":[{"name":"wp","href":"https:\/\/api.w.org\/{rel}","templated":true}]}}