{"id":123010,"date":"2026-05-06T11:32:00","date_gmt":"2026-05-06T14:32:00","guid":{"rendered":"https:\/\/www.hediyepazar.com\/?product=led-isikli-kalp-desenli-cam-kure-buyuk-boy-ahsap-tabanli"},"modified":"2026-05-06T11:32:00","modified_gmt":"2026-05-06T14:32:00","slug":"led-isikli-kalp-desenli-cam-kure-buyuk-boy-ahsap-tabanli","status":"publish","type":"product","link":"https:\/\/www.hediyepazar.com\/?product=led-isikli-kalp-desenli-cam-kure-buyuk-boy-ahsap-tabanli","title":{"rendered":"LED I\u015f\u0131kl\u0131 Kalp Desenli Cam K\u00fcre B\u00fcy\u00fck Boy Ah\u015fap Tabanl\u0131"},"content":{"rendered":"<p>Ah\u015fap stand \u00fczerine yerle\u015ftirilmi\u015f b\u00fcy\u00fck boy LED \u0131\u015f\u0131kl\u0131 cam k\u00fcre, romantik ve dekoratif bir atmosfer olu\u015fturmak isteyenler i\u00e7in ideal bir tasar\u0131md\u0131r. \u0130\u00e7indeki kalp fig\u00fcr\u00fc, LED \u0131\u015f\u0131k aktif edildi\u011finde g\u00fc\u00e7l\u00fc bir parlama ile ortaya \u00e7\u0131kar ve bulundu\u011fu ortama s\u0131cak, huzurlu bir ambiyans kazand\u0131r\u0131r. USB ile \u00e7al\u0131\u015fma \u00f6zelli\u011fi sayesinde bilgisayar, powerbank veya adapt\u00f6r ile kolayca kullan\u0131labilir. Hem estetik hem fonksiyonel yap\u0131s\u0131, onu ofis masas\u0131na, kitapl\u0131k raf\u0131na, ba\u015fucu komodininize veya hediye setlerinize m\u00fckemmel bir tamamlay\u0131c\u0131 yapar. Modern tasar\u0131m\u0131yla unisex bir hediye olarak \u00f6ne \u00e7\u0131kar.<\/p>\n","protected":false},"excerpt":{"rendered":"<p>Ah\u015fap stand \u00fczerine yerle\u015ftirilmi\u015f b\u00fcy\u00fck boy LED \u0131\u015f\u0131kl\u0131 cam k\u00fcre, romantik ve dekoratif bir atmosfer olu\u015fturmak isteyenler i\u00e7in ideal bir tasar\u0131md\u0131r. \u0130\u00e7indeki kalp fig\u00fcr\u00fc, LED \u0131\u015f\u0131k aktif edildi\u011finde g\u00fc\u00e7l\u00fc bir parlama ile ortaya \u00e7\u0131kar ve bulundu\u011fu ortama s\u0131cak, huzurlu bir ambiyans kazand\u0131r\u0131r. USB ile \u00e7al\u0131\u015fma \u00f6zelli\u011fi sayesinde bilgisayar, powerbank veya adapt\u00f6r ile kolayca kullan\u0131labilir. Hem&#8230;<\/p>\n","protected":false},"featured_media":123009,"comment_status":"open","ping_status":"closed","template":"","meta":{"_kad_post_transparent":"","_kad_post_title":"","_kad_post_layout":"","_kad_post_sidebar_id":"","_kad_post_content_style":"","_kad_post_vertical_padding":"","_kad_post_feature":"","_kad_post_feature_position":"","_kad_post_header":false,"_kad_post_footer":false,"_kad_post_classname":""},"product_brand":[],"product_cat":[14940],"product_tag":[],"class_list":{"0":"post-123010","1":"product","2":"type-product","3":"status-publish","4":"has-post-thumbnail","6":"product_cat-dekoratif-obje-biblo-dekoratif-obje-biblo","8":"first","9":"instock","10":"purchasable","11":"product-type-simple","12":"entry","13":"content-bg","14":"loop-entry"},"_links":{"self":[{"href":"https:\/\/www.hediyepazar.com\/index.php?rest_route=\/wp\/v2\/product\/123010","targetHints":{"allow":["GET"]}}],"collection":[{"href":"https:\/\/www.hediyepazar.com\/index.php?rest_route=\/wp\/v2\/product"}],"about":[{"href":"https:\/\/www.hediyepazar.com\/index.php?rest_route=\/wp\/v2\/types\/product"}],"replies":[{"embeddable":true,"href":"https:\/\/www.hediyepazar.com\/index.php?rest_route=%2Fwp%2Fv2%2Fcomments&post=123010"}],"wp:featuredmedia":[{"embeddable":true,"href":"https:\/\/www.hediyepazar.com\/index.php?rest_route=\/wp\/v2\/media\/123009"}],"wp:attachment":[{"href":"https:\/\/www.hediyepazar.com\/index.php?rest_route=%2Fwp%2Fv2%2Fmedia&parent=123010"}],"wp:term":[{"taxonomy":"product_brand","embeddable":true,"href":"https:\/\/www.hediyepazar.com\/index.php?rest_route=%2Fwp%2Fv2%2Fproduct_brand&post=123010"},{"taxonomy":"product_cat","embeddable":true,"href":"https:\/\/www.hediyepazar.com\/index.php?rest_route=%2Fwp%2Fv2%2Fproduct_cat&post=123010"},{"taxonomy":"product_tag","embeddable":true,"href":"https:\/\/www.hediyepazar.com\/index.php?rest_route=%2Fwp%2Fv2%2Fproduct_tag&post=123010"}],"curies":[{"name":"wp","href":"https:\/\/api.w.org\/{rel}","templated":true}]}}