{"id":123044,"date":"2026-05-06T11:40:05","date_gmt":"2026-05-06T14:40:05","guid":{"rendered":"https:\/\/www.hediyepazar.com\/?product=mor-cizgili-dekoratif-vazo-11-cm-modern-tasarim-aksesuar"},"modified":"2026-05-06T11:40:05","modified_gmt":"2026-05-06T14:40:05","slug":"mor-cizgili-dekoratif-vazo-11-cm-modern-tasarim-aksesuar","status":"publish","type":"product","link":"https:\/\/www.hediyepazar.com\/?product=mor-cizgili-dekoratif-vazo-11-cm-modern-tasarim-aksesuar","title":{"rendered":"Mor \u00c7izgili Dekoratif Vazo 11 cm Modern Tasar\u0131m Aksesuar"},"content":{"rendered":"<p>Mor \u00c7izgili Vazo 11 cm, modern \u00e7izgileri ve estetik formuyla dekoratif alanlara zarif bir dokunu\u015f katar. \u0130nce \u00e7izgilerle oyulmu\u015f y\u00fczeyi, \u0131\u015f\u0131kla bulu\u015ftu\u011funda dekorasyon i\u00e7inde dikkat \u00e7ekici bir yans\u0131ma olu\u015fturur. \u015e\u0131k ve minimal tasar\u0131m\u0131 sayesinde \u00e7al\u0131\u015fma masalar\u0131, raflar, TV \u00fcniteleri ve ofis k\u00f6\u015felerinde sofistike bir g\u00f6r\u00fcn\u00fcm sunar. Hafif ve dayan\u0131kl\u0131 malzemesi ile kolay ta\u015f\u0131nabilir, uzun s\u00fcre kullan\u0131m sa\u011flar. Tek ba\u015f\u0131na dekoratif obje olarak ya da k\u00fc\u00e7\u00fck yapay \u00e7i\u00e7eklerle birlikte kullan\u0131larak alan\u0131n\u0131za modern bir tarz kazand\u0131r\u0131r.<\/p>\n","protected":false},"excerpt":{"rendered":"<p>Mor \u00c7izgili Vazo 11 cm, modern \u00e7izgileri ve estetik formuyla dekoratif alanlara zarif bir dokunu\u015f katar. \u0130nce \u00e7izgilerle oyulmu\u015f y\u00fczeyi, \u0131\u015f\u0131kla bulu\u015ftu\u011funda dekorasyon i\u00e7inde dikkat \u00e7ekici bir yans\u0131ma olu\u015fturur. \u015e\u0131k ve minimal tasar\u0131m\u0131 sayesinde \u00e7al\u0131\u015fma masalar\u0131, raflar, TV \u00fcniteleri ve ofis k\u00f6\u015felerinde sofistike bir g\u00f6r\u00fcn\u00fcm sunar. Hafif ve dayan\u0131kl\u0131 malzemesi ile kolay ta\u015f\u0131nabilir, uzun s\u00fcre&#8230;<\/p>\n","protected":false},"featured_media":123043,"comment_status":"open","ping_status":"closed","template":"","meta":{"_kad_post_transparent":"","_kad_post_title":"","_kad_post_layout":"","_kad_post_sidebar_id":"","_kad_post_content_style":"","_kad_post_vertical_padding":"","_kad_post_feature":"","_kad_post_feature_position":"","_kad_post_header":false,"_kad_post_footer":false,"_kad_post_classname":""},"product_brand":[],"product_cat":[14940],"product_tag":[],"class_list":{"0":"post-123044","1":"product","2":"type-product","3":"status-publish","4":"has-post-thumbnail","6":"product_cat-dekoratif-obje-biblo-dekoratif-obje-biblo","8":"first","9":"instock","10":"purchasable","11":"product-type-simple","12":"entry","13":"content-bg","14":"loop-entry"},"_links":{"self":[{"href":"https:\/\/www.hediyepazar.com\/index.php?rest_route=\/wp\/v2\/product\/123044","targetHints":{"allow":["GET"]}}],"collection":[{"href":"https:\/\/www.hediyepazar.com\/index.php?rest_route=\/wp\/v2\/product"}],"about":[{"href":"https:\/\/www.hediyepazar.com\/index.php?rest_route=\/wp\/v2\/types\/product"}],"replies":[{"embeddable":true,"href":"https:\/\/www.hediyepazar.com\/index.php?rest_route=%2Fwp%2Fv2%2Fcomments&post=123044"}],"wp:featuredmedia":[{"embeddable":true,"href":"https:\/\/www.hediyepazar.com\/index.php?rest_route=\/wp\/v2\/media\/123043"}],"wp:attachment":[{"href":"https:\/\/www.hediyepazar.com\/index.php?rest_route=%2Fwp%2Fv2%2Fmedia&parent=123044"}],"wp:term":[{"taxonomy":"product_brand","embeddable":true,"href":"https:\/\/www.hediyepazar.com\/index.php?rest_route=%2Fwp%2Fv2%2Fproduct_brand&post=123044"},{"taxonomy":"product_cat","embeddable":true,"href":"https:\/\/www.hediyepazar.com\/index.php?rest_route=%2Fwp%2Fv2%2Fproduct_cat&post=123044"},{"taxonomy":"product_tag","embeddable":true,"href":"https:\/\/www.hediyepazar.com\/index.php?rest_route=%2Fwp%2Fv2%2Fproduct_tag&post=123044"}],"curies":[{"name":"wp","href":"https:\/\/api.w.org\/{rel}","templated":true}]}}