{"id":123166,"date":"2026-05-06T12:01:08","date_gmt":"2026-05-06T15:01:08","guid":{"rendered":"https:\/\/www.hediyepazar.com\/?product=modern-armut-gece-lambasi-kablosuz-sarjli-led-aydinlatma"},"modified":"2026-05-06T12:01:08","modified_gmt":"2026-05-06T15:01:08","slug":"modern-armut-gece-lambasi-kablosuz-sarjli-led-aydinlatma","status":"publish","type":"product","link":"https:\/\/www.hediyepazar.com\/?product=modern-armut-gece-lambasi-kablosuz-sarjli-led-aydinlatma","title":{"rendered":"Modern Armut Gece Lambas\u0131 Kablosuz \u015earjl\u0131 LED Ayd\u0131nlatma"},"content":{"rendered":"<p>Armut \u015feklindeki bu LED lamba, kablosuz kullan\u0131m avantaj\u0131 ile \u00f6zg\u00fcr bir ayd\u0131nlatma deneyimi sunar. USB ile \u015farj edilebilen yap\u0131s\u0131 sayesinde priz ba\u011f\u0131ml\u0131l\u0131\u011f\u0131 olmadan kullan\u0131labilir. Masa lambas\u0131 veya gece lambas\u0131 olarak \u00e7ok y\u00f6nl\u00fc kullan\u0131m imk\u00e2n\u0131 sa\u011flar. Ayarlanabilir \u0131\u015f\u0131k rengi ve parlakl\u0131k seviyesi ile okuma, dinlenme veya ambiyans ayd\u0131nlatmas\u0131 i\u00e7in idealdir. Enerji tasarruflu A s\u0131n\u0131f\u0131 LED teknolojisi ile d\u00fc\u015f\u00fck enerji t\u00fcketimi sa\u011flar. T\u00fcrkiye men\u015feli olmas\u0131 kalite ve g\u00fcven sunar.<\/p>\n","protected":false},"excerpt":{"rendered":"<p>Armut \u015feklindeki bu LED lamba, kablosuz kullan\u0131m avantaj\u0131 ile \u00f6zg\u00fcr bir ayd\u0131nlatma deneyimi sunar. USB ile \u015farj edilebilen yap\u0131s\u0131 sayesinde priz ba\u011f\u0131ml\u0131l\u0131\u011f\u0131 olmadan kullan\u0131labilir. Masa lambas\u0131 veya gece lambas\u0131 olarak \u00e7ok y\u00f6nl\u00fc kullan\u0131m imk\u00e2n\u0131 sa\u011flar. Ayarlanabilir \u0131\u015f\u0131k rengi ve parlakl\u0131k seviyesi ile okuma, dinlenme veya ambiyans ayd\u0131nlatmas\u0131 i\u00e7in idealdir. Enerji tasarruflu A s\u0131n\u0131f\u0131 LED teknolojisi&#8230;<\/p>\n","protected":false},"featured_media":123165,"comment_status":"open","ping_status":"closed","template":"","meta":{"_kad_post_transparent":"","_kad_post_title":"","_kad_post_layout":"","_kad_post_sidebar_id":"","_kad_post_content_style":"","_kad_post_vertical_padding":"","_kad_post_feature":"","_kad_post_feature_position":"","_kad_post_header":false,"_kad_post_footer":false,"_kad_post_classname":""},"product_brand":[],"product_cat":[14967],"product_tag":[],"class_list":{"0":"post-123166","1":"product","2":"type-product","3":"status-publish","4":"has-post-thumbnail","6":"product_cat-gece-lambasi-gece-lambasi","8":"first","9":"instock","10":"purchasable","11":"product-type-simple","12":"entry","13":"content-bg","14":"loop-entry"},"_links":{"self":[{"href":"https:\/\/www.hediyepazar.com\/index.php?rest_route=\/wp\/v2\/product\/123166","targetHints":{"allow":["GET"]}}],"collection":[{"href":"https:\/\/www.hediyepazar.com\/index.php?rest_route=\/wp\/v2\/product"}],"about":[{"href":"https:\/\/www.hediyepazar.com\/index.php?rest_route=\/wp\/v2\/types\/product"}],"replies":[{"embeddable":true,"href":"https:\/\/www.hediyepazar.com\/index.php?rest_route=%2Fwp%2Fv2%2Fcomments&post=123166"}],"wp:featuredmedia":[{"embeddable":true,"href":"https:\/\/www.hediyepazar.com\/index.php?rest_route=\/wp\/v2\/media\/123165"}],"wp:attachment":[{"href":"https:\/\/www.hediyepazar.com\/index.php?rest_route=%2Fwp%2Fv2%2Fmedia&parent=123166"}],"wp:term":[{"taxonomy":"product_brand","embeddable":true,"href":"https:\/\/www.hediyepazar.com\/index.php?rest_route=%2Fwp%2Fv2%2Fproduct_brand&post=123166"},{"taxonomy":"product_cat","embeddable":true,"href":"https:\/\/www.hediyepazar.com\/index.php?rest_route=%2Fwp%2Fv2%2Fproduct_cat&post=123166"},{"taxonomy":"product_tag","embeddable":true,"href":"https:\/\/www.hediyepazar.com\/index.php?rest_route=%2Fwp%2Fv2%2Fproduct_tag&post=123166"}],"curies":[{"name":"wp","href":"https:\/\/api.w.org\/{rel}","templated":true}]}}