{"id":123182,"date":"2026-05-06T12:02:59","date_gmt":"2026-05-06T15:02:59","guid":{"rendered":"https:\/\/www.hediyepazar.com\/?product=hareket-sensorlu-led-far-45-derece-ayarli-sarj-edilebilir"},"modified":"2026-05-06T12:02:59","modified_gmt":"2026-05-06T15:02:59","slug":"hareket-sensorlu-led-far-45-derece-ayarli-sarj-edilebilir","status":"publish","type":"product","link":"https:\/\/www.hediyepazar.com\/?product=hareket-sensorlu-led-far-45-derece-ayarli-sarj-edilebilir","title":{"rendered":"Hareket Sens\u00f6rl\u00fc LED Far 45 Derece Ayarl\u0131 \u015earj Edilebilir"},"content":{"rendered":"<p>Hareket sens\u00f6rl\u00fc LED kafa lambas\u0131, modern tasar\u0131m\u0131 ve fonksiyonel \u00f6zellikleriyle outdoor kullan\u0131c\u0131lar i\u00e7in geli\u015ftirilmi\u015ftir. Wave sens\u00f6r teknolojisi sayesinde tek bir el hareketiyle kontrol edilebilir ve tamamen pratik bir kullan\u0131m sa\u011flar.45 derece ayarlanabilir \u0131\u015f\u0131k a\u00e7\u0131s\u0131, farkl\u0131 \u00e7al\u0131\u015fma ve kullan\u0131m senaryolar\u0131nda maksimum verim sunar. G\u00fc\u00e7l\u00fc LED \u0131\u015f\u0131\u011f\u0131, karanl\u0131k ortamlarda uzun menzilli ayd\u0131nlatma sa\u011flayarak g\u00f6r\u00fc\u015f alan\u0131n\u0131z\u0131 geni\u015fletir.\u015earj edilebilir yap\u0131s\u0131 sayesinde \u00e7evre dostu ve ekonomiktir. Kamp, bal\u0131k tutma, y\u00fcr\u00fcy\u00fc\u015f ve gece s\u00fcr\u00fc\u015fleri i\u00e7in g\u00fcvenle kullan\u0131labilir.<\/p>\n","protected":false},"excerpt":{"rendered":"<p>Hareket sens\u00f6rl\u00fc LED kafa lambas\u0131, modern tasar\u0131m\u0131 ve fonksiyonel \u00f6zellikleriyle outdoor kullan\u0131c\u0131lar i\u00e7in geli\u015ftirilmi\u015ftir. Wave sens\u00f6r teknolojisi sayesinde tek bir el hareketiyle kontrol edilebilir ve tamamen pratik bir kullan\u0131m sa\u011flar.45 derece ayarlanabilir \u0131\u015f\u0131k a\u00e7\u0131s\u0131, farkl\u0131 \u00e7al\u0131\u015fma ve kullan\u0131m senaryolar\u0131nda maksimum verim sunar. G\u00fc\u00e7l\u00fc LED \u0131\u015f\u0131\u011f\u0131, karanl\u0131k ortamlarda uzun menzilli ayd\u0131nlatma sa\u011flayarak g\u00f6r\u00fc\u015f alan\u0131n\u0131z\u0131 geni\u015fletir.\u015earj edilebilir&#8230;<\/p>\n","protected":false},"featured_media":123181,"comment_status":"open","ping_status":"closed","template":"","meta":{"_kad_post_transparent":"","_kad_post_title":"","_kad_post_layout":"","_kad_post_sidebar_id":"","_kad_post_content_style":"","_kad_post_vertical_padding":"","_kad_post_feature":"","_kad_post_feature_position":"","_kad_post_header":false,"_kad_post_footer":false,"_kad_post_classname":""},"product_brand":[],"product_cat":[14979],"product_tag":[],"class_list":{"0":"post-123182","1":"product","2":"type-product","3":"status-publish","4":"has-post-thumbnail","6":"product_cat-kafa-lambasi-kafa-lambasi","8":"first","9":"instock","10":"purchasable","11":"product-type-simple","12":"entry","13":"content-bg","14":"loop-entry"},"_links":{"self":[{"href":"https:\/\/www.hediyepazar.com\/index.php?rest_route=\/wp\/v2\/product\/123182","targetHints":{"allow":["GET"]}}],"collection":[{"href":"https:\/\/www.hediyepazar.com\/index.php?rest_route=\/wp\/v2\/product"}],"about":[{"href":"https:\/\/www.hediyepazar.com\/index.php?rest_route=\/wp\/v2\/types\/product"}],"replies":[{"embeddable":true,"href":"https:\/\/www.hediyepazar.com\/index.php?rest_route=%2Fwp%2Fv2%2Fcomments&post=123182"}],"wp:featuredmedia":[{"embeddable":true,"href":"https:\/\/www.hediyepazar.com\/index.php?rest_route=\/wp\/v2\/media\/123181"}],"wp:attachment":[{"href":"https:\/\/www.hediyepazar.com\/index.php?rest_route=%2Fwp%2Fv2%2Fmedia&parent=123182"}],"wp:term":[{"taxonomy":"product_brand","embeddable":true,"href":"https:\/\/www.hediyepazar.com\/index.php?rest_route=%2Fwp%2Fv2%2Fproduct_brand&post=123182"},{"taxonomy":"product_cat","embeddable":true,"href":"https:\/\/www.hediyepazar.com\/index.php?rest_route=%2Fwp%2Fv2%2Fproduct_cat&post=123182"},{"taxonomy":"product_tag","embeddable":true,"href":"https:\/\/www.hediyepazar.com\/index.php?rest_route=%2Fwp%2Fv2%2Fproduct_tag&post=123182"}],"curies":[{"name":"wp","href":"https:\/\/api.w.org\/{rel}","templated":true}]}}