{"id":123235,"date":"2026-05-06T12:12:11","date_gmt":"2026-05-06T15:12:11","guid":{"rendered":"https:\/\/www.hediyepazar.com\/?product=80000-mah-yuksek-kapasiteli-powerbank-gostergeli-solar-sarj-cihazi"},"modified":"2026-05-06T12:12:11","modified_gmt":"2026-05-06T15:12:11","slug":"80000-mah-yuksek-kapasiteli-powerbank-gostergeli-solar-sarj-cihazi","status":"publish","type":"product","link":"https:\/\/www.hediyepazar.com\/?product=80000-mah-yuksek-kapasiteli-powerbank-gostergeli-solar-sarj-cihazi","title":{"rendered":"80000 mAh Y\u00fcksek Kapasiteli Powerbank G\u00f6stergeli Solar \u015earj Cihaz\u0131"},"content":{"rendered":"<p>80000 mAh Y\u00fcksek Kapasiteli Powerbank, g\u00fc\u00e7l\u00fc performans\u0131 ve \u00e7ok y\u00f6nl\u00fc \u00f6zellikleriyle dikkat \u00e7eker. Y\u00fcksek batarya kapasitesi sayesinde tek bir \u015farjla uzun s\u00fcre kullan\u0131m imk\u00e2n\u0131 sunar. Telefon, tablet, kulakl\u0131k ve di\u011fer USB destekli cihazlar i\u00e7in ideal bir enerji kayna\u011f\u0131d\u0131r.\u00dcr\u00fcn \u00fczerinde yer alan 4 adet entegre kablo, farkl\u0131 cihazlarla uyumluluk sa\u011flar. Type C, Lightning, Micro USB ve USB kablolar\u0131 sayesinde kablo karma\u015fas\u0131n\u0131 ortadan kald\u0131r\u0131r. Ayn\u0131 anda birden fazla cihaz\u0131 \u015farj edebilme \u00f6zelli\u011fi, yo\u011fun kullan\u0131mda b\u00fcy\u00fck kolayl\u0131k sa\u011flar.Solar panel deste\u011fi, g\u00fcne\u015f \u0131\u015f\u0131\u011f\u0131ndan faydalanarak enerji kazan\u0131m\u0131n\u0131 art\u0131r\u0131r. Dahili LED feneri ise kamp, gece y\u00fcr\u00fcy\u00fc\u015f\u00fc ve acil durumlarda etkili bir ayd\u0131nlatma sunar. Dijital pil g\u00f6stergesi, kalan enerji seviyesini anl\u0131k olarak takip etmenizi sa\u011flar.Ak\u0131ll\u0131 g\u00fcvenlik sistemi, a\u015f\u0131r\u0131 \u015farj ve k\u0131sa devre gibi riskleri \u00f6nleyerek g\u00fcvenli kullan\u0131m sa\u011flar. \u0130nce ve kompakt tasar\u0131m\u0131 sayesinde \u00e7antan\u0131zda fazla yer kaplamaz ve her yere rahatl\u0131kla ta\u015f\u0131nabilir.<\/p>\n","protected":false},"excerpt":{"rendered":"<p>80000 mAh Y\u00fcksek Kapasiteli Powerbank, g\u00fc\u00e7l\u00fc performans\u0131 ve \u00e7ok y\u00f6nl\u00fc \u00f6zellikleriyle dikkat \u00e7eker. Y\u00fcksek batarya kapasitesi sayesinde tek bir \u015farjla uzun s\u00fcre kullan\u0131m imk\u00e2n\u0131 sunar. Telefon, tablet, kulakl\u0131k ve di\u011fer USB destekli cihazlar i\u00e7in ideal bir enerji kayna\u011f\u0131d\u0131r.\u00dcr\u00fcn \u00fczerinde yer alan 4 adet entegre kablo, farkl\u0131 cihazlarla uyumluluk sa\u011flar. Type C, Lightning, Micro USB ve&#8230;<\/p>\n","protected":false},"featured_media":123234,"comment_status":"open","ping_status":"closed","template":"","meta":{"_kad_post_transparent":"","_kad_post_title":"","_kad_post_layout":"","_kad_post_sidebar_id":"","_kad_post_content_style":"","_kad_post_vertical_padding":"","_kad_post_feature":"","_kad_post_feature_position":"","_kad_post_header":false,"_kad_post_footer":false,"_kad_post_classname":""},"product_brand":[],"product_cat":[14937],"product_tag":[],"class_list":{"0":"post-123235","1":"product","2":"type-product","3":"status-publish","4":"has-post-thumbnail","6":"product_cat-powerbank-powerbank-2","8":"first","9":"instock","10":"purchasable","11":"product-type-simple","12":"entry","13":"content-bg","14":"loop-entry"},"_links":{"self":[{"href":"https:\/\/www.hediyepazar.com\/index.php?rest_route=\/wp\/v2\/product\/123235","targetHints":{"allow":["GET"]}}],"collection":[{"href":"https:\/\/www.hediyepazar.com\/index.php?rest_route=\/wp\/v2\/product"}],"about":[{"href":"https:\/\/www.hediyepazar.com\/index.php?rest_route=\/wp\/v2\/types\/product"}],"replies":[{"embeddable":true,"href":"https:\/\/www.hediyepazar.com\/index.php?rest_route=%2Fwp%2Fv2%2Fcomments&post=123235"}],"wp:featuredmedia":[{"embeddable":true,"href":"https:\/\/www.hediyepazar.com\/index.php?rest_route=\/wp\/v2\/media\/123234"}],"wp:attachment":[{"href":"https:\/\/www.hediyepazar.com\/index.php?rest_route=%2Fwp%2Fv2%2Fmedia&parent=123235"}],"wp:term":[{"taxonomy":"product_brand","embeddable":true,"href":"https:\/\/www.hediyepazar.com\/index.php?rest_route=%2Fwp%2Fv2%2Fproduct_brand&post=123235"},{"taxonomy":"product_cat","embeddable":true,"href":"https:\/\/www.hediyepazar.com\/index.php?rest_route=%2Fwp%2Fv2%2Fproduct_cat&post=123235"},{"taxonomy":"product_tag","embeddable":true,"href":"https:\/\/www.hediyepazar.com\/index.php?rest_route=%2Fwp%2Fv2%2Fproduct_tag&post=123235"}],"curies":[{"name":"wp","href":"https:\/\/api.w.org\/{rel}","templated":true}]}}