{"id":123265,"date":"2026-05-06T12:16:08","date_gmt":"2026-05-06T15:16:08","guid":{"rendered":"https:\/\/www.hediyepazar.com\/?product=elektrikli-titresim-masaj-tarak-kirmizi-isik-terapi"},"modified":"2026-05-06T12:16:08","modified_gmt":"2026-05-06T15:16:08","slug":"elektrikli-titresim-masaj-tarak-kirmizi-isik-terapi","status":"publish","type":"product","link":"https:\/\/www.hediyepazar.com\/?product=elektrikli-titresim-masaj-tarak-kirmizi-isik-terapi","title":{"rendered":"Elektrikli Titre\u015fim Masaj Tarak K\u0131rm\u0131z\u0131 I\u015f\u0131k Terapi"},"content":{"rendered":"<p>Elektrikli titre\u015fim masaj tarak, sa\u00e7 derisi bak\u0131m\u0131n\u0131 evde profesyonel seviyeye ta\u015f\u0131yan yenilik\u00e7i bir sa\u00e7 bak\u0131m \u00fcr\u00fcn\u00fcd\u00fcr. Mikro ak\u0131m teknolojisi sayesinde sa\u00e7 derisini nazik\u00e7e uyar\u0131r, kan dola\u015f\u0131m\u0131n\u0131 art\u0131r\u0131r ve sa\u00e7 k\u00f6klerinin g\u00fc\u00e7lenmesine yard\u0131mc\u0131 olur. D\u00fczenli kullan\u0131mda sa\u00e7 derisi sa\u011fl\u0131\u011f\u0131n\u0131 desteklerken, sa\u00e7 d\u00f6k\u00fclmesini azaltmaya ve sa\u00e7lar\u0131n daha g\u00fc\u00e7l\u00fc uzamas\u0131na katk\u0131 sa\u011flar.630 nm k\u0131rm\u0131z\u0131 \u0131\u015f\u0131k terapi teknolojisi, sa\u00e7 k\u00f6klerini hedef alarak sa\u00e7 b\u00fcy\u00fcme s\u00fcrecini destekler. K\u0131rm\u0131z\u0131 LED \u0131\u015f\u0131k, sa\u00e7 derisindeki h\u00fccre yenilenmesini te\u015fvik eder ve daha sa\u011fl\u0131kl\u0131 bir sa\u00e7 ortam\u0131 olu\u015fturur. 72 yuvarlak u\u00e7lu masaj di\u015fi, insan eliyle yap\u0131lan masaj hissini taklit ederek sinirleri yat\u0131\u015ft\u0131r\u0131r ve rahatlat\u0131c\u0131 bir etki sunar.\u00dcr\u00fcn \u00fczerinde bulunan 6 ml kapasiteli s\u0131v\u0131 haznesi ve 8 adet silindirli top sayesinde sa\u00e7 bak\u0131m ya\u011flar\u0131 veya serumlar sa\u00e7 derisine e\u015fit \u015fekilde uygulan\u0131r. Bu tasar\u0131m, \u00fcr\u00fcnlerin sa\u00e7 diplerine daha etkili ula\u015fmas\u0131n\u0131 sa\u011flar. \u00dc\u00e7 farkl\u0131 masaj modu sayesinde ki\u015fisel ihtiyac\u0131n\u0131za g\u00f6re hafif, orta veya yo\u011fun masaj se\u00e7ene\u011fi sunar.IPX7 su ge\u00e7irmez yap\u0131s\u0131 sayesinde \u0131slak ve kuru sa\u00e7ta g\u00fcvenle kullan\u0131labilir. Type-C h\u0131zl\u0131 \u015farj \u00f6zelli\u011fine sahip 1400mAh bataryas\u0131 ile uzun s\u00fcreli kullan\u0131m imkan\u0131 sunar. Evde, seyahatte veya du\u015f s\u0131ras\u0131nda rahatl\u0131kla tercih edilebilir.<\/p>\n","protected":false},"excerpt":{"rendered":"<p>Elektrikli titre\u015fim masaj tarak, sa\u00e7 derisi bak\u0131m\u0131n\u0131 evde profesyonel seviyeye ta\u015f\u0131yan yenilik\u00e7i bir sa\u00e7 bak\u0131m \u00fcr\u00fcn\u00fcd\u00fcr. Mikro ak\u0131m teknolojisi sayesinde sa\u00e7 derisini nazik\u00e7e uyar\u0131r, kan dola\u015f\u0131m\u0131n\u0131 art\u0131r\u0131r ve sa\u00e7 k\u00f6klerinin g\u00fc\u00e7lenmesine yard\u0131mc\u0131 olur. D\u00fczenli kullan\u0131mda sa\u00e7 derisi sa\u011fl\u0131\u011f\u0131n\u0131 desteklerken, sa\u00e7 d\u00f6k\u00fclmesini azaltmaya ve sa\u00e7lar\u0131n daha g\u00fc\u00e7l\u00fc uzamas\u0131na katk\u0131 sa\u011flar.630 nm k\u0131rm\u0131z\u0131 \u0131\u015f\u0131k terapi teknolojisi, sa\u00e7&#8230;<\/p>\n","protected":false},"featured_media":123264,"comment_status":"open","ping_status":"closed","template":"","meta":{"_kad_post_transparent":"","_kad_post_title":"","_kad_post_layout":"","_kad_post_sidebar_id":"","_kad_post_content_style":"","_kad_post_vertical_padding":"","_kad_post_feature":"","_kad_post_feature_position":"","_kad_post_header":false,"_kad_post_footer":false,"_kad_post_classname":""},"product_brand":[],"product_cat":[15088],"product_tag":[],"class_list":{"0":"post-123265","1":"product","2":"type-product","3":"status-publish","4":"has-post-thumbnail","6":"product_cat-sac-bakim-cihazi-sac-bakim-cihazi","8":"first","9":"instock","10":"purchasable","11":"product-type-simple","12":"entry","13":"content-bg","14":"loop-entry"},"_links":{"self":[{"href":"https:\/\/www.hediyepazar.com\/index.php?rest_route=\/wp\/v2\/product\/123265","targetHints":{"allow":["GET"]}}],"collection":[{"href":"https:\/\/www.hediyepazar.com\/index.php?rest_route=\/wp\/v2\/product"}],"about":[{"href":"https:\/\/www.hediyepazar.com\/index.php?rest_route=\/wp\/v2\/types\/product"}],"replies":[{"embeddable":true,"href":"https:\/\/www.hediyepazar.com\/index.php?rest_route=%2Fwp%2Fv2%2Fcomments&post=123265"}],"wp:featuredmedia":[{"embeddable":true,"href":"https:\/\/www.hediyepazar.com\/index.php?rest_route=\/wp\/v2\/media\/123264"}],"wp:attachment":[{"href":"https:\/\/www.hediyepazar.com\/index.php?rest_route=%2Fwp%2Fv2%2Fmedia&parent=123265"}],"wp:term":[{"taxonomy":"product_brand","embeddable":true,"href":"https:\/\/www.hediyepazar.com\/index.php?rest_route=%2Fwp%2Fv2%2Fproduct_brand&post=123265"},{"taxonomy":"product_cat","embeddable":true,"href":"https:\/\/www.hediyepazar.com\/index.php?rest_route=%2Fwp%2Fv2%2Fproduct_cat&post=123265"},{"taxonomy":"product_tag","embeddable":true,"href":"https:\/\/www.hediyepazar.com\/index.php?rest_route=%2Fwp%2Fv2%2Fproduct_tag&post=123265"}],"curies":[{"name":"wp","href":"https:\/\/api.w.org\/{rel}","templated":true}]}}