{"id":123285,"date":"2026-05-06T12:19:15","date_gmt":"2026-05-06T15:19:15","guid":{"rendered":"https:\/\/www.hediyepazar.com\/?product=300-lumen-sensorlu-led-kafa-lambasi-usb-sarjli-sos-modlu"},"modified":"2026-05-06T12:19:15","modified_gmt":"2026-05-06T15:19:15","slug":"300-lumen-sensorlu-led-kafa-lambasi-usb-sarjli-sos-modlu","status":"publish","type":"product","link":"https:\/\/www.hediyepazar.com\/?product=300-lumen-sensorlu-led-kafa-lambasi-usb-sarjli-sos-modlu","title":{"rendered":"300 L\u00fcmen Sens\u00f6rl\u00fc LED Kafa Lambas\u0131 USB \u015earjl\u0131 SOS Modlu"},"content":{"rendered":"<p>300 l\u00fcmen parlakl\u0131\u011fa sahip bu LED kafa lambas\u0131, kompakt yap\u0131s\u0131na ra\u011fmen g\u00fc\u00e7l\u00fc bir ayd\u0131nlatma performans\u0131 sunar. 5 farkl\u0131 ayd\u0131nlatma modu sayesinde farkl\u0131 ortam ve ihtiya\u00e7lara kolayca uyum sa\u011flar. El hareket sens\u00f6r\u00fc sayesinde \u0131\u015f\u0131\u011f\u0131 elinizi sallayarak a\u00e7\u0131p kapatabilirsiniz; bu \u00f6zellik \u00f6zellikle eldivenle kullan\u0131mda b\u00fcy\u00fck kolayl\u0131k sa\u011flar.USB-A\u2019dan USB-C\u2019ye kablo ile \u015farj edilebilen dahili bataryas\u0131, pil de\u011fi\u015ftirme ihtiyac\u0131n\u0131 ortadan kald\u0131r\u0131r. \u00dczerindeki pil seviyesi g\u00f6stergesi sayesinde \u015farj durumunu anl\u0131k olarak takip edebilirsiniz. Ayarlanabilir kafa band\u0131, trekking, kamp ve gece ko\u015fular\u0131nda konforlu ve sabit bir kullan\u0131m sunar. K\u0131rm\u0131z\u0131 SOS modu ise acil durumlarda g\u00f6r\u00fcn\u00fcrl\u00fc\u011f\u00fc art\u0131rarak g\u00fcvenlik sa\u011flar.<\/p>\n","protected":false},"excerpt":{"rendered":"<p>300 l\u00fcmen parlakl\u0131\u011fa sahip bu LED kafa lambas\u0131, kompakt yap\u0131s\u0131na ra\u011fmen g\u00fc\u00e7l\u00fc bir ayd\u0131nlatma performans\u0131 sunar. 5 farkl\u0131 ayd\u0131nlatma modu sayesinde farkl\u0131 ortam ve ihtiya\u00e7lara kolayca uyum sa\u011flar. El hareket sens\u00f6r\u00fc sayesinde \u0131\u015f\u0131\u011f\u0131 elinizi sallayarak a\u00e7\u0131p kapatabilirsiniz; bu \u00f6zellik \u00f6zellikle eldivenle kullan\u0131mda b\u00fcy\u00fck kolayl\u0131k sa\u011flar.USB-A\u2019dan USB-C\u2019ye kablo ile \u015farj edilebilen dahili bataryas\u0131, pil de\u011fi\u015ftirme ihtiyac\u0131n\u0131&#8230;<\/p>\n","protected":false},"featured_media":123284,"comment_status":"open","ping_status":"closed","template":"","meta":{"_kad_post_transparent":"","_kad_post_title":"","_kad_post_layout":"","_kad_post_sidebar_id":"","_kad_post_content_style":"","_kad_post_vertical_padding":"","_kad_post_feature":"","_kad_post_feature_position":"","_kad_post_header":false,"_kad_post_footer":false,"_kad_post_classname":""},"product_brand":[],"product_cat":[14979],"product_tag":[],"class_list":{"0":"post-123285","1":"product","2":"type-product","3":"status-publish","4":"has-post-thumbnail","6":"product_cat-kafa-lambasi-kafa-lambasi","8":"first","9":"instock","10":"purchasable","11":"product-type-simple","12":"entry","13":"content-bg","14":"loop-entry"},"_links":{"self":[{"href":"https:\/\/www.hediyepazar.com\/index.php?rest_route=\/wp\/v2\/product\/123285","targetHints":{"allow":["GET"]}}],"collection":[{"href":"https:\/\/www.hediyepazar.com\/index.php?rest_route=\/wp\/v2\/product"}],"about":[{"href":"https:\/\/www.hediyepazar.com\/index.php?rest_route=\/wp\/v2\/types\/product"}],"replies":[{"embeddable":true,"href":"https:\/\/www.hediyepazar.com\/index.php?rest_route=%2Fwp%2Fv2%2Fcomments&post=123285"}],"wp:featuredmedia":[{"embeddable":true,"href":"https:\/\/www.hediyepazar.com\/index.php?rest_route=\/wp\/v2\/media\/123284"}],"wp:attachment":[{"href":"https:\/\/www.hediyepazar.com\/index.php?rest_route=%2Fwp%2Fv2%2Fmedia&parent=123285"}],"wp:term":[{"taxonomy":"product_brand","embeddable":true,"href":"https:\/\/www.hediyepazar.com\/index.php?rest_route=%2Fwp%2Fv2%2Fproduct_brand&post=123285"},{"taxonomy":"product_cat","embeddable":true,"href":"https:\/\/www.hediyepazar.com\/index.php?rest_route=%2Fwp%2Fv2%2Fproduct_cat&post=123285"},{"taxonomy":"product_tag","embeddable":true,"href":"https:\/\/www.hediyepazar.com\/index.php?rest_route=%2Fwp%2Fv2%2Fproduct_tag&post=123285"}],"curies":[{"name":"wp","href":"https:\/\/api.w.org\/{rel}","templated":true}]}}