{"id":123331,"date":"2026-05-06T12:24:07","date_gmt":"2026-05-06T15:24:07","guid":{"rendered":"https:\/\/www.hediyepazar.com\/?product=1080p-cift-kamerali-dokunmatik-dikiz-aynasi-g-sensorlu"},"modified":"2026-05-06T12:24:07","modified_gmt":"2026-05-06T15:24:07","slug":"1080p-cift-kamerali-dokunmatik-dikiz-aynasi-g-sensorlu","status":"publish","type":"product","link":"https:\/\/www.hediyepazar.com\/?product=1080p-cift-kamerali-dokunmatik-dikiz-aynasi-g-sensorlu","title":{"rendered":"1080P \u00c7ift Kameral\u0131 Dokunmatik Dikiz Aynas\u0131 G Sens\u00f6rl\u00fc"},"content":{"rendered":"<p>OV sens\u00f6rl\u00fc gece g\u00f6r\u00fc\u015f teknolojisi sayesinde d\u00fc\u015f\u00fck \u0131\u015f\u0131k ko\u015fullar\u0131nda dahi net ve detayl\u0131 g\u00f6r\u00fcnt\u00fc sunar. 6 cam \u00f6n lens ve 4 cam arka lens yap\u0131s\u0131, g\u00f6r\u00fcnt\u00fc kalitesini art\u0131r\u0131rken yans\u0131may\u0131 azalt\u0131r. Geni\u015f dinamik aral\u0131k (WDR) \u00f6zelli\u011fi ile ani \u0131\u015f\u0131k de\u011fi\u015fimlerinde bile dengeli g\u00f6r\u00fcnt\u00fc elde edilir. Gece s\u00fcr\u00fc\u015flerinde g\u00f6r\u00fc\u015f g\u00fcvenli\u011fi maksimum seviyeye \u00e7\u0131kar.<\/p>\n","protected":false},"excerpt":{"rendered":"<p>OV sens\u00f6rl\u00fc gece g\u00f6r\u00fc\u015f teknolojisi sayesinde d\u00fc\u015f\u00fck \u0131\u015f\u0131k ko\u015fullar\u0131nda dahi net ve detayl\u0131 g\u00f6r\u00fcnt\u00fc sunar. 6 cam \u00f6n lens ve 4 cam arka lens yap\u0131s\u0131, g\u00f6r\u00fcnt\u00fc kalitesini art\u0131r\u0131rken yans\u0131may\u0131 azalt\u0131r. Geni\u015f dinamik aral\u0131k (WDR) \u00f6zelli\u011fi ile ani \u0131\u015f\u0131k de\u011fi\u015fimlerinde bile dengeli g\u00f6r\u00fcnt\u00fc elde edilir. Gece s\u00fcr\u00fc\u015flerinde g\u00f6r\u00fc\u015f g\u00fcvenli\u011fi maksimum seviyeye \u00e7\u0131kar.<\/p>\n","protected":false},"featured_media":123330,"comment_status":"open","ping_status":"closed","template":"","meta":{"_kad_post_transparent":"","_kad_post_title":"","_kad_post_layout":"","_kad_post_sidebar_id":"","_kad_post_content_style":"","_kad_post_vertical_padding":"","_kad_post_feature":"","_kad_post_feature_position":"","_kad_post_header":false,"_kad_post_footer":false,"_kad_post_classname":""},"product_brand":[],"product_cat":[15062],"product_tag":[],"class_list":{"0":"post-123331","1":"product","2":"type-product","3":"status-publish","4":"has-post-thumbnail","6":"product_cat-arac-ici-kamera-arac-ici-kamera","8":"first","9":"instock","10":"purchasable","11":"product-type-simple","12":"entry","13":"content-bg","14":"loop-entry"},"_links":{"self":[{"href":"https:\/\/www.hediyepazar.com\/index.php?rest_route=\/wp\/v2\/product\/123331","targetHints":{"allow":["GET"]}}],"collection":[{"href":"https:\/\/www.hediyepazar.com\/index.php?rest_route=\/wp\/v2\/product"}],"about":[{"href":"https:\/\/www.hediyepazar.com\/index.php?rest_route=\/wp\/v2\/types\/product"}],"replies":[{"embeddable":true,"href":"https:\/\/www.hediyepazar.com\/index.php?rest_route=%2Fwp%2Fv2%2Fcomments&post=123331"}],"wp:featuredmedia":[{"embeddable":true,"href":"https:\/\/www.hediyepazar.com\/index.php?rest_route=\/wp\/v2\/media\/123330"}],"wp:attachment":[{"href":"https:\/\/www.hediyepazar.com\/index.php?rest_route=%2Fwp%2Fv2%2Fmedia&parent=123331"}],"wp:term":[{"taxonomy":"product_brand","embeddable":true,"href":"https:\/\/www.hediyepazar.com\/index.php?rest_route=%2Fwp%2Fv2%2Fproduct_brand&post=123331"},{"taxonomy":"product_cat","embeddable":true,"href":"https:\/\/www.hediyepazar.com\/index.php?rest_route=%2Fwp%2Fv2%2Fproduct_cat&post=123331"},{"taxonomy":"product_tag","embeddable":true,"href":"https:\/\/www.hediyepazar.com\/index.php?rest_route=%2Fwp%2Fv2%2Fproduct_tag&post=123331"}],"curies":[{"name":"wp","href":"https:\/\/api.w.org\/{rel}","templated":true}]}}