{"id":123407,"date":"2026-05-06T12:40:07","date_gmt":"2026-05-06T15:40:07","guid":{"rendered":"https:\/\/www.hediyepazar.com\/?product=ipx5-su-gecirmez-tasinabilir-bluetooth-hoparlor-renkli-isikli"},"modified":"2026-05-06T12:40:07","modified_gmt":"2026-05-06T15:40:07","slug":"ipx5-su-gecirmez-tasinabilir-bluetooth-hoparlor-renkli-isikli","status":"publish","type":"product","link":"https:\/\/www.hediyepazar.com\/?product=ipx5-su-gecirmez-tasinabilir-bluetooth-hoparlor-renkli-isikli","title":{"rendered":"IPX5 Su Ge\u00e7irmez Ta\u015f\u0131nabilir Bluetooth Hoparl\u00f6r Renkli I\u015f\u0131kl\u0131"},"content":{"rendered":"<p>IPX5 su ge\u00e7irmez tasar\u0131m\u0131 sayesinde hem i\u00e7 hem de d\u0131\u015f mekan kullan\u0131m\u0131 i\u00e7in ideal olan bu ta\u015f\u0131nabilir Bluetooth hoparl\u00f6r, m\u00fczik keyfini her ortamda kesintisiz ya\u015faman\u0131z i\u00e7in geli\u015ftirilmi\u015ftir. Ya\u011fmur, s\u0131\u00e7rayan su veya nem gibi d\u0131\u015f etkenlere kar\u015f\u0131 dayan\u0131kl\u0131 yap\u0131s\u0131 sayesinde kamp, piknik, plaj ve balkon gibi alanlarda g\u00fcvenle kullan\u0131labilir. D\u0131\u015f mekan aktivitelerinde ekstra koruma ihtiyac\u0131 duymadan m\u00fczi\u011fin tad\u0131n\u0131 \u00e7\u0131karabilirsiniz.Geli\u015fmi\u015f stereo ses teknolojisi, net ve dengeli bir ses deneyimi sunar. Tizler berrak, baslar g\u00fc\u00e7l\u00fc ve dolgun \u015fekilde iletilir. Bu sayede ister d\u00fc\u015f\u00fck ses seviyesinde ister y\u00fcksek vol\u00fcmde m\u00fczik dinleyin, ses kalitesinden \u00f6d\u00fcn verilmez. Film, podcast ve telefon g\u00f6r\u00fc\u015fmeleri i\u00e7in de ideal bir performans sunar.Ta\u015f\u0131nabilir ve hafif yap\u0131s\u0131 sayesinde \u00e7anta i\u00e7inde kolayca ta\u015f\u0131nabilir. Kompakt tasar\u0131m\u0131, yer kaplamadan kullan\u0131m avantaj\u0131 sa\u011flar. A\u00e7\u0131k hava etkinlikleri, seyahatler ve g\u00fcnl\u00fck kullan\u0131m i\u00e7in son derece pratiktir.Birinci s\u0131n\u0131f malzemelerden \u00fcretilmi\u015f sa\u011flam g\u00f6vdesi, uzun \u00f6m\u00fcrl\u00fc kullan\u0131m sunar. Darbelere ve g\u00fcnl\u00fck a\u015f\u0131nmalara kar\u015f\u0131 dayan\u0131kl\u0131 yap\u0131s\u0131 sayesinde g\u00fcvenilir bir performans sa\u011flar. Renkli LED \u0131\u015f\u0131k efektleri ise m\u00fczikle senkronize \u00e7al\u0131\u015farak ortama enerjik ve e\u011flenceli bir ambiyans katar.Hem fonksiyonel hem de estetik bir ta\u015f\u0131nabilir hoparl\u00f6r arayanlar i\u00e7in ideal bir tercihtir.<\/p>\n","protected":false},"excerpt":{"rendered":"<p>IPX5 su ge\u00e7irmez tasar\u0131m\u0131 sayesinde hem i\u00e7 hem de d\u0131\u015f mekan kullan\u0131m\u0131 i\u00e7in ideal olan bu ta\u015f\u0131nabilir Bluetooth hoparl\u00f6r, m\u00fczik keyfini her ortamda kesintisiz ya\u015faman\u0131z i\u00e7in geli\u015ftirilmi\u015ftir. Ya\u011fmur, s\u0131\u00e7rayan su veya nem gibi d\u0131\u015f etkenlere kar\u015f\u0131 dayan\u0131kl\u0131 yap\u0131s\u0131 sayesinde kamp, piknik, plaj ve balkon gibi alanlarda g\u00fcvenle kullan\u0131labilir. D\u0131\u015f mekan aktivitelerinde ekstra koruma ihtiyac\u0131 duymadan&#8230;<\/p>\n","protected":false},"featured_media":123406,"comment_status":"open","ping_status":"closed","template":"","meta":{"_kad_post_transparent":"","_kad_post_title":"","_kad_post_layout":"","_kad_post_sidebar_id":"","_kad_post_content_style":"","_kad_post_vertical_padding":"","_kad_post_feature":"","_kad_post_feature_position":"","_kad_post_header":false,"_kad_post_footer":false,"_kad_post_classname":""},"product_brand":[],"product_cat":[14911],"product_tag":[],"class_list":{"0":"post-123407","1":"product","2":"type-product","3":"status-publish","4":"has-post-thumbnail","6":"product_cat-kablosuz-hoparlor-kablosuz-hoparlor","8":"first","9":"instock","10":"purchasable","11":"product-type-simple","12":"entry","13":"content-bg","14":"loop-entry"},"_links":{"self":[{"href":"https:\/\/www.hediyepazar.com\/index.php?rest_route=\/wp\/v2\/product\/123407","targetHints":{"allow":["GET"]}}],"collection":[{"href":"https:\/\/www.hediyepazar.com\/index.php?rest_route=\/wp\/v2\/product"}],"about":[{"href":"https:\/\/www.hediyepazar.com\/index.php?rest_route=\/wp\/v2\/types\/product"}],"replies":[{"embeddable":true,"href":"https:\/\/www.hediyepazar.com\/index.php?rest_route=%2Fwp%2Fv2%2Fcomments&post=123407"}],"wp:featuredmedia":[{"embeddable":true,"href":"https:\/\/www.hediyepazar.com\/index.php?rest_route=\/wp\/v2\/media\/123406"}],"wp:attachment":[{"href":"https:\/\/www.hediyepazar.com\/index.php?rest_route=%2Fwp%2Fv2%2Fmedia&parent=123407"}],"wp:term":[{"taxonomy":"product_brand","embeddable":true,"href":"https:\/\/www.hediyepazar.com\/index.php?rest_route=%2Fwp%2Fv2%2Fproduct_brand&post=123407"},{"taxonomy":"product_cat","embeddable":true,"href":"https:\/\/www.hediyepazar.com\/index.php?rest_route=%2Fwp%2Fv2%2Fproduct_cat&post=123407"},{"taxonomy":"product_tag","embeddable":true,"href":"https:\/\/www.hediyepazar.com\/index.php?rest_route=%2Fwp%2Fv2%2Fproduct_tag&post=123407"}],"curies":[{"name":"wp","href":"https:\/\/api.w.org\/{rel}","templated":true}]}}