{"id":123409,"date":"2026-05-06T12:40:20","date_gmt":"2026-05-06T15:40:20","guid":{"rendered":"https:\/\/www.hediyepazar.com\/?product=modern-tasarimli-alev-efektli-led-aromaterapi-hava-nemlendirici"},"modified":"2026-05-06T12:40:20","modified_gmt":"2026-05-06T15:40:20","slug":"modern-tasarimli-alev-efektli-led-aromaterapi-hava-nemlendirici","status":"publish","type":"product","link":"https:\/\/www.hediyepazar.com\/?product=modern-tasarimli-alev-efektli-led-aromaterapi-hava-nemlendirici","title":{"rendered":"Modern Tasar\u0131ml\u0131 Alev Efektli LED Aromaterapi Hava Nemlendirici"},"content":{"rendered":"<p>Modern Tasar\u0131ml\u0131 Alev Efektli LED Aromaterapi Hava Nemlendirici, ya\u015fam alanlar\u0131nda fark yaratan \u00e7ok y\u00f6nl\u00fc bir cihazd\u0131r. Alev g\u00f6r\u00fcn\u00fcml\u00fc LED \u0131\u015f\u0131klar\u0131 sayesinde klasik nemlendiricilerin \u00f6tesine ge\u00e7erek dekoratif bir atmosfer sunar. \u00d6zellikle dinlenme ve uyku alanlar\u0131nda huzur verici bir ambiyans olu\u015fturur.Bu \u00fcr\u00fcn, ortam\u0131n nem dengesini sa\u011flayarak daha sa\u011fl\u0131kl\u0131 bir hava sunar. Kuru hava kaynakl\u0131 rahats\u0131zl\u0131klar\u0131 azaltmaya yard\u0131mc\u0131 olurken, aromaterapi \u00f6zelli\u011fi ile stresin azalmas\u0131na katk\u0131 sa\u011flar. U\u00e7ucu ya\u011flarla birlikte kullan\u0131ld\u0131\u011f\u0131nda ferahlat\u0131c\u0131 ve rahatlat\u0131c\u0131 bir etki yarat\u0131r.Kumandal\u0131 kontrol sistemi, kullan\u0131m kolayl\u0131\u011f\u0131 sa\u011flar. Oturdu\u011funuz yerden cihaz\u0131 a\u00e7\u0131p kapatabilir, \u0131\u015f\u0131k modlar\u0131n\u0131 de\u011fi\u015ftirebilir ve buhar seviyesini ayarlayabilirsiniz. LED \u0131\u015f\u0131klar, hem dekoratif hem de ayd\u0131nlat\u0131c\u0131 bir i\u015flev g\u00f6r\u00fcr.Siyah renkli \u015f\u0131k tasar\u0131m\u0131, modern dekorasyon anlay\u0131\u015f\u0131na uyum sa\u011flar. Sessiz \u00e7al\u0131\u015fma \u00f6zelli\u011fi sayesinde gece kullan\u0131m\u0131 i\u00e7in de uygundur.Hem g\u00f6rsel hem de i\u015flevsel \u00f6zellikleriyle  alev efektli nemlendirici, ya\u015fam kalitenizi art\u0131rmak i\u00e7in ideal bir \u00e7\u00f6z\u00fcmd\u00fcr.<\/p>\n","protected":false},"excerpt":{"rendered":"<p>Modern Tasar\u0131ml\u0131 Alev Efektli LED Aromaterapi Hava Nemlendirici, ya\u015fam alanlar\u0131nda fark yaratan \u00e7ok y\u00f6nl\u00fc bir cihazd\u0131r. Alev g\u00f6r\u00fcn\u00fcml\u00fc LED \u0131\u015f\u0131klar\u0131 sayesinde klasik nemlendiricilerin \u00f6tesine ge\u00e7erek dekoratif bir atmosfer sunar. \u00d6zellikle dinlenme ve uyku alanlar\u0131nda huzur verici bir ambiyans olu\u015fturur.Bu \u00fcr\u00fcn, ortam\u0131n nem dengesini sa\u011flayarak daha sa\u011fl\u0131kl\u0131 bir hava sunar. Kuru hava kaynakl\u0131 rahats\u0131zl\u0131klar\u0131 azaltmaya yard\u0131mc\u0131&#8230;<\/p>\n","protected":false},"featured_media":123408,"comment_status":"open","ping_status":"closed","template":"","meta":{"_kad_post_transparent":"","_kad_post_title":"","_kad_post_layout":"","_kad_post_sidebar_id":"","_kad_post_content_style":"","_kad_post_vertical_padding":"","_kad_post_feature":"","_kad_post_feature_position":"","_kad_post_header":false,"_kad_post_footer":false,"_kad_post_classname":""},"product_brand":[],"product_cat":[14965],"product_tag":[],"class_list":{"0":"post-123409","1":"product","2":"type-product","3":"status-publish","4":"has-post-thumbnail","6":"product_cat-hava-nemlendirici-hava-nemlendirici","8":"first","9":"instock","10":"purchasable","11":"product-type-simple","12":"entry","13":"content-bg","14":"loop-entry"},"_links":{"self":[{"href":"https:\/\/www.hediyepazar.com\/index.php?rest_route=\/wp\/v2\/product\/123409","targetHints":{"allow":["GET"]}}],"collection":[{"href":"https:\/\/www.hediyepazar.com\/index.php?rest_route=\/wp\/v2\/product"}],"about":[{"href":"https:\/\/www.hediyepazar.com\/index.php?rest_route=\/wp\/v2\/types\/product"}],"replies":[{"embeddable":true,"href":"https:\/\/www.hediyepazar.com\/index.php?rest_route=%2Fwp%2Fv2%2Fcomments&post=123409"}],"wp:featuredmedia":[{"embeddable":true,"href":"https:\/\/www.hediyepazar.com\/index.php?rest_route=\/wp\/v2\/media\/123408"}],"wp:attachment":[{"href":"https:\/\/www.hediyepazar.com\/index.php?rest_route=%2Fwp%2Fv2%2Fmedia&parent=123409"}],"wp:term":[{"taxonomy":"product_brand","embeddable":true,"href":"https:\/\/www.hediyepazar.com\/index.php?rest_route=%2Fwp%2Fv2%2Fproduct_brand&post=123409"},{"taxonomy":"product_cat","embeddable":true,"href":"https:\/\/www.hediyepazar.com\/index.php?rest_route=%2Fwp%2Fv2%2Fproduct_cat&post=123409"},{"taxonomy":"product_tag","embeddable":true,"href":"https:\/\/www.hediyepazar.com\/index.php?rest_route=%2Fwp%2Fv2%2Fproduct_tag&post=123409"}],"curies":[{"name":"wp","href":"https:\/\/api.w.org\/{rel}","templated":true}]}}