{"id":123429,"date":"2026-05-06T12:44:17","date_gmt":"2026-05-06T15:44:17","guid":{"rendered":"https:\/\/www.hediyepazar.com\/?product=10-metre-papatya-desenli-dolap-ici-kaymaz-koruyucu-mat"},"modified":"2026-05-06T12:44:17","modified_gmt":"2026-05-06T15:44:17","slug":"10-metre-papatya-desenli-dolap-ici-kaymaz-koruyucu-mat","status":"publish","type":"product","link":"https:\/\/www.hediyepazar.com\/?product=10-metre-papatya-desenli-dolap-ici-kaymaz-koruyucu-mat","title":{"rendered":"10 Metre Papatya Desenli Dolap \u0130\u00e7i Kaymaz Koruyucu Mat"},"content":{"rendered":"<p>Evinizde pratik ve estetik bir d\u00fczen olu\u015fturmak i\u00e7in tasarlanan bu papatya desenli \u00e7ekmece i\u00e7i mat, 10 metre uzunlu\u011fu ile dikkat \u00e7eker. Uzun yap\u0131s\u0131 sayesinde \u00e7ekmece ve dolap i\u00e7lerinde geni\u015f alanlar\u0131 kaplayabilir, istenilen \u00f6l\u00e7\u00fclerde kesilerek kullan\u0131labilir.Kaymaz y\u00fczeyi, e\u015fyalar\u0131n sabit durmas\u0131n\u0131 sa\u011flar. Yap\u0131\u015fkan i\u00e7ermedi\u011fi i\u00e7in y\u00fczeylerde kal\u0131nt\u0131 b\u0131rakmaz. \u015eeffaf ve desenli tasar\u0131m\u0131, \u00e7ekmece i\u00e7lerini daha d\u00fczenli ve ferah g\u00f6sterir.Kolay temizlenebilir yap\u0131s\u0131 hijyenik kullan\u0131m sunar. Mutfak, banyo, ofis ve makyaj masas\u0131 \u00e7ekmecelerinde rahatl\u0131kla kullan\u0131labilir. 10 metrelik uzunluk, \u00e7ok ama\u00e7l\u0131 kullan\u0131m i\u00e7in b\u00fcy\u00fck avantaj sa\u011flar.<\/p>\n","protected":false},"excerpt":{"rendered":"<p>Evinizde pratik ve estetik bir d\u00fczen olu\u015fturmak i\u00e7in tasarlanan bu papatya desenli \u00e7ekmece i\u00e7i mat, 10 metre uzunlu\u011fu ile dikkat \u00e7eker. Uzun yap\u0131s\u0131 sayesinde \u00e7ekmece ve dolap i\u00e7lerinde geni\u015f alanlar\u0131 kaplayabilir, istenilen \u00f6l\u00e7\u00fclerde kesilerek kullan\u0131labilir.Kaymaz y\u00fczeyi, e\u015fyalar\u0131n sabit durmas\u0131n\u0131 sa\u011flar. Yap\u0131\u015fkan i\u00e7ermedi\u011fi i\u00e7in y\u00fczeylerde kal\u0131nt\u0131 b\u0131rakmaz. \u015eeffaf ve desenli tasar\u0131m\u0131, \u00e7ekmece i\u00e7lerini daha d\u00fczenli ve&#8230;<\/p>\n","protected":false},"featured_media":123428,"comment_status":"open","ping_status":"closed","template":"","meta":{"_kad_post_transparent":"","_kad_post_title":"","_kad_post_layout":"","_kad_post_sidebar_id":"","_kad_post_content_style":"","_kad_post_vertical_padding":"","_kad_post_feature":"","_kad_post_feature_position":"","_kad_post_header":false,"_kad_post_footer":false,"_kad_post_classname":""},"product_brand":[],"product_cat":[15068],"product_tag":[],"class_list":{"0":"post-123429","1":"product","2":"type-product","3":"status-publish","4":"has-post-thumbnail","6":"product_cat-pratik-mutfak-gerecleri-pratik-mutfak-gerecleri-2","8":"first","9":"instock","10":"purchasable","11":"product-type-simple","12":"entry","13":"content-bg","14":"loop-entry"},"_links":{"self":[{"href":"https:\/\/www.hediyepazar.com\/index.php?rest_route=\/wp\/v2\/product\/123429","targetHints":{"allow":["GET"]}}],"collection":[{"href":"https:\/\/www.hediyepazar.com\/index.php?rest_route=\/wp\/v2\/product"}],"about":[{"href":"https:\/\/www.hediyepazar.com\/index.php?rest_route=\/wp\/v2\/types\/product"}],"replies":[{"embeddable":true,"href":"https:\/\/www.hediyepazar.com\/index.php?rest_route=%2Fwp%2Fv2%2Fcomments&post=123429"}],"wp:featuredmedia":[{"embeddable":true,"href":"https:\/\/www.hediyepazar.com\/index.php?rest_route=\/wp\/v2\/media\/123428"}],"wp:attachment":[{"href":"https:\/\/www.hediyepazar.com\/index.php?rest_route=%2Fwp%2Fv2%2Fmedia&parent=123429"}],"wp:term":[{"taxonomy":"product_brand","embeddable":true,"href":"https:\/\/www.hediyepazar.com\/index.php?rest_route=%2Fwp%2Fv2%2Fproduct_brand&post=123429"},{"taxonomy":"product_cat","embeddable":true,"href":"https:\/\/www.hediyepazar.com\/index.php?rest_route=%2Fwp%2Fv2%2Fproduct_cat&post=123429"},{"taxonomy":"product_tag","embeddable":true,"href":"https:\/\/www.hediyepazar.com\/index.php?rest_route=%2Fwp%2Fv2%2Fproduct_tag&post=123429"}],"curies":[{"name":"wp","href":"https:\/\/api.w.org\/{rel}","templated":true}]}}