{"id":123441,"date":"2026-05-06T12:45:20","date_gmt":"2026-05-06T15:45:20","guid":{"rendered":"https:\/\/www.hediyepazar.com\/?product=10-metre-toz-korumali-kaydirmaz-seffaf-cekmece-organizeri"},"modified":"2026-05-06T12:45:20","modified_gmt":"2026-05-06T15:45:20","slug":"10-metre-toz-korumali-kaydirmaz-seffaf-cekmece-organizeri","status":"publish","type":"product","link":"https:\/\/www.hediyepazar.com\/?product=10-metre-toz-korumali-kaydirmaz-seffaf-cekmece-organizeri","title":{"rendered":"10 Metre Toz Korumal\u0131 Kayd\u0131rmaz \u015eeffaf \u00c7ekmece Organizeri"},"content":{"rendered":"<p>Bu \u015feffaf ve silikon tabanl\u0131 \u00e7ekmece i\u00e7i d\u00fczenleyici, \u00e7ekmece i\u00e7indeki da\u011f\u0131n\u0131kl\u0131\u011f\u0131 ortadan kald\u0131rmak ve e\u015fyalar\u0131n\u0131z\u0131 g\u00fcvenle saklamak i\u00e7in tasarlanm\u0131\u015ft\u0131r. \u00dcr\u00fcn 10 metre uzunlu\u011fundad\u0131r ve tek par\u00e7a halinde g\u00f6nderilir. Bu sayede uzun \u00e7ekmecelerde tek seferde kullan\u0131labilir ya da istenilen \u00f6l\u00e7\u00fclerde kesilerek birden fazla alanda de\u011ferlendirilebilir.\u015eeffaf tasar\u0131m\u0131, \u00e7ekmece i\u00e7eri\u011finin kolayca g\u00f6r\u00fclmesini sa\u011flar. Arad\u0131\u011f\u0131n\u0131z e\u015fyay\u0131 bulmak i\u00e7in \u00e7ekmeceyi kar\u0131\u015ft\u0131rman\u0131za gerek kalmaz. Tozdan koruyucu \u00f6zelli\u011fi, e\u015fyalar\u0131n daha temiz kalmas\u0131na yard\u0131mc\u0131 olur ve hijyenik bir saklama alan\u0131 olu\u015fturur.Alt k\u0131sm\u0131nda yer alan silikonlu kaymaz y\u00fczey, \u00e7ekmece i\u00e7erisinde sabit durmas\u0131n\u0131 sa\u011flar. \u00c7ekmece a\u00e7\u0131ld\u0131\u011f\u0131nda \u00fcr\u00fcn kaymaz, i\u00e7indeki e\u015fyalar da da\u011f\u0131lmaz. Dayan\u0131kl\u0131 plastik malzeme, \u00fcr\u00fcn\u00fc s\u0131k kullan\u0131ma uygun hale getirir ve uzun s\u00fcre formunu korur.Kolay temizlenebilir yap\u0131s\u0131 sayesinde su ile h\u0131zl\u0131ca temizlenebilir. 10 metrelik uzunluk, \u00f6zellikle mutfak ve banyo gibi birden fazla \u00e7ekmecenin bulundu\u011fu alanlarda tek \u00fcr\u00fcnle \u00e7\u00f6z\u00fcm sunar. Pratik, dayan\u0131kl\u0131 ve d\u00fczen sa\u011flayan bir \u00e7ekmece i\u00e7i \u00e7\u00f6z\u00fcmd\u00fcr.<\/p>\n","protected":false},"excerpt":{"rendered":"<p>Bu \u015feffaf ve silikon tabanl\u0131 \u00e7ekmece i\u00e7i d\u00fczenleyici, \u00e7ekmece i\u00e7indeki da\u011f\u0131n\u0131kl\u0131\u011f\u0131 ortadan kald\u0131rmak ve e\u015fyalar\u0131n\u0131z\u0131 g\u00fcvenle saklamak i\u00e7in tasarlanm\u0131\u015ft\u0131r. \u00dcr\u00fcn 10 metre uzunlu\u011fundad\u0131r ve tek par\u00e7a halinde g\u00f6nderilir. Bu sayede uzun \u00e7ekmecelerde tek seferde kullan\u0131labilir ya da istenilen \u00f6l\u00e7\u00fclerde kesilerek birden fazla alanda de\u011ferlendirilebilir.\u015eeffaf tasar\u0131m\u0131, \u00e7ekmece i\u00e7eri\u011finin kolayca g\u00f6r\u00fclmesini sa\u011flar. Arad\u0131\u011f\u0131n\u0131z e\u015fyay\u0131 bulmak i\u00e7in \u00e7ekmeceyi&#8230;<\/p>\n","protected":false},"featured_media":123440,"comment_status":"open","ping_status":"closed","template":"","meta":{"_kad_post_transparent":"","_kad_post_title":"","_kad_post_layout":"","_kad_post_sidebar_id":"","_kad_post_content_style":"","_kad_post_vertical_padding":"","_kad_post_feature":"","_kad_post_feature_position":"","_kad_post_header":false,"_kad_post_footer":false,"_kad_post_classname":""},"product_brand":[],"product_cat":[15068],"product_tag":[],"class_list":{"0":"post-123441","1":"product","2":"type-product","3":"status-publish","4":"has-post-thumbnail","6":"product_cat-pratik-mutfak-gerecleri-pratik-mutfak-gerecleri-2","8":"first","9":"instock","10":"purchasable","11":"product-type-simple","12":"entry","13":"content-bg","14":"loop-entry"},"_links":{"self":[{"href":"https:\/\/www.hediyepazar.com\/index.php?rest_route=\/wp\/v2\/product\/123441","targetHints":{"allow":["GET"]}}],"collection":[{"href":"https:\/\/www.hediyepazar.com\/index.php?rest_route=\/wp\/v2\/product"}],"about":[{"href":"https:\/\/www.hediyepazar.com\/index.php?rest_route=\/wp\/v2\/types\/product"}],"replies":[{"embeddable":true,"href":"https:\/\/www.hediyepazar.com\/index.php?rest_route=%2Fwp%2Fv2%2Fcomments&post=123441"}],"wp:featuredmedia":[{"embeddable":true,"href":"https:\/\/www.hediyepazar.com\/index.php?rest_route=\/wp\/v2\/media\/123440"}],"wp:attachment":[{"href":"https:\/\/www.hediyepazar.com\/index.php?rest_route=%2Fwp%2Fv2%2Fmedia&parent=123441"}],"wp:term":[{"taxonomy":"product_brand","embeddable":true,"href":"https:\/\/www.hediyepazar.com\/index.php?rest_route=%2Fwp%2Fv2%2Fproduct_brand&post=123441"},{"taxonomy":"product_cat","embeddable":true,"href":"https:\/\/www.hediyepazar.com\/index.php?rest_route=%2Fwp%2Fv2%2Fproduct_cat&post=123441"},{"taxonomy":"product_tag","embeddable":true,"href":"https:\/\/www.hediyepazar.com\/index.php?rest_route=%2Fwp%2Fv2%2Fproduct_tag&post=123441"}],"curies":[{"name":"wp","href":"https:\/\/api.w.org\/{rel}","templated":true}]}}