{"id":123607,"date":"2026-05-06T13:18:16","date_gmt":"2026-05-06T16:18:16","guid":{"rendered":"https:\/\/www.hediyepazar.com\/?product=h11-mini-akilli-saat"},"modified":"2026-05-06T13:18:16","modified_gmt":"2026-05-06T16:18:16","slug":"h11-mini-akilli-saat","status":"publish","type":"product","link":"https:\/\/www.hediyepazar.com\/?product=h11-mini-akilli-saat","title":{"rendered":"H11 M\u0130N\u0130 AKILLI SAAT"},"content":{"rendered":"<p>Geni\u015f ekranl\u0131 ve uzun pil \u00f6m\u00fcrl\u00fc bu ak\u0131ll\u0131 saat, g\u00fcnl\u00fck kullan\u0131m ve spor aktiviteleri i\u00e7in tasarlanm\u0131\u015ft\u0131r. T\u00fcrk\u00e7e men\u00fc deste\u011fi, kolay kurulum ve pratik kullan\u0131m sa\u011flar.Bluetooth arama, sa\u011fl\u0131k izleme ve spor modlar\u0131 ile \u00e7ok y\u00f6nl\u00fc bir deneyim sunar. Suya dayan\u0131kl\u0131 yap\u0131s\u0131 ve \u015f\u0131k tasar\u0131m\u0131 ile her ortamda rahatl\u0131kla kullan\u0131labilir.<\/p>\n","protected":false},"excerpt":{"rendered":"<p>Geni\u015f ekranl\u0131 ve uzun pil \u00f6m\u00fcrl\u00fc bu ak\u0131ll\u0131 saat, g\u00fcnl\u00fck kullan\u0131m ve spor aktiviteleri i\u00e7in tasarlanm\u0131\u015ft\u0131r. T\u00fcrk\u00e7e men\u00fc deste\u011fi, kolay kurulum ve pratik kullan\u0131m sa\u011flar.Bluetooth arama, sa\u011fl\u0131k izleme ve spor modlar\u0131 ile \u00e7ok y\u00f6nl\u00fc bir deneyim sunar. Suya dayan\u0131kl\u0131 yap\u0131s\u0131 ve \u015f\u0131k tasar\u0131m\u0131 ile her ortamda rahatl\u0131kla kullan\u0131labilir.<\/p>\n","protected":false},"featured_media":123606,"comment_status":"open","ping_status":"closed","template":"","meta":{"_kad_post_transparent":"","_kad_post_title":"","_kad_post_layout":"","_kad_post_sidebar_id":"","_kad_post_content_style":"","_kad_post_vertical_padding":"","_kad_post_feature":"","_kad_post_feature_position":"","_kad_post_header":false,"_kad_post_footer":false,"_kad_post_classname":""},"product_brand":[],"product_cat":[14935],"product_tag":[],"class_list":{"0":"post-123607","1":"product","2":"type-product","3":"status-publish","4":"has-post-thumbnail","6":"product_cat-akilli-saatler-akilli-saatler","8":"first","9":"instock","10":"purchasable","11":"product-type-simple","12":"entry","13":"content-bg","14":"loop-entry"},"_links":{"self":[{"href":"https:\/\/www.hediyepazar.com\/index.php?rest_route=\/wp\/v2\/product\/123607","targetHints":{"allow":["GET"]}}],"collection":[{"href":"https:\/\/www.hediyepazar.com\/index.php?rest_route=\/wp\/v2\/product"}],"about":[{"href":"https:\/\/www.hediyepazar.com\/index.php?rest_route=\/wp\/v2\/types\/product"}],"replies":[{"embeddable":true,"href":"https:\/\/www.hediyepazar.com\/index.php?rest_route=%2Fwp%2Fv2%2Fcomments&post=123607"}],"wp:featuredmedia":[{"embeddable":true,"href":"https:\/\/www.hediyepazar.com\/index.php?rest_route=\/wp\/v2\/media\/123606"}],"wp:attachment":[{"href":"https:\/\/www.hediyepazar.com\/index.php?rest_route=%2Fwp%2Fv2%2Fmedia&parent=123607"}],"wp:term":[{"taxonomy":"product_brand","embeddable":true,"href":"https:\/\/www.hediyepazar.com\/index.php?rest_route=%2Fwp%2Fv2%2Fproduct_brand&post=123607"},{"taxonomy":"product_cat","embeddable":true,"href":"https:\/\/www.hediyepazar.com\/index.php?rest_route=%2Fwp%2Fv2%2Fproduct_cat&post=123607"},{"taxonomy":"product_tag","embeddable":true,"href":"https:\/\/www.hediyepazar.com\/index.php?rest_route=%2Fwp%2Fv2%2Fproduct_tag&post=123607"}],"curies":[{"name":"wp","href":"https:\/\/api.w.org\/{rel}","templated":true}]}}