{"id":123611,"date":"2026-05-06T13:18:30","date_gmt":"2026-05-06T16:18:30","guid":{"rendered":"https:\/\/www.hediyepazar.com\/?product=saglik-takipli-akilli-saat-117-spor-modlu-amoled-ekran"},"modified":"2026-05-06T13:18:30","modified_gmt":"2026-05-06T16:18:30","slug":"saglik-takipli-akilli-saat-117-spor-modlu-amoled-ekran","status":"publish","type":"product","link":"https:\/\/www.hediyepazar.com\/?product=saglik-takipli-akilli-saat-117-spor-modlu-amoled-ekran","title":{"rendered":"Sa\u011fl\u0131k Takipli Ak\u0131ll\u0131 Saat 117 Spor Modlu AMOLED Ekran"},"content":{"rendered":"<p>Sa\u011fl\u0131k ve spor takibini bir arada sunan bu ak\u0131ll\u0131 saat, aktif ya\u015fam tarz\u0131n\u0131 benimseyenler i\u00e7in ideal bir se\u00e7imdir. Geni\u015f AMOLED ekran\u0131, T\u00fcrk\u00e7e men\u00fcs\u00fc ve kolay kullan\u0131m sunan aray\u00fcz\u00fc ile dikkat \u00e7eker.Bluetooth arama \u00f6zelli\u011fi sayesinde telefonunuza dokunmadan \u00e7a\u011fr\u0131lar\u0131n\u0131z\u0131 y\u00f6netebilirsiniz. Uzun pil \u00f6mr\u00fc, g\u00fcnl\u00fck kullan\u0131mda b\u00fcy\u00fck konfor sa\u011flar. Sa\u011fl\u0131k sens\u00f6rleri sayesinde nab\u0131z, uyku, tansiyon ve v\u00fccut s\u0131cakl\u0131\u011f\u0131 \u00f6l\u00e7\u00fcm\u00fc yap\u0131labilir.117 spor modu, farkl\u0131 spor dallar\u0131nda performans takibi yapman\u0131za olanak tan\u0131r. Suya dayan\u0131kl\u0131 yap\u0131s\u0131, g\u00fcnl\u00fck kullan\u0131mda g\u00fcven sa\u011flar.<\/p>\n","protected":false},"excerpt":{"rendered":"<p>Sa\u011fl\u0131k ve spor takibini bir arada sunan bu ak\u0131ll\u0131 saat, aktif ya\u015fam tarz\u0131n\u0131 benimseyenler i\u00e7in ideal bir se\u00e7imdir. Geni\u015f AMOLED ekran\u0131, T\u00fcrk\u00e7e men\u00fcs\u00fc ve kolay kullan\u0131m sunan aray\u00fcz\u00fc ile dikkat \u00e7eker.Bluetooth arama \u00f6zelli\u011fi sayesinde telefonunuza dokunmadan \u00e7a\u011fr\u0131lar\u0131n\u0131z\u0131 y\u00f6netebilirsiniz. Uzun pil \u00f6mr\u00fc, g\u00fcnl\u00fck kullan\u0131mda b\u00fcy\u00fck konfor sa\u011flar. Sa\u011fl\u0131k sens\u00f6rleri sayesinde nab\u0131z, uyku, tansiyon ve v\u00fccut s\u0131cakl\u0131\u011f\u0131&#8230;<\/p>\n","protected":false},"featured_media":123610,"comment_status":"open","ping_status":"closed","template":"","meta":{"_kad_post_transparent":"","_kad_post_title":"","_kad_post_layout":"","_kad_post_sidebar_id":"","_kad_post_content_style":"","_kad_post_vertical_padding":"","_kad_post_feature":"","_kad_post_feature_position":"","_kad_post_header":false,"_kad_post_footer":false,"_kad_post_classname":""},"product_brand":[],"product_cat":[14935],"product_tag":[],"class_list":{"0":"post-123611","1":"product","2":"type-product","3":"status-publish","4":"has-post-thumbnail","6":"product_cat-akilli-saatler-akilli-saatler","8":"first","9":"instock","10":"purchasable","11":"product-type-simple","12":"entry","13":"content-bg","14":"loop-entry"},"_links":{"self":[{"href":"https:\/\/www.hediyepazar.com\/index.php?rest_route=\/wp\/v2\/product\/123611","targetHints":{"allow":["GET"]}}],"collection":[{"href":"https:\/\/www.hediyepazar.com\/index.php?rest_route=\/wp\/v2\/product"}],"about":[{"href":"https:\/\/www.hediyepazar.com\/index.php?rest_route=\/wp\/v2\/types\/product"}],"replies":[{"embeddable":true,"href":"https:\/\/www.hediyepazar.com\/index.php?rest_route=%2Fwp%2Fv2%2Fcomments&post=123611"}],"wp:featuredmedia":[{"embeddable":true,"href":"https:\/\/www.hediyepazar.com\/index.php?rest_route=\/wp\/v2\/media\/123610"}],"wp:attachment":[{"href":"https:\/\/www.hediyepazar.com\/index.php?rest_route=%2Fwp%2Fv2%2Fmedia&parent=123611"}],"wp:term":[{"taxonomy":"product_brand","embeddable":true,"href":"https:\/\/www.hediyepazar.com\/index.php?rest_route=%2Fwp%2Fv2%2Fproduct_brand&post=123611"},{"taxonomy":"product_cat","embeddable":true,"href":"https:\/\/www.hediyepazar.com\/index.php?rest_route=%2Fwp%2Fv2%2Fproduct_cat&post=123611"},{"taxonomy":"product_tag","embeddable":true,"href":"https:\/\/www.hediyepazar.com\/index.php?rest_route=%2Fwp%2Fv2%2Fproduct_tag&post=123611"}],"curies":[{"name":"wp","href":"https:\/\/api.w.org\/{rel}","templated":true}]}}