{"id":123623,"date":"2026-05-06T13:20:21","date_gmt":"2026-05-06T16:20:21","guid":{"rendered":"https:\/\/www.hediyepazar.com\/?product=dort-mevsim-motosiklet-brandasi-koruyucu"},"modified":"2026-05-06T13:20:21","modified_gmt":"2026-05-06T16:20:21","slug":"dort-mevsim-motosiklet-brandasi-koruyucu","status":"publish","type":"product","link":"https:\/\/www.hediyepazar.com\/?product=dort-mevsim-motosiklet-brandasi-koruyucu","title":{"rendered":"D\u00f6rt Mevsim Motosiklet Brandas\u0131 Koruyucu"},"content":{"rendered":"<p>Motosikletinizi d\u0131\u015f etkenlerden korumak, uzun \u00f6m\u00fcrl\u00fc kullan\u0131m ve estetik g\u00f6r\u00fcn\u00fcm a\u00e7\u0131s\u0131ndan b\u00fcy\u00fck \u00f6nem ta\u015f\u0131r. Bu motosiklet brandas\u0131, sa\u011flam yap\u0131s\u0131 ve fonksiyonel \u00f6zellikleriyle motosiklet sahiplerine d\u00f6rt mevsim g\u00fcvenilir bir koruma sunar. A\u00e7\u0131k alan parklar\u0131nda ve d\u0131\u015f mek\u00e2n ko\u015fullar\u0131nda g\u00f6n\u00fcl rahatl\u0131\u011f\u0131yla kullan\u0131labilir.Su ve toz ge\u00e7irmez d\u0131\u015f y\u00fczeyi, motosikletinizi ya\u011fmur, kar, \u00e7amur ve \u00e7evresel kirleticilere kar\u015f\u0131 korur. \u0130\u00e7 y\u00fczeyde kullan\u0131lan yumu\u015fak doku, boyaya zarar vermez ve \u00e7izilmeleri engeller. Bu sayede motosikletiniz her zaman temiz ve bak\u0131ml\u0131 g\u00f6r\u00fcn\u00fcr.Terleme yapmayan yap\u0131s\u0131, nemin d\u0131\u015far\u0131 at\u0131lmas\u0131na yard\u0131mc\u0131 olur. Uzun s\u00fcre kapal\u0131 kalan motosikletlerde olu\u015fabilecek rutubet ve paslanma riskini azalt\u0131r. Ayn\u0131 zamanda hava ve polen filtrelerinin t\u0131kanmas\u0131n\u0131 \u00f6nleyerek motosikletin mekanik sa\u011fl\u0131\u011f\u0131n\u0131 korur.Yaz aylar\u0131nda s\u0131cak ve kuru havalarda motosiklet boyas\u0131na zarar vermez. G\u00fcne\u015f \u0131\u015f\u0131nlar\u0131n\u0131n neden oldu\u011fu solma ve deformasyon riskini azalt\u0131r. K\u0131\u015f aylar\u0131nda ise so\u011fuk hava, don ve ya\u011f\u0131\u015flara kar\u015f\u0131 etkili bir koruma sa\u011flar. Geni\u015f s\u0131cakl\u0131k tolerans\u0131 sayesinde her mevsim g\u00fcvenle kullan\u0131labilir.Motosiklet \u00fczerinin kapal\u0131 olmas\u0131, d\u0131\u015far\u0131dan bak\u0131ld\u0131\u011f\u0131nda cayd\u0131r\u0131c\u0131 bir etki yarat\u0131r ve g\u00fcvenli\u011fi art\u0131r\u0131r. Ta\u015f\u0131ma torbas\u0131 sayesinde pratik kullan\u0131m sunar. D\u00fczenli kullan\u0131mda motosikletinizin de\u011ferini koruman\u0131za yard\u0131mc\u0131 olur.<\/p>\n","protected":false},"excerpt":{"rendered":"<p>Motosikletinizi d\u0131\u015f etkenlerden korumak, uzun \u00f6m\u00fcrl\u00fc kullan\u0131m ve estetik g\u00f6r\u00fcn\u00fcm a\u00e7\u0131s\u0131ndan b\u00fcy\u00fck \u00f6nem ta\u015f\u0131r. Bu motosiklet brandas\u0131, sa\u011flam yap\u0131s\u0131 ve fonksiyonel \u00f6zellikleriyle motosiklet sahiplerine d\u00f6rt mevsim g\u00fcvenilir bir koruma sunar. A\u00e7\u0131k alan parklar\u0131nda ve d\u0131\u015f mek\u00e2n ko\u015fullar\u0131nda g\u00f6n\u00fcl rahatl\u0131\u011f\u0131yla kullan\u0131labilir.Su ve toz ge\u00e7irmez d\u0131\u015f y\u00fczeyi, motosikletinizi ya\u011fmur, kar, \u00e7amur ve \u00e7evresel kirleticilere kar\u015f\u0131 korur. \u0130\u00e7&#8230;<\/p>\n","protected":false},"featured_media":123622,"comment_status":"open","ping_status":"closed","template":"","meta":{"_kad_post_transparent":"","_kad_post_title":"","_kad_post_layout":"","_kad_post_sidebar_id":"","_kad_post_content_style":"","_kad_post_vertical_padding":"","_kad_post_feature":"","_kad_post_feature_position":"","_kad_post_header":false,"_kad_post_footer":false,"_kad_post_classname":""},"product_brand":[],"product_cat":[14921],"product_tag":[],"class_list":{"0":"post-123623","1":"product","2":"type-product","3":"status-publish","4":"has-post-thumbnail","6":"product_cat-oto-guneslik-perde-oto-guneslik-perde-2","8":"first","9":"instock","10":"purchasable","11":"product-type-simple","12":"entry","13":"content-bg","14":"loop-entry"},"_links":{"self":[{"href":"https:\/\/www.hediyepazar.com\/index.php?rest_route=\/wp\/v2\/product\/123623","targetHints":{"allow":["GET"]}}],"collection":[{"href":"https:\/\/www.hediyepazar.com\/index.php?rest_route=\/wp\/v2\/product"}],"about":[{"href":"https:\/\/www.hediyepazar.com\/index.php?rest_route=\/wp\/v2\/types\/product"}],"replies":[{"embeddable":true,"href":"https:\/\/www.hediyepazar.com\/index.php?rest_route=%2Fwp%2Fv2%2Fcomments&post=123623"}],"wp:featuredmedia":[{"embeddable":true,"href":"https:\/\/www.hediyepazar.com\/index.php?rest_route=\/wp\/v2\/media\/123622"}],"wp:attachment":[{"href":"https:\/\/www.hediyepazar.com\/index.php?rest_route=%2Fwp%2Fv2%2Fmedia&parent=123623"}],"wp:term":[{"taxonomy":"product_brand","embeddable":true,"href":"https:\/\/www.hediyepazar.com\/index.php?rest_route=%2Fwp%2Fv2%2Fproduct_brand&post=123623"},{"taxonomy":"product_cat","embeddable":true,"href":"https:\/\/www.hediyepazar.com\/index.php?rest_route=%2Fwp%2Fv2%2Fproduct_cat&post=123623"},{"taxonomy":"product_tag","embeddable":true,"href":"https:\/\/www.hediyepazar.com\/index.php?rest_route=%2Fwp%2Fv2%2Fproduct_tag&post=123623"}],"curies":[{"name":"wp","href":"https:\/\/api.w.org\/{rel}","templated":true}]}}