{"id":123659,"date":"2026-05-06T13:32:06","date_gmt":"2026-05-06T16:32:06","guid":{"rendered":"https:\/\/www.hediyepazar.com\/?product=ekose-derin-gogus-dekolteli-sik-liseli-kostum-15075"},"modified":"2026-05-06T13:32:06","modified_gmt":"2026-05-06T16:32:06","slug":"ekose-derin-gogus-dekolteli-sik-liseli-kostum-15075","status":"publish","type":"product","link":"https:\/\/www.hediyepazar.com\/?product=ekose-derin-gogus-dekolteli-sik-liseli-kostum-15075","title":{"rendered":"Ekose Derin G\u00f6\u011f\u00fcs Dekolteli \u015e\u0131k Liseli Kost\u00fcm 15075"},"content":{"rendered":"<p> Ekose Derin G\u00f6\u011f\u00fcs Dekolteli \u015e\u0131k Liseli Kost\u00fcm 15075<\/p>\n<p>\u00dcr\u00fcn 2 par\u00e7adan olu\u015fmaktad\u0131r. Par\u00e7alar : *Babydoll *Etek<\/p>\n<p>Bedenler : S\/M &#8211; L\/XL &#8211; 2XL\/3XL<\/p>\n<p>&nbsp;90% Polyester %10 Elastan Malzemeden \u00fcretilmi\u015ftir.<\/p>\n<p>Not :\u0130ncelediginiz \u00dcr\u00fcn Hijyen Kurallar\u0131 Gere\u011fi \u0130ade Ve De\u011fi\u015fimi Bulunmamaktad\u0131r.<\/p>\n","protected":false},"excerpt":{"rendered":"<p>Ekose Derin G\u00f6\u011f\u00fcs Dekolteli \u015e\u0131k Liseli Kost\u00fcm 15075 \u00dcr\u00fcn 2 par\u00e7adan olu\u015fmaktad\u0131r. Par\u00e7alar : *Babydoll *Etek Bedenler : S\/M &#8211; L\/XL &#8211; 2XL\/3XL &nbsp;90% Polyester %10 Elastan Malzemeden \u00fcretilmi\u015ftir. Not :\u0130ncelediginiz \u00dcr\u00fcn Hijyen Kurallar\u0131 Gere\u011fi \u0130ade Ve De\u011fi\u015fimi Bulunmamaktad\u0131r.<\/p>\n","protected":false},"featured_media":0,"comment_status":"open","ping_status":"closed","template":"","meta":{"_kad_post_transparent":"","_kad_post_title":"","_kad_post_layout":"","_kad_post_sidebar_id":"","_kad_post_content_style":"","_kad_post_vertical_padding":"","_kad_post_feature":"","_kad_post_feature_position":"","_kad_post_header":false,"_kad_post_footer":false,"_kad_post_classname":""},"product_brand":[],"product_cat":[15173],"product_tag":[],"class_list":{"0":"post-123659","1":"product","2":"type-product","3":"status-publish","5":"product_cat-fantezi-kostum-fantezi-kostum","7":"first","8":"instock","9":"purchasable","10":"product-type-simple","11":"entry","12":"content-bg","13":"loop-entry"},"_links":{"self":[{"href":"https:\/\/www.hediyepazar.com\/index.php?rest_route=\/wp\/v2\/product\/123659","targetHints":{"allow":["GET"]}}],"collection":[{"href":"https:\/\/www.hediyepazar.com\/index.php?rest_route=\/wp\/v2\/product"}],"about":[{"href":"https:\/\/www.hediyepazar.com\/index.php?rest_route=\/wp\/v2\/types\/product"}],"replies":[{"embeddable":true,"href":"https:\/\/www.hediyepazar.com\/index.php?rest_route=%2Fwp%2Fv2%2Fcomments&post=123659"}],"wp:attachment":[{"href":"https:\/\/www.hediyepazar.com\/index.php?rest_route=%2Fwp%2Fv2%2Fmedia&parent=123659"}],"wp:term":[{"taxonomy":"product_brand","embeddable":true,"href":"https:\/\/www.hediyepazar.com\/index.php?rest_route=%2Fwp%2Fv2%2Fproduct_brand&post=123659"},{"taxonomy":"product_cat","embeddable":true,"href":"https:\/\/www.hediyepazar.com\/index.php?rest_route=%2Fwp%2Fv2%2Fproduct_cat&post=123659"},{"taxonomy":"product_tag","embeddable":true,"href":"https:\/\/www.hediyepazar.com\/index.php?rest_route=%2Fwp%2Fv2%2Fproduct_tag&post=123659"}],"curies":[{"name":"wp","href":"https:\/\/api.w.org\/{rel}","templated":true}]}}