{"id":123667,"date":"2026-05-06T13:34:16","date_gmt":"2026-05-06T16:34:16","guid":{"rendered":"https:\/\/www.hediyepazar.com\/?product=siyah-zebra-desenli-dantelli-gecelik-15588"},"modified":"2026-05-06T13:34:16","modified_gmt":"2026-05-06T16:34:16","slug":"siyah-zebra-desenli-dantelli-gecelik-15588","status":"publish","type":"product","link":"https:\/\/www.hediyepazar.com\/?product=siyah-zebra-desenli-dantelli-gecelik-15588","title":{"rendered":"Siyah Zebra Desenli Dantelli Gecelik 15588"},"content":{"rendered":"<p>Siyah Zebra Desenli Dantelli Gecelik 15588 Paket \u0130\u00e7eri\u011fi; *Gecelik *Slip Bedenler : S\/M &#8211; L\/XL &#8211; 2XL\/3XL %100 polyester Not :\u0130ncelediginiz \u00dcr\u00fcn Hijyen Kurallar\u0131 Gere\u011fi \u0130ade Ve De\u011fi\u015fimi Bulunmamaktad\u0131r.<\/p>\n","protected":false},"excerpt":{"rendered":"<p>Siyah Zebra Desenli Dantelli Gecelik 15588 Paket \u0130\u00e7eri\u011fi; *Gecelik *Slip Bedenler : S\/M &#8211; L\/XL &#8211; 2XL\/3XL %100 polyester Not :\u0130ncelediginiz \u00dcr\u00fcn Hijyen Kurallar\u0131 Gere\u011fi \u0130ade Ve De\u011fi\u015fimi Bulunmamaktad\u0131r.<\/p>\n","protected":false},"featured_media":0,"comment_status":"open","ping_status":"closed","template":"","meta":{"_kad_post_transparent":"","_kad_post_title":"","_kad_post_layout":"","_kad_post_sidebar_id":"","_kad_post_content_style":"","_kad_post_vertical_padding":"","_kad_post_feature":"","_kad_post_feature_position":"","_kad_post_header":false,"_kad_post_footer":false,"_kad_post_classname":""},"product_brand":[],"product_cat":[15167],"product_tag":[],"class_list":{"0":"post-123667","1":"product","2":"type-product","3":"status-publish","5":"product_cat-fantezi-gecelik-fantezi-gecelik","7":"first","8":"instock","9":"purchasable","10":"product-type-simple","11":"entry","12":"content-bg","13":"loop-entry"},"_links":{"self":[{"href":"https:\/\/www.hediyepazar.com\/index.php?rest_route=\/wp\/v2\/product\/123667","targetHints":{"allow":["GET"]}}],"collection":[{"href":"https:\/\/www.hediyepazar.com\/index.php?rest_route=\/wp\/v2\/product"}],"about":[{"href":"https:\/\/www.hediyepazar.com\/index.php?rest_route=\/wp\/v2\/types\/product"}],"replies":[{"embeddable":true,"href":"https:\/\/www.hediyepazar.com\/index.php?rest_route=%2Fwp%2Fv2%2Fcomments&post=123667"}],"wp:attachment":[{"href":"https:\/\/www.hediyepazar.com\/index.php?rest_route=%2Fwp%2Fv2%2Fmedia&parent=123667"}],"wp:term":[{"taxonomy":"product_brand","embeddable":true,"href":"https:\/\/www.hediyepazar.com\/index.php?rest_route=%2Fwp%2Fv2%2Fproduct_brand&post=123667"},{"taxonomy":"product_cat","embeddable":true,"href":"https:\/\/www.hediyepazar.com\/index.php?rest_route=%2Fwp%2Fv2%2Fproduct_cat&post=123667"},{"taxonomy":"product_tag","embeddable":true,"href":"https:\/\/www.hediyepazar.com\/index.php?rest_route=%2Fwp%2Fv2%2Fproduct_tag&post=123667"}],"curies":[{"name":"wp","href":"https:\/\/api.w.org\/{rel}","templated":true}]}}