{"id":123680,"date":"2026-05-06T13:37:03","date_gmt":"2026-05-06T16:37:03","guid":{"rendered":"https:\/\/www.hediyepazar.com\/?product=playstation-5-logo-duvar-dekoru-minimal-tasarim-16x12-cm"},"modified":"2026-05-06T13:37:03","modified_gmt":"2026-05-06T16:37:03","slug":"playstation-5-logo-duvar-dekoru-minimal-tasarim-16x12-cm","status":"publish","type":"product","link":"https:\/\/www.hediyepazar.com\/?product=playstation-5-logo-duvar-dekoru-minimal-tasarim-16x12-cm","title":{"rendered":"PlayStation 5 Logo Duvar Dekoru Minimal Tasar\u0131m 16\u00d712 cm"},"content":{"rendered":"<p>PlayStation 5 Logo duvar dekoru, modern ya\u015fam alanlar\u0131na oyun k\u00fclt\u00fcr\u00fcn\u00fc estetik bir \u015fekilde ta\u015f\u0131r. Kompakt \u00f6l\u00e7\u00fcs\u00fc sayesinde tek ba\u015f\u0131na kullan\u0131labildi\u011fi gibi farkl\u0131 duvar s\u00fcsleriyle birlikte de kombinlenebilir. Oyun odas\u0131, gen\u00e7 odas\u0131, salon veya ofis gibi alanlarda karakteristik bir hava yarat\u0131r. PS5 severler i\u00e7in hem dekoratif hem de anlaml\u0131 bir tamamlay\u0131c\u0131d\u0131r. Duvara as\u0131l\u0131 \u015fekilde kullan\u0131larak alan\u0131 daha dinamik hale getirir.<\/p>\n","protected":false},"excerpt":{"rendered":"<p>PlayStation 5 Logo duvar dekoru, modern ya\u015fam alanlar\u0131na oyun k\u00fclt\u00fcr\u00fcn\u00fc estetik bir \u015fekilde ta\u015f\u0131r. Kompakt \u00f6l\u00e7\u00fcs\u00fc sayesinde tek ba\u015f\u0131na kullan\u0131labildi\u011fi gibi farkl\u0131 duvar s\u00fcsleriyle birlikte de kombinlenebilir. Oyun odas\u0131, gen\u00e7 odas\u0131, salon veya ofis gibi alanlarda karakteristik bir hava yarat\u0131r. PS5 severler i\u00e7in hem dekoratif hem de anlaml\u0131 bir tamamlay\u0131c\u0131d\u0131r. Duvara as\u0131l\u0131 \u015fekilde kullan\u0131larak alan\u0131&#8230;<\/p>\n","protected":false},"featured_media":123679,"comment_status":"open","ping_status":"closed","template":"","meta":{"_kad_post_transparent":"","_kad_post_title":"","_kad_post_layout":"","_kad_post_sidebar_id":"","_kad_post_content_style":"","_kad_post_vertical_padding":"","_kad_post_feature":"","_kad_post_feature_position":"","_kad_post_header":false,"_kad_post_footer":false,"_kad_post_classname":""},"product_brand":[],"product_cat":[14940],"product_tag":[],"class_list":{"0":"post-123680","1":"product","2":"type-product","3":"status-publish","4":"has-post-thumbnail","6":"product_cat-dekoratif-obje-biblo-dekoratif-obje-biblo","8":"first","9":"instock","10":"purchasable","11":"product-type-simple","12":"entry","13":"content-bg","14":"loop-entry"},"_links":{"self":[{"href":"https:\/\/www.hediyepazar.com\/index.php?rest_route=\/wp\/v2\/product\/123680","targetHints":{"allow":["GET"]}}],"collection":[{"href":"https:\/\/www.hediyepazar.com\/index.php?rest_route=\/wp\/v2\/product"}],"about":[{"href":"https:\/\/www.hediyepazar.com\/index.php?rest_route=\/wp\/v2\/types\/product"}],"replies":[{"embeddable":true,"href":"https:\/\/www.hediyepazar.com\/index.php?rest_route=%2Fwp%2Fv2%2Fcomments&post=123680"}],"wp:featuredmedia":[{"embeddable":true,"href":"https:\/\/www.hediyepazar.com\/index.php?rest_route=\/wp\/v2\/media\/123679"}],"wp:attachment":[{"href":"https:\/\/www.hediyepazar.com\/index.php?rest_route=%2Fwp%2Fv2%2Fmedia&parent=123680"}],"wp:term":[{"taxonomy":"product_brand","embeddable":true,"href":"https:\/\/www.hediyepazar.com\/index.php?rest_route=%2Fwp%2Fv2%2Fproduct_brand&post=123680"},{"taxonomy":"product_cat","embeddable":true,"href":"https:\/\/www.hediyepazar.com\/index.php?rest_route=%2Fwp%2Fv2%2Fproduct_cat&post=123680"},{"taxonomy":"product_tag","embeddable":true,"href":"https:\/\/www.hediyepazar.com\/index.php?rest_route=%2Fwp%2Fv2%2Fproduct_tag&post=123680"}],"curies":[{"name":"wp","href":"https:\/\/api.w.org\/{rel}","templated":true}]}}