{"id":123688,"date":"2026-05-06T13:38:59","date_gmt":"2026-05-06T16:38:59","guid":{"rendered":"https:\/\/www.hediyepazar.com\/?product=siyah-cerezlik-kase-seti-4-adet-3x12-cm"},"modified":"2026-05-06T13:38:59","modified_gmt":"2026-05-06T16:38:59","slug":"siyah-cerezlik-kase-seti-4-adet-3x12-cm","status":"publish","type":"product","link":"https:\/\/www.hediyepazar.com\/?product=siyah-cerezlik-kase-seti-4-adet-3x12-cm","title":{"rendered":"Siyah \u00c7erezlik Kase Seti 4 Adet 3&#215;12 cm"},"content":{"rendered":"<p>Siyah \u00e7erezlik kase seti, modern ve g\u00fc\u00e7l\u00fc rengiyle salon ve masa \u00fcst\u00fc sunumlar\u0131na \u015f\u0131k bir g\u00f6r\u00fcn\u00fcm kazand\u0131r\u0131r. 3&#215;12 cm \u00f6l\u00e7\u00fcs\u00fcndeki kaseler, \u00e7erez, kuruyemi\u015f ve at\u0131\u015ft\u0131rmal\u0131klar i\u00e7in ideal boyuttad\u0131r. 4 adetlik set i\u00e7eri\u011fi sayesinde hem g\u00fcnl\u00fck kullan\u0131mda hem de misafir a\u011f\u0131rlarken pratik bir \u00e7\u00f6z\u00fcm sunar.B\u00f6lmeli tasar\u0131m\u0131, farkl\u0131 \u00e7erez \u00e7e\u015fitlerini ayn\u0131 kase i\u00e7inde d\u00fczenli \u015fekilde sunman\u0131za yard\u0131mc\u0131 olur. \u00c7erezlerin birbirine kar\u0131\u015fmas\u0131n\u0131 \u00f6nleyerek masa \u00fczerinde d\u00fczenli ve estetik bir sunum sa\u011flar. Siyah rengi, \u00f6zellikle lo\u015f ama ayd\u0131nl\u0131k salon ortamlar\u0131nda zarif ve modern bir kontrast olu\u015fturur.Salon masas\u0131, sehpa veya TV \u00fcnitesi \u00fczerinde rahatl\u0131kla kullan\u0131labilir. Hem i\u015flevsel hem de dekoratif bir \u00e7erezlik seti arayanlar i\u00e7in ideal bir tercihtir.<\/p>\n","protected":false},"excerpt":{"rendered":"<p>Siyah \u00e7erezlik kase seti, modern ve g\u00fc\u00e7l\u00fc rengiyle salon ve masa \u00fcst\u00fc sunumlar\u0131na \u015f\u0131k bir g\u00f6r\u00fcn\u00fcm kazand\u0131r\u0131r. 3&#215;12 cm \u00f6l\u00e7\u00fcs\u00fcndeki kaseler, \u00e7erez, kuruyemi\u015f ve at\u0131\u015ft\u0131rmal\u0131klar i\u00e7in ideal boyuttad\u0131r. 4 adetlik set i\u00e7eri\u011fi sayesinde hem g\u00fcnl\u00fck kullan\u0131mda hem de misafir a\u011f\u0131rlarken pratik bir \u00e7\u00f6z\u00fcm sunar.B\u00f6lmeli tasar\u0131m\u0131, farkl\u0131 \u00e7erez \u00e7e\u015fitlerini ayn\u0131 kase i\u00e7inde d\u00fczenli \u015fekilde sunman\u0131za yard\u0131mc\u0131&#8230;<\/p>\n","protected":false},"featured_media":123687,"comment_status":"open","ping_status":"closed","template":"","meta":{"_kad_post_transparent":"","_kad_post_title":"","_kad_post_layout":"","_kad_post_sidebar_id":"","_kad_post_content_style":"","_kad_post_vertical_padding":"","_kad_post_feature":"","_kad_post_feature_position":"","_kad_post_header":false,"_kad_post_footer":false,"_kad_post_classname":""},"product_brand":[],"product_cat":[14940],"product_tag":[],"class_list":{"0":"post-123688","1":"product","2":"type-product","3":"status-publish","4":"has-post-thumbnail","6":"product_cat-dekoratif-obje-biblo-dekoratif-obje-biblo","8":"first","9":"instock","10":"purchasable","11":"product-type-simple","12":"entry","13":"content-bg","14":"loop-entry"},"_links":{"self":[{"href":"https:\/\/www.hediyepazar.com\/index.php?rest_route=\/wp\/v2\/product\/123688","targetHints":{"allow":["GET"]}}],"collection":[{"href":"https:\/\/www.hediyepazar.com\/index.php?rest_route=\/wp\/v2\/product"}],"about":[{"href":"https:\/\/www.hediyepazar.com\/index.php?rest_route=\/wp\/v2\/types\/product"}],"replies":[{"embeddable":true,"href":"https:\/\/www.hediyepazar.com\/index.php?rest_route=%2Fwp%2Fv2%2Fcomments&post=123688"}],"wp:featuredmedia":[{"embeddable":true,"href":"https:\/\/www.hediyepazar.com\/index.php?rest_route=\/wp\/v2\/media\/123687"}],"wp:attachment":[{"href":"https:\/\/www.hediyepazar.com\/index.php?rest_route=%2Fwp%2Fv2%2Fmedia&parent=123688"}],"wp:term":[{"taxonomy":"product_brand","embeddable":true,"href":"https:\/\/www.hediyepazar.com\/index.php?rest_route=%2Fwp%2Fv2%2Fproduct_brand&post=123688"},{"taxonomy":"product_cat","embeddable":true,"href":"https:\/\/www.hediyepazar.com\/index.php?rest_route=%2Fwp%2Fv2%2Fproduct_cat&post=123688"},{"taxonomy":"product_tag","embeddable":true,"href":"https:\/\/www.hediyepazar.com\/index.php?rest_route=%2Fwp%2Fv2%2Fproduct_tag&post=123688"}],"curies":[{"name":"wp","href":"https:\/\/api.w.org\/{rel}","templated":true}]}}