{"id":123690,"date":"2026-05-06T13:39:07","date_gmt":"2026-05-06T16:39:07","guid":{"rendered":"https:\/\/www.hediyepazar.com\/?product=dekoratif-yesil-cerezlik-kase-4lu-set-3x12-cm"},"modified":"2026-05-06T13:39:07","modified_gmt":"2026-05-06T16:39:07","slug":"dekoratif-yesil-cerezlik-kase-4lu-set-3x12-cm","status":"publish","type":"product","link":"https:\/\/www.hediyepazar.com\/?product=dekoratif-yesil-cerezlik-kase-4lu-set-3x12-cm","title":{"rendered":"Dekoratif Ye\u015fil \u00c7erezlik Kase 4\u2019l\u00fc Set 3&#215;12 cm"},"content":{"rendered":"<p>Ye\u015fil \u00e7erezlik kase seti, dekoratif g\u00f6r\u00fcn\u00fcm\u00fc ve do\u011fal renk tonu ile sunumlar\u0131n\u0131za \u015f\u0131kl\u0131k katmak i\u00e7in tasarlanm\u0131\u015ft\u0131r. 3&#215;12 cm \u00f6l\u00e7\u00fcs\u00fc, \u00e7erez ve at\u0131\u015ft\u0131rmal\u0131klar i\u00e7in yeterli alan sunarken masa \u00fczerinde fazla yer kaplamaz. 4\u2019l\u00fc set yap\u0131s\u0131 sayesinde farkl\u0131 ikramlar\u0131 ayn\u0131 anda sunma imk\u00e2n\u0131 sa\u011flar.B\u00f6lmeli tasar\u0131m\u0131, kuruyemi\u015f, kraker veya k\u00fc\u00e7\u00fck at\u0131\u015ft\u0131rmal\u0131klar\u0131n d\u00fczenli \u015fekilde sunulmas\u0131na yard\u0131mc\u0131 olur. Ye\u015fil rengi, masa d\u00fczenine ferah ve dengeli bir hava katar. Salon, sehpa, raf veya masa \u00fcst\u00fc kullan\u0131m\u0131 i\u00e7in uygundur.Dekoratif yap\u0131s\u0131 sayesinde yaln\u0131zca mutfak \u00fcr\u00fcn\u00fc olarak de\u011fil, ayn\u0131 zamanda masa d\u00fczenini tamamlayan bir aksesuar olarak da kullan\u0131labilir. G\u00fcnl\u00fck kullan\u0131m\u0131n yan\u0131 s\u0131ra misafir sofralar\u0131 i\u00e7in de \u015f\u0131k bir alternatiftir.<\/p>\n","protected":false},"excerpt":{"rendered":"<p>Ye\u015fil \u00e7erezlik kase seti, dekoratif g\u00f6r\u00fcn\u00fcm\u00fc ve do\u011fal renk tonu ile sunumlar\u0131n\u0131za \u015f\u0131kl\u0131k katmak i\u00e7in tasarlanm\u0131\u015ft\u0131r. 3&#215;12 cm \u00f6l\u00e7\u00fcs\u00fc, \u00e7erez ve at\u0131\u015ft\u0131rmal\u0131klar i\u00e7in yeterli alan sunarken masa \u00fczerinde fazla yer kaplamaz. 4\u2019l\u00fc set yap\u0131s\u0131 sayesinde farkl\u0131 ikramlar\u0131 ayn\u0131 anda sunma imk\u00e2n\u0131 sa\u011flar.B\u00f6lmeli tasar\u0131m\u0131, kuruyemi\u015f, kraker veya k\u00fc\u00e7\u00fck at\u0131\u015ft\u0131rmal\u0131klar\u0131n d\u00fczenli \u015fekilde sunulmas\u0131na yard\u0131mc\u0131 olur. Ye\u015fil rengi,&#8230;<\/p>\n","protected":false},"featured_media":123689,"comment_status":"open","ping_status":"closed","template":"","meta":{"_kad_post_transparent":"","_kad_post_title":"","_kad_post_layout":"","_kad_post_sidebar_id":"","_kad_post_content_style":"","_kad_post_vertical_padding":"","_kad_post_feature":"","_kad_post_feature_position":"","_kad_post_header":false,"_kad_post_footer":false,"_kad_post_classname":""},"product_brand":[],"product_cat":[14940],"product_tag":[],"class_list":{"0":"post-123690","1":"product","2":"type-product","3":"status-publish","4":"has-post-thumbnail","6":"product_cat-dekoratif-obje-biblo-dekoratif-obje-biblo","8":"first","9":"instock","10":"purchasable","11":"product-type-simple","12":"entry","13":"content-bg","14":"loop-entry"},"_links":{"self":[{"href":"https:\/\/www.hediyepazar.com\/index.php?rest_route=\/wp\/v2\/product\/123690","targetHints":{"allow":["GET"]}}],"collection":[{"href":"https:\/\/www.hediyepazar.com\/index.php?rest_route=\/wp\/v2\/product"}],"about":[{"href":"https:\/\/www.hediyepazar.com\/index.php?rest_route=\/wp\/v2\/types\/product"}],"replies":[{"embeddable":true,"href":"https:\/\/www.hediyepazar.com\/index.php?rest_route=%2Fwp%2Fv2%2Fcomments&post=123690"}],"wp:featuredmedia":[{"embeddable":true,"href":"https:\/\/www.hediyepazar.com\/index.php?rest_route=\/wp\/v2\/media\/123689"}],"wp:attachment":[{"href":"https:\/\/www.hediyepazar.com\/index.php?rest_route=%2Fwp%2Fv2%2Fmedia&parent=123690"}],"wp:term":[{"taxonomy":"product_brand","embeddable":true,"href":"https:\/\/www.hediyepazar.com\/index.php?rest_route=%2Fwp%2Fv2%2Fproduct_brand&post=123690"},{"taxonomy":"product_cat","embeddable":true,"href":"https:\/\/www.hediyepazar.com\/index.php?rest_route=%2Fwp%2Fv2%2Fproduct_cat&post=123690"},{"taxonomy":"product_tag","embeddable":true,"href":"https:\/\/www.hediyepazar.com\/index.php?rest_route=%2Fwp%2Fv2%2Fproduct_tag&post=123690"}],"curies":[{"name":"wp","href":"https:\/\/api.w.org\/{rel}","templated":true}]}}