{"id":123745,"date":"2026-05-06T13:52:54","date_gmt":"2026-05-06T16:52:54","guid":{"rendered":"https:\/\/www.hediyepazar.com\/?product=katlanabilir-sarjli-damacana-su-pompasi-pratik-kullanim"},"modified":"2026-05-06T13:52:54","modified_gmt":"2026-05-06T16:52:54","slug":"katlanabilir-sarjli-damacana-su-pompasi-pratik-kullanim","status":"publish","type":"product","link":"https:\/\/www.hediyepazar.com\/?product=katlanabilir-sarjli-damacana-su-pompasi-pratik-kullanim","title":{"rendered":"Katlanabilir \u015earjl\u0131 Damacana Su Pompas\u0131 Pratik Kullan\u0131m"},"content":{"rendered":"<p>Ak\u0131ll\u0131 \u015farjl\u0131 damacana su pompas\u0131, modern ya\u015fam\u0131n ihtiya\u00e7lar\u0131na uygun olarak tasarlanm\u0131\u015ft\u0131r. Manuel pompalara k\u0131yasla \u00e7ok daha pratik bir kullan\u0131m sunar. Tek tu\u015fla \u00e7al\u0131\u015fan otomatik sistemi, g\u00fcnl\u00fck su t\u00fcketimini kolayla\u015ft\u0131r\u0131r.\u015earj edilebilir yap\u0131s\u0131 sayesinde uzun s\u00fcreli kullan\u0131m sa\u011flar. Otomatik dolum modlar\u0131, farkl\u0131 kaplar i\u00e7in idealdir. Sa\u011fl\u0131kl\u0131 ve hijyenik malzemelerden \u00fcretilmi\u015ftir.Katlanabilir ve ta\u015f\u0131nabilir tasar\u0131m\u0131, \u00fcr\u00fcn\u00fc her ortamda kullan\u0131ma uygun hale getirir. D\u00fc\u015f\u00fck enerji t\u00fcketimi ile tasarruflu bir kullan\u0131m sunar.<\/p>\n","protected":false},"excerpt":{"rendered":"<p>Ak\u0131ll\u0131 \u015farjl\u0131 damacana su pompas\u0131, modern ya\u015fam\u0131n ihtiya\u00e7lar\u0131na uygun olarak tasarlanm\u0131\u015ft\u0131r. Manuel pompalara k\u0131yasla \u00e7ok daha pratik bir kullan\u0131m sunar. Tek tu\u015fla \u00e7al\u0131\u015fan otomatik sistemi, g\u00fcnl\u00fck su t\u00fcketimini kolayla\u015ft\u0131r\u0131r.\u015earj edilebilir yap\u0131s\u0131 sayesinde uzun s\u00fcreli kullan\u0131m sa\u011flar. Otomatik dolum modlar\u0131, farkl\u0131 kaplar i\u00e7in idealdir. Sa\u011fl\u0131kl\u0131 ve hijyenik malzemelerden \u00fcretilmi\u015ftir.Katlanabilir ve ta\u015f\u0131nabilir tasar\u0131m\u0131, \u00fcr\u00fcn\u00fc her ortamda kullan\u0131ma&#8230;<\/p>\n","protected":false},"featured_media":123744,"comment_status":"open","ping_status":"closed","template":"","meta":{"_kad_post_transparent":"","_kad_post_title":"","_kad_post_layout":"","_kad_post_sidebar_id":"","_kad_post_content_style":"","_kad_post_vertical_padding":"","_kad_post_feature":"","_kad_post_feature_position":"","_kad_post_header":false,"_kad_post_footer":false,"_kad_post_classname":""},"product_brand":[],"product_cat":[15068],"product_tag":[],"class_list":{"0":"post-123745","1":"product","2":"type-product","3":"status-publish","4":"has-post-thumbnail","6":"product_cat-pratik-mutfak-gerecleri-pratik-mutfak-gerecleri-2","8":"first","9":"instock","10":"purchasable","11":"product-type-simple","12":"entry","13":"content-bg","14":"loop-entry"},"_links":{"self":[{"href":"https:\/\/www.hediyepazar.com\/index.php?rest_route=\/wp\/v2\/product\/123745","targetHints":{"allow":["GET"]}}],"collection":[{"href":"https:\/\/www.hediyepazar.com\/index.php?rest_route=\/wp\/v2\/product"}],"about":[{"href":"https:\/\/www.hediyepazar.com\/index.php?rest_route=\/wp\/v2\/types\/product"}],"replies":[{"embeddable":true,"href":"https:\/\/www.hediyepazar.com\/index.php?rest_route=%2Fwp%2Fv2%2Fcomments&post=123745"}],"wp:featuredmedia":[{"embeddable":true,"href":"https:\/\/www.hediyepazar.com\/index.php?rest_route=\/wp\/v2\/media\/123744"}],"wp:attachment":[{"href":"https:\/\/www.hediyepazar.com\/index.php?rest_route=%2Fwp%2Fv2%2Fmedia&parent=123745"}],"wp:term":[{"taxonomy":"product_brand","embeddable":true,"href":"https:\/\/www.hediyepazar.com\/index.php?rest_route=%2Fwp%2Fv2%2Fproduct_brand&post=123745"},{"taxonomy":"product_cat","embeddable":true,"href":"https:\/\/www.hediyepazar.com\/index.php?rest_route=%2Fwp%2Fv2%2Fproduct_cat&post=123745"},{"taxonomy":"product_tag","embeddable":true,"href":"https:\/\/www.hediyepazar.com\/index.php?rest_route=%2Fwp%2Fv2%2Fproduct_tag&post=123745"}],"curies":[{"name":"wp","href":"https:\/\/api.w.org\/{rel}","templated":true}]}}