{"id":123747,"date":"2026-05-06T13:52:59","date_gmt":"2026-05-06T16:52:59","guid":{"rendered":"https:\/\/www.hediyepazar.com\/?product=otomatik-sarjli-damacana-pompasi-ev-ofis-kamp-kullanim"},"modified":"2026-05-06T13:52:59","modified_gmt":"2026-05-06T16:52:59","slug":"otomatik-sarjli-damacana-pompasi-ev-ofis-kamp-kullanim","status":"publish","type":"product","link":"https:\/\/www.hediyepazar.com\/?product=otomatik-sarjli-damacana-pompasi-ev-ofis-kamp-kullanim","title":{"rendered":"Otomatik \u015earjl\u0131 Damacana Pompas\u0131 Ev Ofis Kamp Kullan\u0131m"},"content":{"rendered":"<p>\u015earjl\u0131 ve otomatik \u00e7al\u0131\u015fan bu damacana su pompas\u0131, pratiklik ve hijyeni bir arada sunar. Tek tu\u015fla \u00e7al\u0131\u015fan sistemi, g\u00fcnl\u00fck su al\u0131m\u0131n\u0131 zahmetsiz hale getirir. \u015earj edilebilir yap\u0131s\u0131 sayesinde kablo karma\u015fas\u0131 olu\u015fturmaz.Otomatik dolum fonksiyonu, suyun kontroll\u00fc \u015fekilde aktar\u0131lmas\u0131n\u0131 sa\u011flar. G\u0131da s\u0131n\u0131f\u0131 malzemeden \u00fcretilmi\u015f olmas\u0131, g\u00fcvenli kullan\u0131m sunar. A\u00e7\u0131labilir g\u00f6vdesi sayesinde temizlik i\u015flemleri kolayd\u0131r.Katlanabilir tasar\u0131m\u0131, \u00fcr\u00fcn\u00fc ta\u015f\u0131nabilir hale getirir. Ev, ofis ve a\u00e7\u0131k alanlarda rahatl\u0131kla kullan\u0131labilir. Cam ve plastik damacanalarla uyumludur.<\/p>\n","protected":false},"excerpt":{"rendered":"<p>\u015earjl\u0131 ve otomatik \u00e7al\u0131\u015fan bu damacana su pompas\u0131, pratiklik ve hijyeni bir arada sunar. Tek tu\u015fla \u00e7al\u0131\u015fan sistemi, g\u00fcnl\u00fck su al\u0131m\u0131n\u0131 zahmetsiz hale getirir. \u015earj edilebilir yap\u0131s\u0131 sayesinde kablo karma\u015fas\u0131 olu\u015fturmaz.Otomatik dolum fonksiyonu, suyun kontroll\u00fc \u015fekilde aktar\u0131lmas\u0131n\u0131 sa\u011flar. G\u0131da s\u0131n\u0131f\u0131 malzemeden \u00fcretilmi\u015f olmas\u0131, g\u00fcvenli kullan\u0131m sunar. A\u00e7\u0131labilir g\u00f6vdesi sayesinde temizlik i\u015flemleri kolayd\u0131r.Katlanabilir tasar\u0131m\u0131, \u00fcr\u00fcn\u00fc ta\u015f\u0131nabilir&#8230;<\/p>\n","protected":false},"featured_media":123746,"comment_status":"open","ping_status":"closed","template":"","meta":{"_kad_post_transparent":"","_kad_post_title":"","_kad_post_layout":"","_kad_post_sidebar_id":"","_kad_post_content_style":"","_kad_post_vertical_padding":"","_kad_post_feature":"","_kad_post_feature_position":"","_kad_post_header":false,"_kad_post_footer":false,"_kad_post_classname":""},"product_brand":[],"product_cat":[15068],"product_tag":[],"class_list":{"0":"post-123747","1":"product","2":"type-product","3":"status-publish","4":"has-post-thumbnail","6":"product_cat-pratik-mutfak-gerecleri-pratik-mutfak-gerecleri-2","8":"first","9":"instock","10":"purchasable","11":"product-type-simple","12":"entry","13":"content-bg","14":"loop-entry"},"_links":{"self":[{"href":"https:\/\/www.hediyepazar.com\/index.php?rest_route=\/wp\/v2\/product\/123747","targetHints":{"allow":["GET"]}}],"collection":[{"href":"https:\/\/www.hediyepazar.com\/index.php?rest_route=\/wp\/v2\/product"}],"about":[{"href":"https:\/\/www.hediyepazar.com\/index.php?rest_route=\/wp\/v2\/types\/product"}],"replies":[{"embeddable":true,"href":"https:\/\/www.hediyepazar.com\/index.php?rest_route=%2Fwp%2Fv2%2Fcomments&post=123747"}],"wp:featuredmedia":[{"embeddable":true,"href":"https:\/\/www.hediyepazar.com\/index.php?rest_route=\/wp\/v2\/media\/123746"}],"wp:attachment":[{"href":"https:\/\/www.hediyepazar.com\/index.php?rest_route=%2Fwp%2Fv2%2Fmedia&parent=123747"}],"wp:term":[{"taxonomy":"product_brand","embeddable":true,"href":"https:\/\/www.hediyepazar.com\/index.php?rest_route=%2Fwp%2Fv2%2Fproduct_brand&post=123747"},{"taxonomy":"product_cat","embeddable":true,"href":"https:\/\/www.hediyepazar.com\/index.php?rest_route=%2Fwp%2Fv2%2Fproduct_cat&post=123747"},{"taxonomy":"product_tag","embeddable":true,"href":"https:\/\/www.hediyepazar.com\/index.php?rest_route=%2Fwp%2Fv2%2Fproduct_tag&post=123747"}],"curies":[{"name":"wp","href":"https:\/\/api.w.org\/{rel}","templated":true}]}}