{"id":123819,"date":"2026-05-06T14:06:18","date_gmt":"2026-05-06T17:06:18","guid":{"rendered":"https:\/\/www.hediyepazar.com\/?product=beyaz-dekoratif-geyik-figuru-sik-ev-aksesuari"},"modified":"2026-05-06T14:06:18","modified_gmt":"2026-05-06T17:06:18","slug":"beyaz-dekoratif-geyik-figuru-sik-ev-aksesuari","status":"publish","type":"product","link":"https:\/\/www.hediyepazar.com\/?product=beyaz-dekoratif-geyik-figuru-sik-ev-aksesuari","title":{"rendered":"Beyaz Dekoratif Geyik Fig\u00fcr\u00fc \u015e\u0131k Ev Aksesuar\u0131"},"content":{"rendered":"<p>Dekoratif beyaz geyik fig\u00fcr\u00fc, \u015f\u0131kl\u0131\u011f\u0131 ve sadeli\u011fi bir araya getiren zamans\u0131z bir tasar\u0131ma sahiptir. Uzun formu sayesinde raflarda ve masa \u00fcstlerinde estetik bir duru\u015f sergiler. Ev dekorasyonunda do\u011fal, modern veya \u0130skandinav tarz\u0131 sevenler i\u00e7in ideal bir aksesuard\u0131r. Tek ba\u015f\u0131na g\u00fc\u00e7l\u00fc bir vurgu olu\u015fturur, di\u011fer dekoratif objelerle birlikte kullan\u0131ld\u0131\u011f\u0131nda b\u00fct\u00fcnl\u00fckl\u00fc bir g\u00f6r\u00fcn\u00fcm sa\u011flar.<\/p>\n","protected":false},"excerpt":{"rendered":"<p>Dekoratif beyaz geyik fig\u00fcr\u00fc, \u015f\u0131kl\u0131\u011f\u0131 ve sadeli\u011fi bir araya getiren zamans\u0131z bir tasar\u0131ma sahiptir. Uzun formu sayesinde raflarda ve masa \u00fcstlerinde estetik bir duru\u015f sergiler. Ev dekorasyonunda do\u011fal, modern veya \u0130skandinav tarz\u0131 sevenler i\u00e7in ideal bir aksesuard\u0131r. Tek ba\u015f\u0131na g\u00fc\u00e7l\u00fc bir vurgu olu\u015fturur, di\u011fer dekoratif objelerle birlikte kullan\u0131ld\u0131\u011f\u0131nda b\u00fct\u00fcnl\u00fckl\u00fc bir g\u00f6r\u00fcn\u00fcm sa\u011flar.<\/p>\n","protected":false},"featured_media":123818,"comment_status":"open","ping_status":"closed","template":"","meta":{"_kad_post_transparent":"","_kad_post_title":"","_kad_post_layout":"","_kad_post_sidebar_id":"","_kad_post_content_style":"","_kad_post_vertical_padding":"","_kad_post_feature":"","_kad_post_feature_position":"","_kad_post_header":false,"_kad_post_footer":false,"_kad_post_classname":""},"product_brand":[],"product_cat":[14940],"product_tag":[],"class_list":{"0":"post-123819","1":"product","2":"type-product","3":"status-publish","4":"has-post-thumbnail","6":"product_cat-dekoratif-obje-biblo-dekoratif-obje-biblo","8":"first","9":"instock","10":"purchasable","11":"product-type-simple","12":"entry","13":"content-bg","14":"loop-entry"},"_links":{"self":[{"href":"https:\/\/www.hediyepazar.com\/index.php?rest_route=\/wp\/v2\/product\/123819","targetHints":{"allow":["GET"]}}],"collection":[{"href":"https:\/\/www.hediyepazar.com\/index.php?rest_route=\/wp\/v2\/product"}],"about":[{"href":"https:\/\/www.hediyepazar.com\/index.php?rest_route=\/wp\/v2\/types\/product"}],"replies":[{"embeddable":true,"href":"https:\/\/www.hediyepazar.com\/index.php?rest_route=%2Fwp%2Fv2%2Fcomments&post=123819"}],"wp:featuredmedia":[{"embeddable":true,"href":"https:\/\/www.hediyepazar.com\/index.php?rest_route=\/wp\/v2\/media\/123818"}],"wp:attachment":[{"href":"https:\/\/www.hediyepazar.com\/index.php?rest_route=%2Fwp%2Fv2%2Fmedia&parent=123819"}],"wp:term":[{"taxonomy":"product_brand","embeddable":true,"href":"https:\/\/www.hediyepazar.com\/index.php?rest_route=%2Fwp%2Fv2%2Fproduct_brand&post=123819"},{"taxonomy":"product_cat","embeddable":true,"href":"https:\/\/www.hediyepazar.com\/index.php?rest_route=%2Fwp%2Fv2%2Fproduct_cat&post=123819"},{"taxonomy":"product_tag","embeddable":true,"href":"https:\/\/www.hediyepazar.com\/index.php?rest_route=%2Fwp%2Fv2%2Fproduct_tag&post=123819"}],"curies":[{"name":"wp","href":"https:\/\/api.w.org\/{rel}","templated":true}]}}