{"id":123831,"date":"2026-05-06T14:08:34","date_gmt":"2026-05-06T17:08:34","guid":{"rendered":"https:\/\/www.hediyepazar.com\/?product=pastel-rainbow-kedi-figuru-masa-ve-raf-ustu-ev-dekorasyonu"},"modified":"2026-05-06T14:08:34","modified_gmt":"2026-05-06T17:08:34","slug":"pastel-rainbow-kedi-figuru-masa-ve-raf-ustu-ev-dekorasyonu","status":"publish","type":"product","link":"https:\/\/www.hediyepazar.com\/?product=pastel-rainbow-kedi-figuru-masa-ve-raf-ustu-ev-dekorasyonu","title":{"rendered":"Pastel Rainbow Kedi Fig\u00fcr\u00fc Masa ve Raf \u00dcst\u00fc Ev Dekorasyonu"},"content":{"rendered":"<p>Pastel ge\u00e7i\u015fli Rainbow Kedi fig\u00fcr\u00fc, sade ama dikkat \u00e7ekici tasar\u0131m\u0131yla ev dekorasyonunda fark yarat\u0131r. A\u00e7\u0131k renk tonlar\u0131 sayesinde bulundu\u011fu ortama ferahl\u0131k kazand\u0131r\u0131r ve g\u00f6z yormaz. Raf \u00fcst\u00fc, masa dekoru veya vitrin alanlar\u0131nda tek ba\u015f\u0131na kullan\u0131ld\u0131\u011f\u0131nda bile estetik bir duru\u015f sergiler. Modern, minimalist ve cozy ev stilleriyle uyumlu bir dekoratif objedir.<\/p>\n","protected":false},"excerpt":{"rendered":"<p>Pastel ge\u00e7i\u015fli Rainbow Kedi fig\u00fcr\u00fc, sade ama dikkat \u00e7ekici tasar\u0131m\u0131yla ev dekorasyonunda fark yarat\u0131r. A\u00e7\u0131k renk tonlar\u0131 sayesinde bulundu\u011fu ortama ferahl\u0131k kazand\u0131r\u0131r ve g\u00f6z yormaz. Raf \u00fcst\u00fc, masa dekoru veya vitrin alanlar\u0131nda tek ba\u015f\u0131na kullan\u0131ld\u0131\u011f\u0131nda bile estetik bir duru\u015f sergiler. Modern, minimalist ve cozy ev stilleriyle uyumlu bir dekoratif objedir.<\/p>\n","protected":false},"featured_media":123830,"comment_status":"open","ping_status":"closed","template":"","meta":{"_kad_post_transparent":"","_kad_post_title":"","_kad_post_layout":"","_kad_post_sidebar_id":"","_kad_post_content_style":"","_kad_post_vertical_padding":"","_kad_post_feature":"","_kad_post_feature_position":"","_kad_post_header":false,"_kad_post_footer":false,"_kad_post_classname":""},"product_brand":[],"product_cat":[14940],"product_tag":[],"class_list":{"0":"post-123831","1":"product","2":"type-product","3":"status-publish","4":"has-post-thumbnail","6":"product_cat-dekoratif-obje-biblo-dekoratif-obje-biblo","8":"first","9":"instock","10":"purchasable","11":"product-type-simple","12":"entry","13":"content-bg","14":"loop-entry"},"_links":{"self":[{"href":"https:\/\/www.hediyepazar.com\/index.php?rest_route=\/wp\/v2\/product\/123831","targetHints":{"allow":["GET"]}}],"collection":[{"href":"https:\/\/www.hediyepazar.com\/index.php?rest_route=\/wp\/v2\/product"}],"about":[{"href":"https:\/\/www.hediyepazar.com\/index.php?rest_route=\/wp\/v2\/types\/product"}],"replies":[{"embeddable":true,"href":"https:\/\/www.hediyepazar.com\/index.php?rest_route=%2Fwp%2Fv2%2Fcomments&post=123831"}],"wp:featuredmedia":[{"embeddable":true,"href":"https:\/\/www.hediyepazar.com\/index.php?rest_route=\/wp\/v2\/media\/123830"}],"wp:attachment":[{"href":"https:\/\/www.hediyepazar.com\/index.php?rest_route=%2Fwp%2Fv2%2Fmedia&parent=123831"}],"wp:term":[{"taxonomy":"product_brand","embeddable":true,"href":"https:\/\/www.hediyepazar.com\/index.php?rest_route=%2Fwp%2Fv2%2Fproduct_brand&post=123831"},{"taxonomy":"product_cat","embeddable":true,"href":"https:\/\/www.hediyepazar.com\/index.php?rest_route=%2Fwp%2Fv2%2Fproduct_cat&post=123831"},{"taxonomy":"product_tag","embeddable":true,"href":"https:\/\/www.hediyepazar.com\/index.php?rest_route=%2Fwp%2Fv2%2Fproduct_tag&post=123831"}],"curies":[{"name":"wp","href":"https:\/\/api.w.org\/{rel}","templated":true}]}}