{"id":123837,"date":"2026-05-06T14:09:01","date_gmt":"2026-05-06T17:09:01","guid":{"rendered":"https:\/\/www.hediyepazar.com\/?product=koyu-rainbow-kedi-biblo-modern-salon-ve-raf-dekoru"},"modified":"2026-05-06T14:09:01","modified_gmt":"2026-05-06T17:09:01","slug":"koyu-rainbow-kedi-biblo-modern-salon-ve-raf-dekoru","status":"publish","type":"product","link":"https:\/\/www.hediyepazar.com\/?product=koyu-rainbow-kedi-biblo-modern-salon-ve-raf-dekoru","title":{"rendered":"Koyu Rainbow Kedi Biblo Modern Salon ve Raf Dekoru"},"content":{"rendered":"<p>Koyu Rainbow Kedi biblo, modern tasar\u0131m\u0131 ve ge\u00e7i\u015fli renk yap\u0131s\u0131 ile dekorasyona g\u00fc\u00e7l\u00fc bir karakter kazand\u0131r\u0131r. 18\u00d725 cm \u00f6l\u00e7\u00fcs\u00fc sayesinde raf, masa, konsol veya TV \u00fcnitesi \u00fczerinde dengeli ve dikkat \u00e7ekici bir g\u00f6r\u00fcn\u00fcm sunar. Lo\u015f ayd\u0131nlatmal\u0131 salonlarda renk ge\u00e7i\u015fleri daha belirgin hale gelerek \u00fcr\u00fcne derinlik katar. Minimal ve modern dekorasyon tarzlar\u0131n\u0131 tamamlayan bu fig\u00fcr, ya\u015fam alanlar\u0131na sanatsal bir dokunu\u015f ekler.<\/p>\n","protected":false},"excerpt":{"rendered":"<p>Koyu Rainbow Kedi biblo, modern tasar\u0131m\u0131 ve ge\u00e7i\u015fli renk yap\u0131s\u0131 ile dekorasyona g\u00fc\u00e7l\u00fc bir karakter kazand\u0131r\u0131r. 18\u00d725 cm \u00f6l\u00e7\u00fcs\u00fc sayesinde raf, masa, konsol veya TV \u00fcnitesi \u00fczerinde dengeli ve dikkat \u00e7ekici bir g\u00f6r\u00fcn\u00fcm sunar. Lo\u015f ayd\u0131nlatmal\u0131 salonlarda renk ge\u00e7i\u015fleri daha belirgin hale gelerek \u00fcr\u00fcne derinlik katar. Minimal ve modern dekorasyon tarzlar\u0131n\u0131 tamamlayan bu fig\u00fcr, ya\u015fam&#8230;<\/p>\n","protected":false},"featured_media":123836,"comment_status":"open","ping_status":"closed","template":"","meta":{"_kad_post_transparent":"","_kad_post_title":"","_kad_post_layout":"","_kad_post_sidebar_id":"","_kad_post_content_style":"","_kad_post_vertical_padding":"","_kad_post_feature":"","_kad_post_feature_position":"","_kad_post_header":false,"_kad_post_footer":false,"_kad_post_classname":""},"product_brand":[],"product_cat":[14940],"product_tag":[],"class_list":{"0":"post-123837","1":"product","2":"type-product","3":"status-publish","4":"has-post-thumbnail","6":"product_cat-dekoratif-obje-biblo-dekoratif-obje-biblo","8":"first","9":"instock","10":"purchasable","11":"product-type-simple","12":"entry","13":"content-bg","14":"loop-entry"},"_links":{"self":[{"href":"https:\/\/www.hediyepazar.com\/index.php?rest_route=\/wp\/v2\/product\/123837","targetHints":{"allow":["GET"]}}],"collection":[{"href":"https:\/\/www.hediyepazar.com\/index.php?rest_route=\/wp\/v2\/product"}],"about":[{"href":"https:\/\/www.hediyepazar.com\/index.php?rest_route=\/wp\/v2\/types\/product"}],"replies":[{"embeddable":true,"href":"https:\/\/www.hediyepazar.com\/index.php?rest_route=%2Fwp%2Fv2%2Fcomments&post=123837"}],"wp:featuredmedia":[{"embeddable":true,"href":"https:\/\/www.hediyepazar.com\/index.php?rest_route=\/wp\/v2\/media\/123836"}],"wp:attachment":[{"href":"https:\/\/www.hediyepazar.com\/index.php?rest_route=%2Fwp%2Fv2%2Fmedia&parent=123837"}],"wp:term":[{"taxonomy":"product_brand","embeddable":true,"href":"https:\/\/www.hediyepazar.com\/index.php?rest_route=%2Fwp%2Fv2%2Fproduct_brand&post=123837"},{"taxonomy":"product_cat","embeddable":true,"href":"https:\/\/www.hediyepazar.com\/index.php?rest_route=%2Fwp%2Fv2%2Fproduct_cat&post=123837"},{"taxonomy":"product_tag","embeddable":true,"href":"https:\/\/www.hediyepazar.com\/index.php?rest_route=%2Fwp%2Fv2%2Fproduct_tag&post=123837"}],"curies":[{"name":"wp","href":"https:\/\/api.w.org\/{rel}","templated":true}]}}