{"id":123839,"date":"2026-05-06T14:09:10","date_gmt":"2026-05-06T17:09:10","guid":{"rendered":"https:\/\/www.hediyepazar.com\/?product=tasinabilir-elektrikli-kupa-terapisi-masaj-cihazi-boyun-sirt-bacak"},"modified":"2026-05-06T14:09:10","modified_gmt":"2026-05-06T17:09:10","slug":"tasinabilir-elektrikli-kupa-terapisi-masaj-cihazi-boyun-sirt-bacak","status":"publish","type":"product","link":"https:\/\/www.hediyepazar.com\/?product=tasinabilir-elektrikli-kupa-terapisi-masaj-cihazi-boyun-sirt-bacak","title":{"rendered":"Ta\u015f\u0131nabilir Elektrikli Kupa Terapisi Masaj Cihaz\u0131 Boyun S\u0131rt Bacak"},"content":{"rendered":"<p>Bu vakumlu masaj aleti, geleneksel kupa terapisine modern ve g\u00fcvenli bir alternatif sunar. Ak\u0131ll\u0131 sens\u00f6rleri sayesinde \u00e7al\u0131\u015fma s\u00fcresi ve s\u0131cakl\u0131k otomatik olarak kontrol edilir. B\u00f6ylece hem etkili hem de g\u00fcvenli bir masaj deneyimi elde edilir.\u015earjl\u0131 yap\u0131s\u0131 sayesinde kablo derdi olmadan kullan\u0131labilir. Tek \u015farjla uzun s\u00fcreli kullan\u0131m sunar. G\u00fcn sonunda yorgunluk atmak, spor sonras\u0131 kaslar\u0131 rahatlatmak veya g\u00fcn i\u00e7indeki gerginli\u011fi azaltmak i\u00e7in idealdir.<\/p>\n","protected":false},"excerpt":{"rendered":"<p>Bu vakumlu masaj aleti, geleneksel kupa terapisine modern ve g\u00fcvenli bir alternatif sunar. Ak\u0131ll\u0131 sens\u00f6rleri sayesinde \u00e7al\u0131\u015fma s\u00fcresi ve s\u0131cakl\u0131k otomatik olarak kontrol edilir. B\u00f6ylece hem etkili hem de g\u00fcvenli bir masaj deneyimi elde edilir.\u015earjl\u0131 yap\u0131s\u0131 sayesinde kablo derdi olmadan kullan\u0131labilir. Tek \u015farjla uzun s\u00fcreli kullan\u0131m sunar. G\u00fcn sonunda yorgunluk atmak, spor sonras\u0131 kaslar\u0131 rahatlatmak&#8230;<\/p>\n","protected":false},"featured_media":123838,"comment_status":"open","ping_status":"closed","template":"","meta":{"_kad_post_transparent":"","_kad_post_title":"","_kad_post_layout":"","_kad_post_sidebar_id":"","_kad_post_content_style":"","_kad_post_vertical_padding":"","_kad_post_feature":"","_kad_post_feature_position":"","_kad_post_header":false,"_kad_post_footer":false,"_kad_post_classname":""},"product_brand":[],"product_cat":[14939],"product_tag":[],"class_list":{"0":"post-123839","1":"product","2":"type-product","3":"status-publish","4":"has-post-thumbnail","6":"product_cat-masaj-cihazi-masaj-cihazi","8":"first","9":"instock","10":"purchasable","11":"product-type-simple","12":"entry","13":"content-bg","14":"loop-entry"},"_links":{"self":[{"href":"https:\/\/www.hediyepazar.com\/index.php?rest_route=\/wp\/v2\/product\/123839","targetHints":{"allow":["GET"]}}],"collection":[{"href":"https:\/\/www.hediyepazar.com\/index.php?rest_route=\/wp\/v2\/product"}],"about":[{"href":"https:\/\/www.hediyepazar.com\/index.php?rest_route=\/wp\/v2\/types\/product"}],"replies":[{"embeddable":true,"href":"https:\/\/www.hediyepazar.com\/index.php?rest_route=%2Fwp%2Fv2%2Fcomments&post=123839"}],"wp:featuredmedia":[{"embeddable":true,"href":"https:\/\/www.hediyepazar.com\/index.php?rest_route=\/wp\/v2\/media\/123838"}],"wp:attachment":[{"href":"https:\/\/www.hediyepazar.com\/index.php?rest_route=%2Fwp%2Fv2%2Fmedia&parent=123839"}],"wp:term":[{"taxonomy":"product_brand","embeddable":true,"href":"https:\/\/www.hediyepazar.com\/index.php?rest_route=%2Fwp%2Fv2%2Fproduct_brand&post=123839"},{"taxonomy":"product_cat","embeddable":true,"href":"https:\/\/www.hediyepazar.com\/index.php?rest_route=%2Fwp%2Fv2%2Fproduct_cat&post=123839"},{"taxonomy":"product_tag","embeddable":true,"href":"https:\/\/www.hediyepazar.com\/index.php?rest_route=%2Fwp%2Fv2%2Fproduct_tag&post=123839"}],"curies":[{"name":"wp","href":"https:\/\/api.w.org\/{rel}","templated":true}]}}