{"id":123967,"date":"2026-05-06T14:34:58","date_gmt":"2026-05-06T17:34:58","guid":{"rendered":"https:\/\/www.hediyepazar.com\/?product=sanatsal-el-formu-heykel-altin-yesil-tasarim-hediyelik-dekor"},"modified":"2026-05-06T14:34:58","modified_gmt":"2026-05-06T17:34:58","slug":"sanatsal-el-formu-heykel-altin-yesil-tasarim-hediyelik-dekor","status":"publish","type":"product","link":"https:\/\/www.hediyepazar.com\/?product=sanatsal-el-formu-heykel-altin-yesil-tasarim-hediyelik-dekor","title":{"rendered":"Sanatsal El Formu Heykel Alt\u0131n Ye\u015fil Tasar\u0131m Hediyelik Dekor"},"content":{"rendered":"<p>Bu fantastik tasar\u0131ml\u0131 el heykeli, 22\u00d77 cm boyutlar\u0131yla hem kompakt hem de etkileyici bir dekoratif fig\u00fcr olarak \u00f6ne \u00e7\u0131kar. \u00dcr\u00fcn\u00fcn y\u00fczeyindeki damar detaylar\u0131, parmak k\u0131vr\u0131mlar\u0131 ve do\u011fal dokular, heykelin 3 boyutlu etkisini art\u0131r\u0131r. \u00d6zel renk ge\u00e7i\u015flerine sahip alt\u0131n\u2013ye\u015fil y\u00fczeyi, \u00fcr\u00fcne hem modern hem de mistik bir g\u00f6r\u00fcn\u00fcm kazand\u0131rmaktad\u0131r.El fig\u00fcr\u00fc; \u015fans, enerji, yeni ba\u015flang\u0131\u00e7lar ve yarat\u0131c\u0131 g\u00fc\u00e7 anlam\u0131n\u0131 ta\u015f\u0131r. Bu nedenle \u00e7al\u0131\u015fma masas\u0131na, ofis k\u00f6\u015fesine veya kitapl\u0131k raf\u0131na yerle\u015ftirildi\u011finde g\u00fc\u00e7l\u00fc bir sembolik etki olu\u015fturur. \u00dcr\u00fcn \u00f6zellikle fantastik dekor, gotik tarz, modern minimalizm veya konsept tasar\u0131m sevenler i\u00e7in ideal bir objedir.Dayan\u0131kl\u0131 yap\u0131s\u0131, uzun s\u00fcre \u015fekil de\u011fi\u015ftirmeden kullan\u0131lmas\u0131na olanak sa\u011flar. G\u00f6steri\u015fli g\u00f6r\u00fcn\u00fcm\u00fc sayesinde hem erkek hem kad\u0131n dekor tutkunlar\u0131na hediye olarak tercih edilebilir. Koleksiyoncular, sanat severler, fantastik film ve oyun temal\u0131 dekorasyon yapanlar i\u00e7in e\u015fsiz bir tamamlay\u0131c\u0131 par\u00e7ad\u0131r.<\/p>\n","protected":false},"excerpt":{"rendered":"<p>Bu fantastik tasar\u0131ml\u0131 el heykeli, 22\u00d77 cm boyutlar\u0131yla hem kompakt hem de etkileyici bir dekoratif fig\u00fcr olarak \u00f6ne \u00e7\u0131kar. \u00dcr\u00fcn\u00fcn y\u00fczeyindeki damar detaylar\u0131, parmak k\u0131vr\u0131mlar\u0131 ve do\u011fal dokular, heykelin 3 boyutlu etkisini art\u0131r\u0131r. \u00d6zel renk ge\u00e7i\u015flerine sahip alt\u0131n\u2013ye\u015fil y\u00fczeyi, \u00fcr\u00fcne hem modern hem de mistik bir g\u00f6r\u00fcn\u00fcm kazand\u0131rmaktad\u0131r.El fig\u00fcr\u00fc; \u015fans, enerji, yeni ba\u015flang\u0131\u00e7lar ve yarat\u0131c\u0131&#8230;<\/p>\n","protected":false},"featured_media":123966,"comment_status":"open","ping_status":"closed","template":"","meta":{"_kad_post_transparent":"","_kad_post_title":"","_kad_post_layout":"","_kad_post_sidebar_id":"","_kad_post_content_style":"","_kad_post_vertical_padding":"","_kad_post_feature":"","_kad_post_feature_position":"","_kad_post_header":false,"_kad_post_footer":false,"_kad_post_classname":""},"product_brand":[],"product_cat":[14940],"product_tag":[],"class_list":{"0":"post-123967","1":"product","2":"type-product","3":"status-publish","4":"has-post-thumbnail","6":"product_cat-dekoratif-obje-biblo-dekoratif-obje-biblo","8":"first","9":"instock","10":"purchasable","11":"product-type-simple","12":"entry","13":"content-bg","14":"loop-entry"},"_links":{"self":[{"href":"https:\/\/www.hediyepazar.com\/index.php?rest_route=\/wp\/v2\/product\/123967","targetHints":{"allow":["GET"]}}],"collection":[{"href":"https:\/\/www.hediyepazar.com\/index.php?rest_route=\/wp\/v2\/product"}],"about":[{"href":"https:\/\/www.hediyepazar.com\/index.php?rest_route=\/wp\/v2\/types\/product"}],"replies":[{"embeddable":true,"href":"https:\/\/www.hediyepazar.com\/index.php?rest_route=%2Fwp%2Fv2%2Fcomments&post=123967"}],"wp:featuredmedia":[{"embeddable":true,"href":"https:\/\/www.hediyepazar.com\/index.php?rest_route=\/wp\/v2\/media\/123966"}],"wp:attachment":[{"href":"https:\/\/www.hediyepazar.com\/index.php?rest_route=%2Fwp%2Fv2%2Fmedia&parent=123967"}],"wp:term":[{"taxonomy":"product_brand","embeddable":true,"href":"https:\/\/www.hediyepazar.com\/index.php?rest_route=%2Fwp%2Fv2%2Fproduct_brand&post=123967"},{"taxonomy":"product_cat","embeddable":true,"href":"https:\/\/www.hediyepazar.com\/index.php?rest_route=%2Fwp%2Fv2%2Fproduct_cat&post=123967"},{"taxonomy":"product_tag","embeddable":true,"href":"https:\/\/www.hediyepazar.com\/index.php?rest_route=%2Fwp%2Fv2%2Fproduct_tag&post=123967"}],"curies":[{"name":"wp","href":"https:\/\/api.w.org\/{rel}","templated":true}]}}