{"id":123969,"date":"2026-05-06T14:35:05","date_gmt":"2026-05-06T17:35:05","guid":{"rendered":"https:\/\/www.hediyepazar.com\/?product=modern-tasarim-el-figuru-3d-dekoratif-biblo-koleksiyonluk"},"modified":"2026-05-06T14:35:05","modified_gmt":"2026-05-06T17:35:05","slug":"modern-tasarim-el-figuru-3d-dekoratif-biblo-koleksiyonluk","status":"publish","type":"product","link":"https:\/\/www.hediyepazar.com\/?product=modern-tasarim-el-figuru-3d-dekoratif-biblo-koleksiyonluk","title":{"rendered":"Modern Tasar\u0131m El Fig\u00fcr\u00fc 3D Dekoratif Biblo Koleksiyonluk"},"content":{"rendered":"<p>Modern sanat dokusunu evlerine ta\u015f\u0131mak isteyenler i\u00e7in tasarlanan bu 22\u00d77 cm dekoratif el heykeli, minimalist fakat \u00e7arp\u0131c\u0131 bir g\u00f6r\u00fcn\u00fcm sunar. Parmaklar\u0131n a\u00e7\u0131k \u015fekilde tasarlanm\u0131\u015f dinamik formu, heykelin enerji dolu bir duru\u015f sergilemesini sa\u011flar. Y\u00fczeyindeki \u00e7izgisel doku ve metalik renk ge\u00e7i\u015fleri, \u00fcr\u00fcn\u00fc sade ama ayn\u0131 zamanda dikkat \u00e7ekici bir dekor par\u00e7as\u0131 haline getirir.Sanat galerilerini and\u0131ran bu tarz heykeller, modern ev dekorasyonunda s\u0131k\u00e7a tercih edilen objeler aras\u0131ndad\u0131r. El fig\u00fcr\u00fc; \u00fcretkenli\u011fi, sanatsal enerjiyi ve dinamizmi temsil etti\u011fi i\u00e7in, \u00f6zellikle masa\u00fcst\u00fc \u00e7al\u0131\u015fma alanlar\u0131nda motivasyon sa\u011flayan bir obje g\u00f6revi g\u00f6r\u00fcr. Ev dekoruna modern bir dokunu\u015f eklemek isteyenler i\u00e7in idealdir.Hediye olarak da olduk\u00e7a \u00f6zel bir alternatif sunar. Y\u0131lba\u015f\u0131, do\u011fum g\u00fcn\u00fc, yeni ev hediyesi, ofis dekorasyonu gibi bir\u00e7ok \u00f6zel g\u00fcn i\u00e7in benzersiz bir se\u00e7imdir. Zarif boyutlar\u0131 sayesinde diledi\u011finiz her alanda rahatl\u0131kla sergilenebilir.<\/p>\n","protected":false},"excerpt":{"rendered":"<p>Modern sanat dokusunu evlerine ta\u015f\u0131mak isteyenler i\u00e7in tasarlanan bu 22\u00d77 cm dekoratif el heykeli, minimalist fakat \u00e7arp\u0131c\u0131 bir g\u00f6r\u00fcn\u00fcm sunar. Parmaklar\u0131n a\u00e7\u0131k \u015fekilde tasarlanm\u0131\u015f dinamik formu, heykelin enerji dolu bir duru\u015f sergilemesini sa\u011flar. Y\u00fczeyindeki \u00e7izgisel doku ve metalik renk ge\u00e7i\u015fleri, \u00fcr\u00fcn\u00fc sade ama ayn\u0131 zamanda dikkat \u00e7ekici bir dekor par\u00e7as\u0131 haline getirir.Sanat galerilerini and\u0131ran bu&#8230;<\/p>\n","protected":false},"featured_media":123968,"comment_status":"open","ping_status":"closed","template":"","meta":{"_kad_post_transparent":"","_kad_post_title":"","_kad_post_layout":"","_kad_post_sidebar_id":"","_kad_post_content_style":"","_kad_post_vertical_padding":"","_kad_post_feature":"","_kad_post_feature_position":"","_kad_post_header":false,"_kad_post_footer":false,"_kad_post_classname":""},"product_brand":[],"product_cat":[14940],"product_tag":[],"class_list":{"0":"post-123969","1":"product","2":"type-product","3":"status-publish","4":"has-post-thumbnail","6":"product_cat-dekoratif-obje-biblo-dekoratif-obje-biblo","8":"first","9":"instock","10":"purchasable","11":"product-type-simple","12":"entry","13":"content-bg","14":"loop-entry"},"_links":{"self":[{"href":"https:\/\/www.hediyepazar.com\/index.php?rest_route=\/wp\/v2\/product\/123969","targetHints":{"allow":["GET"]}}],"collection":[{"href":"https:\/\/www.hediyepazar.com\/index.php?rest_route=\/wp\/v2\/product"}],"about":[{"href":"https:\/\/www.hediyepazar.com\/index.php?rest_route=\/wp\/v2\/types\/product"}],"replies":[{"embeddable":true,"href":"https:\/\/www.hediyepazar.com\/index.php?rest_route=%2Fwp%2Fv2%2Fcomments&post=123969"}],"wp:featuredmedia":[{"embeddable":true,"href":"https:\/\/www.hediyepazar.com\/index.php?rest_route=\/wp\/v2\/media\/123968"}],"wp:attachment":[{"href":"https:\/\/www.hediyepazar.com\/index.php?rest_route=%2Fwp%2Fv2%2Fmedia&parent=123969"}],"wp:term":[{"taxonomy":"product_brand","embeddable":true,"href":"https:\/\/www.hediyepazar.com\/index.php?rest_route=%2Fwp%2Fv2%2Fproduct_brand&post=123969"},{"taxonomy":"product_cat","embeddable":true,"href":"https:\/\/www.hediyepazar.com\/index.php?rest_route=%2Fwp%2Fv2%2Fproduct_cat&post=123969"},{"taxonomy":"product_tag","embeddable":true,"href":"https:\/\/www.hediyepazar.com\/index.php?rest_route=%2Fwp%2Fv2%2Fproduct_tag&post=123969"}],"curies":[{"name":"wp","href":"https:\/\/api.w.org\/{rel}","templated":true}]}}