{"id":123979,"date":"2026-05-06T14:37:03","date_gmt":"2026-05-06T17:37:03","guid":{"rendered":"https:\/\/www.hediyepazar.com\/?product=asilabilir-masaustu-ejderha-modeli-3d-dekoratif-heykel-22x17-cm"},"modified":"2026-05-06T14:37:03","modified_gmt":"2026-05-06T17:37:03","slug":"asilabilir-masaustu-ejderha-modeli-3d-dekoratif-heykel-22x17-cm","status":"publish","type":"product","link":"https:\/\/www.hediyepazar.com\/?product=asilabilir-masaustu-ejderha-modeli-3d-dekoratif-heykel-22x17-cm","title":{"rendered":"As\u0131labilir \/ Masa\u00fcst\u00fc Ejderha Modeli 3D Dekoratif Heykel 22&#215;17 cm"},"content":{"rendered":"<p>Bu dekoratif ejderha heykeli, 22&#215;17 cm boyutuyla her mek\u00e2nda dikkat \u00e7eken g\u00fc\u00e7l\u00fc bir fig\u00fcrd\u00fcr. Tasar\u0131m\u0131ndaki ince detaylar; y\u00fcz b\u00f6lgesindeki pul dokusu, boynuzlar\u0131n k\u0131vr\u0131ml\u0131 yap\u0131s\u0131 ve ejderhan\u0131n karakteristik duru\u015fu, \u00fcr\u00fcn\u00fc s\u0131radan dekor objelerinden \u00e7ok daha \u00f6zel bir hale getirir. Efsanevi canl\u0131lar\u0131n ihti\u015fam\u0131n\u0131 yans\u0131tan bu heykel, hem estetik hem de anlaml\u0131 bir dekorasyon par\u00e7as\u0131d\u0131r.Ejderha fig\u00fcr\u00fcn\u00fcn sembolik anlam\u0131, bir\u00e7ok k\u00fclt\u00fcrde g\u00fcc\u00fc, bilgeli\u011fi ve korumay\u0131 temsil eder. Bu nedenle \u00e7al\u0131\u015fma masas\u0131, \u00f6zel koleksiyon raflar\u0131, ofis k\u00f6\u015feleri ve fantastik dekor temal\u0131 alanlar i\u00e7in m\u00fckemmel bir tamamlay\u0131c\u0131dir. Varl\u0131\u011f\u0131, bulundu\u011fu mek\u00e2na g\u00fc\u00e7l\u00fc bir karakter ve sofistike bir hava katar.Hediye olarak da olduk\u00e7a de\u011ferlidir; do\u011fum g\u00fcnleri, yeni ev hediyeleri, tematik parti hediyeleri veya koleksiyoncular i\u00e7in ideal bir se\u00e7enektir. Dayan\u0131kl\u0131 malzemesi sayesinde y\u0131llarca formunu korur ve dekorasyona de\u011fer katan bir sanat objesi haline gelir.<\/p>\n","protected":false},"excerpt":{"rendered":"<p>Bu dekoratif ejderha heykeli, 22&#215;17 cm boyutuyla her mek\u00e2nda dikkat \u00e7eken g\u00fc\u00e7l\u00fc bir fig\u00fcrd\u00fcr. Tasar\u0131m\u0131ndaki ince detaylar; y\u00fcz b\u00f6lgesindeki pul dokusu, boynuzlar\u0131n k\u0131vr\u0131ml\u0131 yap\u0131s\u0131 ve ejderhan\u0131n karakteristik duru\u015fu, \u00fcr\u00fcn\u00fc s\u0131radan dekor objelerinden \u00e7ok daha \u00f6zel bir hale getirir. Efsanevi canl\u0131lar\u0131n ihti\u015fam\u0131n\u0131 yans\u0131tan bu heykel, hem estetik hem de anlaml\u0131 bir dekorasyon par\u00e7as\u0131d\u0131r.Ejderha fig\u00fcr\u00fcn\u00fcn sembolik anlam\u0131,&#8230;<\/p>\n","protected":false},"featured_media":123978,"comment_status":"open","ping_status":"closed","template":"","meta":{"_kad_post_transparent":"","_kad_post_title":"","_kad_post_layout":"","_kad_post_sidebar_id":"","_kad_post_content_style":"","_kad_post_vertical_padding":"","_kad_post_feature":"","_kad_post_feature_position":"","_kad_post_header":false,"_kad_post_footer":false,"_kad_post_classname":""},"product_brand":[],"product_cat":[14940],"product_tag":[],"class_list":{"0":"post-123979","1":"product","2":"type-product","3":"status-publish","4":"has-post-thumbnail","6":"product_cat-dekoratif-obje-biblo-dekoratif-obje-biblo","8":"first","9":"instock","10":"purchasable","11":"product-type-simple","12":"entry","13":"content-bg","14":"loop-entry"},"_links":{"self":[{"href":"https:\/\/www.hediyepazar.com\/index.php?rest_route=\/wp\/v2\/product\/123979","targetHints":{"allow":["GET"]}}],"collection":[{"href":"https:\/\/www.hediyepazar.com\/index.php?rest_route=\/wp\/v2\/product"}],"about":[{"href":"https:\/\/www.hediyepazar.com\/index.php?rest_route=\/wp\/v2\/types\/product"}],"replies":[{"embeddable":true,"href":"https:\/\/www.hediyepazar.com\/index.php?rest_route=%2Fwp%2Fv2%2Fcomments&post=123979"}],"wp:featuredmedia":[{"embeddable":true,"href":"https:\/\/www.hediyepazar.com\/index.php?rest_route=\/wp\/v2\/media\/123978"}],"wp:attachment":[{"href":"https:\/\/www.hediyepazar.com\/index.php?rest_route=%2Fwp%2Fv2%2Fmedia&parent=123979"}],"wp:term":[{"taxonomy":"product_brand","embeddable":true,"href":"https:\/\/www.hediyepazar.com\/index.php?rest_route=%2Fwp%2Fv2%2Fproduct_brand&post=123979"},{"taxonomy":"product_cat","embeddable":true,"href":"https:\/\/www.hediyepazar.com\/index.php?rest_route=%2Fwp%2Fv2%2Fproduct_cat&post=123979"},{"taxonomy":"product_tag","embeddable":true,"href":"https:\/\/www.hediyepazar.com\/index.php?rest_route=%2Fwp%2Fv2%2Fproduct_tag&post=123979"}],"curies":[{"name":"wp","href":"https:\/\/api.w.org\/{rel}","templated":true}]}}