{"id":124035,"date":"2026-05-06T14:43:09","date_gmt":"2026-05-06T17:43:09","guid":{"rendered":"https:\/\/www.hediyepazar.com\/?product=canli-yayin-ve-fotograf-icin-tripodlu-telefon-tutucu"},"modified":"2026-05-06T14:43:09","modified_gmt":"2026-05-06T17:43:09","slug":"canli-yayin-ve-fotograf-icin-tripodlu-telefon-tutucu","status":"publish","type":"product","link":"https:\/\/www.hediyepazar.com\/?product=canli-yayin-ve-fotograf-icin-tripodlu-telefon-tutucu","title":{"rendered":"Canl\u0131 Yay\u0131n ve Foto\u011fraf \u0130\u00e7in Tripodlu Telefon Tutucu"},"content":{"rendered":"<p>Canl\u0131 yay\u0131n ve video \u00e7ekimleri i\u00e7in tasarlanan tripodlu selfie \u00e7ubu\u011fu, pratik ve i\u015flevsel bir kullan\u0131m sunar. Selfie stick ve tripod \u00f6zelliklerini bir arada sunarak farkl\u0131 \u00e7ekim ihtiya\u00e7lar\u0131na cevap verir. Uzat\u0131labilir yap\u0131s\u0131 sayesinde geni\u015f a\u00e7\u0131dan \u00e7ekim yap\u0131lmas\u0131na olanak tan\u0131r.Tripod modunda sabit duru\u015f sa\u011flar ve titre\u015fimi minimuma indirir. Telefon tutucu k\u0131sm\u0131 ayarlanabilir olup farkl\u0131 \u00e7ekim a\u00e7\u0131lar\u0131na uyum sa\u011flar. Dikey ve yatay \u00e7ekim deste\u011fi ile sosyal medya platformlar\u0131 i\u00e7in ideal i\u00e7erikler \u00fcretilebilir.Uzaktan kumanda deste\u011fi, \u00e7ekim s\u0131ras\u0131nda kolayl\u0131k sa\u011flar ve telefona dokunmadan foto\u011fraf veya video kayd\u0131 al\u0131nmas\u0131na imk\u00e2n tan\u0131r. Bu sayede daha net ve profesyonel g\u00f6r\u00fcnt\u00fcler elde edilir.Katlanabilir ve hafif tasar\u0131m\u0131 sayesinde ta\u015f\u0131nmas\u0131 son derece kolayd\u0131r. Evde, d\u0131\u015f mek\u00e2nda veya seyahatlerde rahatl\u0131kla kullan\u0131labilir. Dayan\u0131kl\u0131 yap\u0131s\u0131 uzun \u00f6m\u00fcrl\u00fc kullan\u0131m sunar.Tripodlu selfie \u00e7ubu\u011fu, i\u00e7erik \u00fcreticilerinden g\u00fcnl\u00fck kullan\u0131c\u0131ya kadar geni\u015f bir kitleye hitap eden fonksiyonel bir aksesuard\u0131r.<\/p>\n","protected":false},"excerpt":{"rendered":"<p>Canl\u0131 yay\u0131n ve video \u00e7ekimleri i\u00e7in tasarlanan tripodlu selfie \u00e7ubu\u011fu, pratik ve i\u015flevsel bir kullan\u0131m sunar. Selfie stick ve tripod \u00f6zelliklerini bir arada sunarak farkl\u0131 \u00e7ekim ihtiya\u00e7lar\u0131na cevap verir. Uzat\u0131labilir yap\u0131s\u0131 sayesinde geni\u015f a\u00e7\u0131dan \u00e7ekim yap\u0131lmas\u0131na olanak tan\u0131r.Tripod modunda sabit duru\u015f sa\u011flar ve titre\u015fimi minimuma indirir. Telefon tutucu k\u0131sm\u0131 ayarlanabilir olup farkl\u0131 \u00e7ekim a\u00e7\u0131lar\u0131na uyum&#8230;<\/p>\n","protected":false},"featured_media":124034,"comment_status":"open","ping_status":"closed","template":"","meta":{"_kad_post_transparent":"","_kad_post_title":"","_kad_post_layout":"","_kad_post_sidebar_id":"","_kad_post_content_style":"","_kad_post_vertical_padding":"","_kad_post_feature":"","_kad_post_feature_position":"","_kad_post_header":false,"_kad_post_footer":false,"_kad_post_classname":""},"product_brand":[],"product_cat":[15008],"product_tag":[],"class_list":{"0":"post-124035","1":"product","2":"type-product","3":"status-publish","4":"has-post-thumbnail","6":"product_cat-selfie-cubugu-selfie-cubugu-2","8":"first","9":"instock","10":"purchasable","11":"product-type-simple","12":"entry","13":"content-bg","14":"loop-entry"},"_links":{"self":[{"href":"https:\/\/www.hediyepazar.com\/index.php?rest_route=\/wp\/v2\/product\/124035","targetHints":{"allow":["GET"]}}],"collection":[{"href":"https:\/\/www.hediyepazar.com\/index.php?rest_route=\/wp\/v2\/product"}],"about":[{"href":"https:\/\/www.hediyepazar.com\/index.php?rest_route=\/wp\/v2\/types\/product"}],"replies":[{"embeddable":true,"href":"https:\/\/www.hediyepazar.com\/index.php?rest_route=%2Fwp%2Fv2%2Fcomments&post=124035"}],"wp:featuredmedia":[{"embeddable":true,"href":"https:\/\/www.hediyepazar.com\/index.php?rest_route=\/wp\/v2\/media\/124034"}],"wp:attachment":[{"href":"https:\/\/www.hediyepazar.com\/index.php?rest_route=%2Fwp%2Fv2%2Fmedia&parent=124035"}],"wp:term":[{"taxonomy":"product_brand","embeddable":true,"href":"https:\/\/www.hediyepazar.com\/index.php?rest_route=%2Fwp%2Fv2%2Fproduct_brand&post=124035"},{"taxonomy":"product_cat","embeddable":true,"href":"https:\/\/www.hediyepazar.com\/index.php?rest_route=%2Fwp%2Fv2%2Fproduct_cat&post=124035"},{"taxonomy":"product_tag","embeddable":true,"href":"https:\/\/www.hediyepazar.com\/index.php?rest_route=%2Fwp%2Fv2%2Fproduct_tag&post=124035"}],"curies":[{"name":"wp","href":"https:\/\/api.w.org\/{rel}","templated":true}]}}