{"id":124151,"date":"2026-05-06T14:57:09","date_gmt":"2026-05-06T17:57:09","guid":{"rendered":"https:\/\/www.hediyepazar.com\/?product=genis-hazneli-manuel-dograyici-ev-tipi-kullanim"},"modified":"2026-05-06T14:57:09","modified_gmt":"2026-05-06T17:57:09","slug":"genis-hazneli-manuel-dograyici-ev-tipi-kullanim","status":"publish","type":"product","link":"https:\/\/www.hediyepazar.com\/?product=genis-hazneli-manuel-dograyici-ev-tipi-kullanim","title":{"rendered":"Geni\u015f Hazneli Manuel Do\u011fray\u0131c\u0131 Ev Tipi Kullan\u0131m"},"content":{"rendered":"<p>Geni\u015f hazneli manuel do\u011fray\u0131c\u0131, mutfakta d\u00fczenli ve h\u0131zl\u0131 \u00e7al\u0131\u015fma imkan\u0131 sunar. Basmal\u0131 mekanizmas\u0131 sayesinde minimum g\u00fc\u00e7le maksimum performans sa\u011flar. Elektriksiz kullan\u0131m\u0131 sayesinde g\u00fcvenli ve sessizdir.Keskin b\u0131\u00e7ak sistemi, sebzeleri k\u0131sa s\u00fcrede do\u011frar. So\u011fan, sar\u0131msak, ye\u015fillik ve benzeri g\u0131dalar i\u00e7in idealdir. Geni\u015f haznesi tek seferde daha fazla malzeme haz\u0131rlamaya olanak tan\u0131r.Dayan\u0131kl\u0131 g\u00f6vdesi, uzun s\u00fcreli kullan\u0131m i\u00e7in uygundur. Ergonomik basma aparat\u0131 el yorgunlu\u011funu azalt\u0131r. Kaymaz taban\u0131 sayesinde kullan\u0131m s\u0131ras\u0131nda g\u00fcvenli bir deneyim sunar.Temizlik s\u00fcreci olduk\u00e7a pratiktir. Par\u00e7alar ayr\u0131labilir yap\u0131dad\u0131r ve elde y\u0131kamaya uygundur. G\u00fcnl\u00fck mutfak i\u015flerini kolayla\u015ft\u0131r\u0131r.Pratiklik, dayan\u0131kl\u0131l\u0131k ve kullan\u0131m kolayl\u0131\u011f\u0131n\u0131 bir arada sunan bu manuel rondo, mutfakta h\u0131z kazanmak isteyen herkes i\u00e7in ideal bir tercihtir.<\/p>\n","protected":false},"excerpt":{"rendered":"<p>Geni\u015f hazneli manuel do\u011fray\u0131c\u0131, mutfakta d\u00fczenli ve h\u0131zl\u0131 \u00e7al\u0131\u015fma imkan\u0131 sunar. Basmal\u0131 mekanizmas\u0131 sayesinde minimum g\u00fc\u00e7le maksimum performans sa\u011flar. Elektriksiz kullan\u0131m\u0131 sayesinde g\u00fcvenli ve sessizdir.Keskin b\u0131\u00e7ak sistemi, sebzeleri k\u0131sa s\u00fcrede do\u011frar. So\u011fan, sar\u0131msak, ye\u015fillik ve benzeri g\u0131dalar i\u00e7in idealdir. Geni\u015f haznesi tek seferde daha fazla malzeme haz\u0131rlamaya olanak tan\u0131r.Dayan\u0131kl\u0131 g\u00f6vdesi, uzun s\u00fcreli kullan\u0131m i\u00e7in uygundur&#8230;.<\/p>\n","protected":false},"featured_media":124150,"comment_status":"open","ping_status":"closed","template":"","meta":{"_kad_post_transparent":"","_kad_post_title":"","_kad_post_layout":"","_kad_post_sidebar_id":"","_kad_post_content_style":"","_kad_post_vertical_padding":"","_kad_post_feature":"","_kad_post_feature_position":"","_kad_post_header":false,"_kad_post_footer":false,"_kad_post_classname":""},"product_brand":[],"product_cat":[15068],"product_tag":[],"class_list":{"0":"post-124151","1":"product","2":"type-product","3":"status-publish","4":"has-post-thumbnail","6":"product_cat-pratik-mutfak-gerecleri-pratik-mutfak-gerecleri-2","8":"first","9":"instock","10":"purchasable","11":"product-type-simple","12":"entry","13":"content-bg","14":"loop-entry"},"_links":{"self":[{"href":"https:\/\/www.hediyepazar.com\/index.php?rest_route=\/wp\/v2\/product\/124151","targetHints":{"allow":["GET"]}}],"collection":[{"href":"https:\/\/www.hediyepazar.com\/index.php?rest_route=\/wp\/v2\/product"}],"about":[{"href":"https:\/\/www.hediyepazar.com\/index.php?rest_route=\/wp\/v2\/types\/product"}],"replies":[{"embeddable":true,"href":"https:\/\/www.hediyepazar.com\/index.php?rest_route=%2Fwp%2Fv2%2Fcomments&post=124151"}],"wp:featuredmedia":[{"embeddable":true,"href":"https:\/\/www.hediyepazar.com\/index.php?rest_route=\/wp\/v2\/media\/124150"}],"wp:attachment":[{"href":"https:\/\/www.hediyepazar.com\/index.php?rest_route=%2Fwp%2Fv2%2Fmedia&parent=124151"}],"wp:term":[{"taxonomy":"product_brand","embeddable":true,"href":"https:\/\/www.hediyepazar.com\/index.php?rest_route=%2Fwp%2Fv2%2Fproduct_brand&post=124151"},{"taxonomy":"product_cat","embeddable":true,"href":"https:\/\/www.hediyepazar.com\/index.php?rest_route=%2Fwp%2Fv2%2Fproduct_cat&post=124151"},{"taxonomy":"product_tag","embeddable":true,"href":"https:\/\/www.hediyepazar.com\/index.php?rest_route=%2Fwp%2Fv2%2Fproduct_tag&post=124151"}],"curies":[{"name":"wp","href":"https:\/\/api.w.org\/{rel}","templated":true}]}}