{"id":124171,"date":"2026-05-06T15:00:10","date_gmt":"2026-05-06T18:00:10","guid":{"rendered":"https:\/\/www.hediyepazar.com\/?product=tekrar-kullanilabilir-poset-mandali-siyah-10-adet"},"modified":"2026-05-06T15:00:10","modified_gmt":"2026-05-06T18:00:10","slug":"tekrar-kullanilabilir-poset-mandali-siyah-10-adet","status":"publish","type":"product","link":"https:\/\/www.hediyepazar.com\/?product=tekrar-kullanilabilir-poset-mandali-siyah-10-adet","title":{"rendered":"Tekrar Kullan\u0131labilir Po\u015fet Mandal\u0131 Siyah 10 Adet"},"content":{"rendered":"<p>Po\u015fet kilidi mandal seti, mutfakta d\u00fczen ve tazelik isteyenler i\u00e7in idealdir. Hava ge\u00e7irmez yap\u0131s\u0131 sayesinde g\u0131dalar\u0131n aromas\u0131n\u0131 korumaya yard\u0131mc\u0131 olur.Tekrar kullan\u0131labilir ve dayan\u0131kl\u0131 yap\u0131s\u0131 sayesinde uzun s\u00fcre g\u00fcvenle kullan\u0131labilir. 10 adetlik set, mutfakta her zaman elinizin alt\u0131nda olacak pratik bir \u00e7\u00f6z\u00fcmd\u00fcr.<\/p>\n","protected":false},"excerpt":{"rendered":"<p>Po\u015fet kilidi mandal seti, mutfakta d\u00fczen ve tazelik isteyenler i\u00e7in idealdir. Hava ge\u00e7irmez yap\u0131s\u0131 sayesinde g\u0131dalar\u0131n aromas\u0131n\u0131 korumaya yard\u0131mc\u0131 olur.Tekrar kullan\u0131labilir ve dayan\u0131kl\u0131 yap\u0131s\u0131 sayesinde uzun s\u00fcre g\u00fcvenle kullan\u0131labilir. 10 adetlik set, mutfakta her zaman elinizin alt\u0131nda olacak pratik bir \u00e7\u00f6z\u00fcmd\u00fcr.<\/p>\n","protected":false},"featured_media":124170,"comment_status":"open","ping_status":"closed","template":"","meta":{"_kad_post_transparent":"","_kad_post_title":"","_kad_post_layout":"","_kad_post_sidebar_id":"","_kad_post_content_style":"","_kad_post_vertical_padding":"","_kad_post_feature":"","_kad_post_feature_position":"","_kad_post_header":false,"_kad_post_footer":false,"_kad_post_classname":""},"product_brand":[],"product_cat":[15068],"product_tag":[],"class_list":{"0":"post-124171","1":"product","2":"type-product","3":"status-publish","4":"has-post-thumbnail","6":"product_cat-pratik-mutfak-gerecleri-pratik-mutfak-gerecleri-2","8":"first","9":"instock","10":"purchasable","11":"product-type-simple","12":"entry","13":"content-bg","14":"loop-entry"},"_links":{"self":[{"href":"https:\/\/www.hediyepazar.com\/index.php?rest_route=\/wp\/v2\/product\/124171","targetHints":{"allow":["GET"]}}],"collection":[{"href":"https:\/\/www.hediyepazar.com\/index.php?rest_route=\/wp\/v2\/product"}],"about":[{"href":"https:\/\/www.hediyepazar.com\/index.php?rest_route=\/wp\/v2\/types\/product"}],"replies":[{"embeddable":true,"href":"https:\/\/www.hediyepazar.com\/index.php?rest_route=%2Fwp%2Fv2%2Fcomments&post=124171"}],"wp:featuredmedia":[{"embeddable":true,"href":"https:\/\/www.hediyepazar.com\/index.php?rest_route=\/wp\/v2\/media\/124170"}],"wp:attachment":[{"href":"https:\/\/www.hediyepazar.com\/index.php?rest_route=%2Fwp%2Fv2%2Fmedia&parent=124171"}],"wp:term":[{"taxonomy":"product_brand","embeddable":true,"href":"https:\/\/www.hediyepazar.com\/index.php?rest_route=%2Fwp%2Fv2%2Fproduct_brand&post=124171"},{"taxonomy":"product_cat","embeddable":true,"href":"https:\/\/www.hediyepazar.com\/index.php?rest_route=%2Fwp%2Fv2%2Fproduct_cat&post=124171"},{"taxonomy":"product_tag","embeddable":true,"href":"https:\/\/www.hediyepazar.com\/index.php?rest_route=%2Fwp%2Fv2%2Fproduct_tag&post=124171"}],"curies":[{"name":"wp","href":"https:\/\/api.w.org\/{rel}","templated":true}]}}