{"id":124175,"date":"2026-05-06T15:00:21","date_gmt":"2026-05-06T18:00:21","guid":{"rendered":"https:\/\/www.hediyepazar.com\/?product=plastik-poset-kilidi-mutfak-icin-cok-amacli-10-adet"},"modified":"2026-05-06T15:00:21","modified_gmt":"2026-05-06T18:00:21","slug":"plastik-poset-kilidi-mutfak-icin-cok-amacli-10-adet","status":"publish","type":"product","link":"https:\/\/www.hediyepazar.com\/?product=plastik-poset-kilidi-mutfak-icin-cok-amacli-10-adet","title":{"rendered":"Plastik Po\u015fet Kilidi Mutfak \u0130\u00e7in \u00c7ok Ama\u00e7l\u0131 10 Adet"},"content":{"rendered":"<p>Po\u015fet kapatma mandal\u0131 seti, yiyeceklerin tazeli\u011fini korumak i\u00e7in geli\u015ftirilmi\u015f pratik bir mutfak \u00fcr\u00fcn\u00fcd\u00fcr. A\u00e7\u0131k kalan paketlerin bayatlamas\u0131n\u0131 \u00f6nleyerek israf\u0131 azaltmaya yard\u0131mc\u0131 olur. Hava ge\u00e7irmez s\u0131k\u0131\u015ft\u0131rma sistemi sayesinde po\u015fet a\u011f\u0131zlar\u0131n\u0131 g\u00fcvenle kapat\u0131r.Klasik mandallara g\u00f6re daha az yer kaplar ve daha sa\u011flam bir tutu\u015f sunar. Dayan\u0131kl\u0131 plastik malzemesi, uzun s\u00fcreli kullan\u0131m i\u00e7in uygundur. Tekrar kullan\u0131labilir yap\u0131s\u0131 sayesinde ekonomik bir \u00e7\u00f6z\u00fcmd\u00fcr.10 adetlik set i\u00e7eri\u011fi, mutfakta d\u00fczeni kolayla\u015ft\u0131r\u0131r. \u015e\u0131k siyah tasar\u0131m\u0131 ile her mutfa\u011fa uyum sa\u011flar. G\u00fcnl\u00fck kullan\u0131m i\u00e7in vazge\u00e7ilmez bir yard\u0131mc\u0131d\u0131r.<\/p>\n","protected":false},"excerpt":{"rendered":"<p>Po\u015fet kapatma mandal\u0131 seti, yiyeceklerin tazeli\u011fini korumak i\u00e7in geli\u015ftirilmi\u015f pratik bir mutfak \u00fcr\u00fcn\u00fcd\u00fcr. A\u00e7\u0131k kalan paketlerin bayatlamas\u0131n\u0131 \u00f6nleyerek israf\u0131 azaltmaya yard\u0131mc\u0131 olur. Hava ge\u00e7irmez s\u0131k\u0131\u015ft\u0131rma sistemi sayesinde po\u015fet a\u011f\u0131zlar\u0131n\u0131 g\u00fcvenle kapat\u0131r.Klasik mandallara g\u00f6re daha az yer kaplar ve daha sa\u011flam bir tutu\u015f sunar. Dayan\u0131kl\u0131 plastik malzemesi, uzun s\u00fcreli kullan\u0131m i\u00e7in uygundur. Tekrar kullan\u0131labilir yap\u0131s\u0131 sayesinde&#8230;<\/p>\n","protected":false},"featured_media":124174,"comment_status":"open","ping_status":"closed","template":"","meta":{"_kad_post_transparent":"","_kad_post_title":"","_kad_post_layout":"","_kad_post_sidebar_id":"","_kad_post_content_style":"","_kad_post_vertical_padding":"","_kad_post_feature":"","_kad_post_feature_position":"","_kad_post_header":false,"_kad_post_footer":false,"_kad_post_classname":""},"product_brand":[],"product_cat":[15068],"product_tag":[],"class_list":{"0":"post-124175","1":"product","2":"type-product","3":"status-publish","4":"has-post-thumbnail","6":"product_cat-pratik-mutfak-gerecleri-pratik-mutfak-gerecleri-2","8":"first","9":"instock","10":"purchasable","11":"product-type-simple","12":"entry","13":"content-bg","14":"loop-entry"},"_links":{"self":[{"href":"https:\/\/www.hediyepazar.com\/index.php?rest_route=\/wp\/v2\/product\/124175","targetHints":{"allow":["GET"]}}],"collection":[{"href":"https:\/\/www.hediyepazar.com\/index.php?rest_route=\/wp\/v2\/product"}],"about":[{"href":"https:\/\/www.hediyepazar.com\/index.php?rest_route=\/wp\/v2\/types\/product"}],"replies":[{"embeddable":true,"href":"https:\/\/www.hediyepazar.com\/index.php?rest_route=%2Fwp%2Fv2%2Fcomments&post=124175"}],"wp:featuredmedia":[{"embeddable":true,"href":"https:\/\/www.hediyepazar.com\/index.php?rest_route=\/wp\/v2\/media\/124174"}],"wp:attachment":[{"href":"https:\/\/www.hediyepazar.com\/index.php?rest_route=%2Fwp%2Fv2%2Fmedia&parent=124175"}],"wp:term":[{"taxonomy":"product_brand","embeddable":true,"href":"https:\/\/www.hediyepazar.com\/index.php?rest_route=%2Fwp%2Fv2%2Fproduct_brand&post=124175"},{"taxonomy":"product_cat","embeddable":true,"href":"https:\/\/www.hediyepazar.com\/index.php?rest_route=%2Fwp%2Fv2%2Fproduct_cat&post=124175"},{"taxonomy":"product_tag","embeddable":true,"href":"https:\/\/www.hediyepazar.com\/index.php?rest_route=%2Fwp%2Fv2%2Fproduct_tag&post=124175"}],"curies":[{"name":"wp","href":"https:\/\/api.w.org\/{rel}","templated":true}]}}