{"id":124295,"date":"2026-05-06T15:15:05","date_gmt":"2026-05-06T18:15:05","guid":{"rendered":"https:\/\/www.hediyepazar.com\/?product=evde-kullanima-uygun-uyluk-kalca-ve-pelvik-egzersiz-aleti"},"modified":"2026-05-06T15:15:05","modified_gmt":"2026-05-06T18:15:05","slug":"evde-kullanima-uygun-uyluk-kalca-ve-pelvik-egzersiz-aleti","status":"publish","type":"product","link":"https:\/\/www.hediyepazar.com\/?product=evde-kullanima-uygun-uyluk-kalca-ve-pelvik-egzersiz-aleti","title":{"rendered":"Evde Kullan\u0131ma Uygun Uyluk Kal\u00e7a ve Pelvik Egzersiz Aleti"},"content":{"rendered":"<p>Kullan\u0131m\u0131 son derece basit ve pratiktirG\u00fcnde birka\u00e7 dakikal\u0131k egzersiz ile etkili sonu\u00e7lar hedeflenirEvde, ofiste veya a\u00e7\u0131k alanlarda rahatl\u0131kla kullan\u0131labilirUzun s\u00fcreli kullan\u0131mda kas dayan\u0131kl\u0131l\u0131\u011f\u0131n\u0131 art\u0131r\u0131rD\u00fczenli kullan\u0131m \u00f6nerilir<\/p>\n","protected":false},"excerpt":{"rendered":"<p>Kullan\u0131m\u0131 son derece basit ve pratiktirG\u00fcnde birka\u00e7 dakikal\u0131k egzersiz ile etkili sonu\u00e7lar hedeflenirEvde, ofiste veya a\u00e7\u0131k alanlarda rahatl\u0131kla kullan\u0131labilirUzun s\u00fcreli kullan\u0131mda kas dayan\u0131kl\u0131l\u0131\u011f\u0131n\u0131 art\u0131r\u0131rD\u00fczenli kullan\u0131m \u00f6nerilir<\/p>\n","protected":false},"featured_media":124294,"comment_status":"open","ping_status":"closed","template":"","meta":{"_kad_post_transparent":"","_kad_post_title":"","_kad_post_layout":"","_kad_post_sidebar_id":"","_kad_post_content_style":"","_kad_post_vertical_padding":"","_kad_post_feature":"","_kad_post_feature_position":"","_kad_post_header":false,"_kad_post_footer":false,"_kad_post_classname":""},"product_brand":[],"product_cat":[15095],"product_tag":[],"class_list":{"0":"post-124295","1":"product","2":"type-product","3":"status-publish","4":"has-post-thumbnail","6":"product_cat-egzersiz-aletleri-egzersiz-aletleri","8":"first","9":"instock","10":"purchasable","11":"product-type-simple","12":"entry","13":"content-bg","14":"loop-entry"},"_links":{"self":[{"href":"https:\/\/www.hediyepazar.com\/index.php?rest_route=\/wp\/v2\/product\/124295","targetHints":{"allow":["GET"]}}],"collection":[{"href":"https:\/\/www.hediyepazar.com\/index.php?rest_route=\/wp\/v2\/product"}],"about":[{"href":"https:\/\/www.hediyepazar.com\/index.php?rest_route=\/wp\/v2\/types\/product"}],"replies":[{"embeddable":true,"href":"https:\/\/www.hediyepazar.com\/index.php?rest_route=%2Fwp%2Fv2%2Fcomments&post=124295"}],"wp:featuredmedia":[{"embeddable":true,"href":"https:\/\/www.hediyepazar.com\/index.php?rest_route=\/wp\/v2\/media\/124294"}],"wp:attachment":[{"href":"https:\/\/www.hediyepazar.com\/index.php?rest_route=%2Fwp%2Fv2%2Fmedia&parent=124295"}],"wp:term":[{"taxonomy":"product_brand","embeddable":true,"href":"https:\/\/www.hediyepazar.com\/index.php?rest_route=%2Fwp%2Fv2%2Fproduct_brand&post=124295"},{"taxonomy":"product_cat","embeddable":true,"href":"https:\/\/www.hediyepazar.com\/index.php?rest_route=%2Fwp%2Fv2%2Fproduct_cat&post=124295"},{"taxonomy":"product_tag","embeddable":true,"href":"https:\/\/www.hediyepazar.com\/index.php?rest_route=%2Fwp%2Fv2%2Fproduct_tag&post=124295"}],"curies":[{"name":"wp","href":"https:\/\/api.w.org\/{rel}","templated":true}]}}