{"id":124301,"date":"2026-05-06T15:15:19","date_gmt":"2026-05-06T18:15:19","guid":{"rendered":"https:\/\/www.hediyepazar.com\/?product=pelvik-taban-ve-uyluk-egzersiz-aleti-ev-tipi-tasinabilir"},"modified":"2026-05-06T15:15:19","modified_gmt":"2026-05-06T18:15:19","slug":"pelvik-taban-ve-uyluk-egzersiz-aleti-ev-tipi-tasinabilir","status":"publish","type":"product","link":"https:\/\/www.hediyepazar.com\/?product=pelvik-taban-ve-uyluk-egzersiz-aleti-ev-tipi-tasinabilir","title":{"rendered":"Pelvik Taban ve Uyluk Egzersiz Aleti Ev Tipi Ta\u015f\u0131nabilir"},"content":{"rendered":"<p>-Y\u00fcksek kaliteli PP, TPR ve kal\u0131nla\u015ft\u0131r\u0131lm\u0131\u015f \u00e7elik yay malzemeden \u00fcretilmi\u015ftir-Dayan\u0131kl\u0131 yap\u0131s\u0131 sayesinde uzun s\u00fcreli kullan\u0131ma uygundur-TPE koruyucu pedler cildi korur ve kaymay\u0131 \u00f6nler-Hafif ve ta\u015f\u0131nabilir tasar\u0131m\u0131 ile her yerde kullan\u0131m imk\u00e2n\u0131 sunar-Evde pratik egzersiz yapmak isteyenler i\u00e7in idealdir<\/p>\n","protected":false},"excerpt":{"rendered":"<p>-Y\u00fcksek kaliteli PP, TPR ve kal\u0131nla\u015ft\u0131r\u0131lm\u0131\u015f \u00e7elik yay malzemeden \u00fcretilmi\u015ftir-Dayan\u0131kl\u0131 yap\u0131s\u0131 sayesinde uzun s\u00fcreli kullan\u0131ma uygundur-TPE koruyucu pedler cildi korur ve kaymay\u0131 \u00f6nler-Hafif ve ta\u015f\u0131nabilir tasar\u0131m\u0131 ile her yerde kullan\u0131m imk\u00e2n\u0131 sunar-Evde pratik egzersiz yapmak isteyenler i\u00e7in idealdir<\/p>\n","protected":false},"featured_media":124300,"comment_status":"open","ping_status":"closed","template":"","meta":{"_kad_post_transparent":"","_kad_post_title":"","_kad_post_layout":"","_kad_post_sidebar_id":"","_kad_post_content_style":"","_kad_post_vertical_padding":"","_kad_post_feature":"","_kad_post_feature_position":"","_kad_post_header":false,"_kad_post_footer":false,"_kad_post_classname":""},"product_brand":[],"product_cat":[15097],"product_tag":[],"class_list":{"0":"post-124301","1":"product","2":"type-product","3":"status-publish","4":"has-post-thumbnail","6":"product_cat-elektrikli-soba-elektrikli-soba","8":"first","9":"instock","10":"purchasable","11":"product-type-simple","12":"entry","13":"content-bg","14":"loop-entry"},"_links":{"self":[{"href":"https:\/\/www.hediyepazar.com\/index.php?rest_route=\/wp\/v2\/product\/124301","targetHints":{"allow":["GET"]}}],"collection":[{"href":"https:\/\/www.hediyepazar.com\/index.php?rest_route=\/wp\/v2\/product"}],"about":[{"href":"https:\/\/www.hediyepazar.com\/index.php?rest_route=\/wp\/v2\/types\/product"}],"replies":[{"embeddable":true,"href":"https:\/\/www.hediyepazar.com\/index.php?rest_route=%2Fwp%2Fv2%2Fcomments&post=124301"}],"wp:featuredmedia":[{"embeddable":true,"href":"https:\/\/www.hediyepazar.com\/index.php?rest_route=\/wp\/v2\/media\/124300"}],"wp:attachment":[{"href":"https:\/\/www.hediyepazar.com\/index.php?rest_route=%2Fwp%2Fv2%2Fmedia&parent=124301"}],"wp:term":[{"taxonomy":"product_brand","embeddable":true,"href":"https:\/\/www.hediyepazar.com\/index.php?rest_route=%2Fwp%2Fv2%2Fproduct_brand&post=124301"},{"taxonomy":"product_cat","embeddable":true,"href":"https:\/\/www.hediyepazar.com\/index.php?rest_route=%2Fwp%2Fv2%2Fproduct_cat&post=124301"},{"taxonomy":"product_tag","embeddable":true,"href":"https:\/\/www.hediyepazar.com\/index.php?rest_route=%2Fwp%2Fv2%2Fproduct_tag&post=124301"}],"curies":[{"name":"wp","href":"https:\/\/api.w.org\/{rel}","templated":true}]}}