{"id":124371,"date":"2026-05-06T15:26:02","date_gmt":"2026-05-06T18:26:02","guid":{"rendered":"https:\/\/www.hediyepazar.com\/?product=kampci-kafa-lambasi-su-gecirmez-cok-modlu-led"},"modified":"2026-05-06T15:26:02","modified_gmt":"2026-05-06T18:26:02","slug":"kampci-kafa-lambasi-su-gecirmez-cok-modlu-led","status":"publish","type":"product","link":"https:\/\/www.hediyepazar.com\/?product=kampci-kafa-lambasi-su-gecirmez-cok-modlu-led","title":{"rendered":"Kamp\u00e7\u0131 Kafa Lambas\u0131 Su Ge\u00e7irmez \u00c7ok Modlu LED"},"content":{"rendered":"<p>Kamp\u00e7\u0131 kafa lambas\u0131, do\u011fa aktivitelerinde g\u00fcvenli ve konforlu bir ayd\u0131nlatma deneyimi sunmak i\u00e7in tasarlanm\u0131\u015ft\u0131r. Hafif ve ergonomik yap\u0131s\u0131 sayesinde uzun s\u00fcreli kullan\u0131mlarda rahats\u0131zl\u0131k vermez. Eller serbest kullan\u0131m imk\u00e2n\u0131 sunarak kamp, y\u00fcr\u00fcy\u00fc\u015f ve gece aktivitelerinde b\u00fcy\u00fck kolayl\u0131k sa\u011flar.Ayarlanabilir \u0131\u015f\u0131k modlar\u0131 sayesinde ihtiyac\u0131n\u0131za g\u00f6re y\u00fcksek, d\u00fc\u015f\u00fck veya SOS ayd\u0131nlatma se\u00e7eneklerini kullanabilirsiniz. Kompakt yap\u0131s\u0131 sayesinde \u00e7antada kolayca ta\u015f\u0131nabilir.<\/p>\n","protected":false},"excerpt":{"rendered":"<p>Kamp\u00e7\u0131 kafa lambas\u0131, do\u011fa aktivitelerinde g\u00fcvenli ve konforlu bir ayd\u0131nlatma deneyimi sunmak i\u00e7in tasarlanm\u0131\u015ft\u0131r. Hafif ve ergonomik yap\u0131s\u0131 sayesinde uzun s\u00fcreli kullan\u0131mlarda rahats\u0131zl\u0131k vermez. Eller serbest kullan\u0131m imk\u00e2n\u0131 sunarak kamp, y\u00fcr\u00fcy\u00fc\u015f ve gece aktivitelerinde b\u00fcy\u00fck kolayl\u0131k sa\u011flar.Ayarlanabilir \u0131\u015f\u0131k modlar\u0131 sayesinde ihtiyac\u0131n\u0131za g\u00f6re y\u00fcksek, d\u00fc\u015f\u00fck veya SOS ayd\u0131nlatma se\u00e7eneklerini kullanabilirsiniz. Kompakt yap\u0131s\u0131 sayesinde \u00e7antada kolayca ta\u015f\u0131nabilir.<\/p>\n","protected":false},"featured_media":124370,"comment_status":"open","ping_status":"closed","template":"","meta":{"_kad_post_transparent":"","_kad_post_title":"","_kad_post_layout":"","_kad_post_sidebar_id":"","_kad_post_content_style":"","_kad_post_vertical_padding":"","_kad_post_feature":"","_kad_post_feature_position":"","_kad_post_header":false,"_kad_post_footer":false,"_kad_post_classname":""},"product_brand":[],"product_cat":[14979],"product_tag":[],"class_list":{"0":"post-124371","1":"product","2":"type-product","3":"status-publish","4":"has-post-thumbnail","6":"product_cat-kafa-lambasi-kafa-lambasi","8":"first","9":"instock","10":"purchasable","11":"product-type-simple","12":"entry","13":"content-bg","14":"loop-entry"},"_links":{"self":[{"href":"https:\/\/www.hediyepazar.com\/index.php?rest_route=\/wp\/v2\/product\/124371","targetHints":{"allow":["GET"]}}],"collection":[{"href":"https:\/\/www.hediyepazar.com\/index.php?rest_route=\/wp\/v2\/product"}],"about":[{"href":"https:\/\/www.hediyepazar.com\/index.php?rest_route=\/wp\/v2\/types\/product"}],"replies":[{"embeddable":true,"href":"https:\/\/www.hediyepazar.com\/index.php?rest_route=%2Fwp%2Fv2%2Fcomments&post=124371"}],"wp:featuredmedia":[{"embeddable":true,"href":"https:\/\/www.hediyepazar.com\/index.php?rest_route=\/wp\/v2\/media\/124370"}],"wp:attachment":[{"href":"https:\/\/www.hediyepazar.com\/index.php?rest_route=%2Fwp%2Fv2%2Fmedia&parent=124371"}],"wp:term":[{"taxonomy":"product_brand","embeddable":true,"href":"https:\/\/www.hediyepazar.com\/index.php?rest_route=%2Fwp%2Fv2%2Fproduct_brand&post=124371"},{"taxonomy":"product_cat","embeddable":true,"href":"https:\/\/www.hediyepazar.com\/index.php?rest_route=%2Fwp%2Fv2%2Fproduct_cat&post=124371"},{"taxonomy":"product_tag","embeddable":true,"href":"https:\/\/www.hediyepazar.com\/index.php?rest_route=%2Fwp%2Fv2%2Fproduct_tag&post=124371"}],"curies":[{"name":"wp","href":"https:\/\/api.w.org\/{rel}","templated":true}]}}