{"id":124401,"date":"2026-05-06T15:28:58","date_gmt":"2026-05-06T18:28:58","guid":{"rendered":"https:\/\/www.hediyepazar.com\/?product=s8-ultra-akilli-saat-gurultu-onleyici-kablosuz-kulaklik-seti"},"modified":"2026-05-06T15:28:58","modified_gmt":"2026-05-06T18:28:58","slug":"s8-ultra-akilli-saat-gurultu-onleyici-kablosuz-kulaklik-seti","status":"publish","type":"product","link":"https:\/\/www.hediyepazar.com\/?product=s8-ultra-akilli-saat-gurultu-onleyici-kablosuz-kulaklik-seti","title":{"rendered":"S8 Ultra Ak\u0131ll\u0131 Saat + G\u00fcr\u00fclt\u00fc \u00d6nleyici Kablosuz Kulakl\u0131k Seti"},"content":{"rendered":"<p>Tek pakette iki g\u00fc\u00e7l\u00fc teknoloji \u00fcr\u00fcn\u00fc sunan bu set, fiyat-performans a\u00e7\u0131s\u0131ndan avantajl\u0131 bir se\u00e7enektir. Ak\u0131ll\u0131 saat; bildirim takibi, sa\u011fl\u0131k izleme ve uzun pil \u00f6mr\u00fc gibi temel ihtiya\u00e7lar\u0131 kar\u015f\u0131lar. Hafif yap\u0131s\u0131 sayesinde bilekte rahats\u0131zl\u0131k olu\u015fturmaz ve g\u00fcn boyu rahat kullan\u0131m sa\u011flar.Kablosuz Bluetooth kulakl\u0131k, surround ses deste\u011fi ve g\u00fc\u00e7l\u00fc mikrofonu ile g\u00f6r\u00fc\u015fmelerde netlik sunar. Uzun pil \u00f6mr\u00fc ve ta\u015f\u0131nabilir \u015farj kutusu sayesinde g\u00fcn boyu m\u00fczik keyfi sa\u011flar. iOS ve Android uyumlulu\u011fu sayesinde her telefonla sorunsuz \u00e7al\u0131\u015f\u0131r. G\u00fcnl\u00fck kullan\u0131m, spor ve seyahat i\u00e7in ideal olan bu 2\u2019li set, teknolojiyi hayat\u0131n\u0131za pratik \u015fekilde entegre eder.<\/p>\n","protected":false},"excerpt":{"rendered":"<p>Tek pakette iki g\u00fc\u00e7l\u00fc teknoloji \u00fcr\u00fcn\u00fc sunan bu set, fiyat-performans a\u00e7\u0131s\u0131ndan avantajl\u0131 bir se\u00e7enektir. Ak\u0131ll\u0131 saat; bildirim takibi, sa\u011fl\u0131k izleme ve uzun pil \u00f6mr\u00fc gibi temel ihtiya\u00e7lar\u0131 kar\u015f\u0131lar. Hafif yap\u0131s\u0131 sayesinde bilekte rahats\u0131zl\u0131k olu\u015fturmaz ve g\u00fcn boyu rahat kullan\u0131m sa\u011flar.Kablosuz Bluetooth kulakl\u0131k, surround ses deste\u011fi ve g\u00fc\u00e7l\u00fc mikrofonu ile g\u00f6r\u00fc\u015fmelerde netlik sunar. Uzun pil \u00f6mr\u00fc&#8230;<\/p>\n","protected":false},"featured_media":124400,"comment_status":"open","ping_status":"closed","template":"","meta":{"_kad_post_transparent":"","_kad_post_title":"","_kad_post_layout":"","_kad_post_sidebar_id":"","_kad_post_content_style":"","_kad_post_vertical_padding":"","_kad_post_feature":"","_kad_post_feature_position":"","_kad_post_header":false,"_kad_post_footer":false,"_kad_post_classname":""},"product_brand":[],"product_cat":[14935],"product_tag":[],"class_list":{"0":"post-124401","1":"product","2":"type-product","3":"status-publish","4":"has-post-thumbnail","6":"product_cat-akilli-saatler-akilli-saatler","8":"first","9":"instock","10":"purchasable","11":"product-type-simple","12":"entry","13":"content-bg","14":"loop-entry"},"_links":{"self":[{"href":"https:\/\/www.hediyepazar.com\/index.php?rest_route=\/wp\/v2\/product\/124401","targetHints":{"allow":["GET"]}}],"collection":[{"href":"https:\/\/www.hediyepazar.com\/index.php?rest_route=\/wp\/v2\/product"}],"about":[{"href":"https:\/\/www.hediyepazar.com\/index.php?rest_route=\/wp\/v2\/types\/product"}],"replies":[{"embeddable":true,"href":"https:\/\/www.hediyepazar.com\/index.php?rest_route=%2Fwp%2Fv2%2Fcomments&post=124401"}],"wp:featuredmedia":[{"embeddable":true,"href":"https:\/\/www.hediyepazar.com\/index.php?rest_route=\/wp\/v2\/media\/124400"}],"wp:attachment":[{"href":"https:\/\/www.hediyepazar.com\/index.php?rest_route=%2Fwp%2Fv2%2Fmedia&parent=124401"}],"wp:term":[{"taxonomy":"product_brand","embeddable":true,"href":"https:\/\/www.hediyepazar.com\/index.php?rest_route=%2Fwp%2Fv2%2Fproduct_brand&post=124401"},{"taxonomy":"product_cat","embeddable":true,"href":"https:\/\/www.hediyepazar.com\/index.php?rest_route=%2Fwp%2Fv2%2Fproduct_cat&post=124401"},{"taxonomy":"product_tag","embeddable":true,"href":"https:\/\/www.hediyepazar.com\/index.php?rest_route=%2Fwp%2Fv2%2Fproduct_tag&post=124401"}],"curies":[{"name":"wp","href":"https:\/\/api.w.org\/{rel}","templated":true}]}}