{"id":124405,"date":"2026-05-06T15:29:12","date_gmt":"2026-05-06T18:29:12","guid":{"rendered":"https:\/\/www.hediyepazar.com\/?product=s8-ultra-akilli-saat-ve-bluetooth-kablosuz-kulaklik-2li-set"},"modified":"2026-05-06T15:29:12","modified_gmt":"2026-05-06T18:29:12","slug":"s8-ultra-akilli-saat-ve-bluetooth-kablosuz-kulaklik-2li-set","status":"publish","type":"product","link":"https:\/\/www.hediyepazar.com\/?product=s8-ultra-akilli-saat-ve-bluetooth-kablosuz-kulaklik-2li-set","title":{"rendered":"S8 Ultra Ak\u0131ll\u0131 Saat ve Bluetooth Kablosuz Kulakl\u0131k 2\u2019li Set"},"content":{"rendered":"<p>Bu 2\u2019li teknoloji seti, g\u00fcnl\u00fck ya\u015famda hem ba\u011flant\u0131da kalmak hem de konforlu bir ses deneyimi ya\u015famak isteyen kullan\u0131c\u0131lar i\u00e7in ideal bir \u00e7\u00f6z\u00fcmd\u00fcr. S8 Ultra ak\u0131ll\u0131 saat, 1.75 in\u00e7 y\u00fcksek \u00e7\u00f6z\u00fcn\u00fcrl\u00fckl\u00fc dokunmatik ekran\u0131 ile net ve ak\u0131c\u0131 bir kullan\u0131m sunar. Ortalama 7 g\u00fcn pil \u00f6mr\u00fc sayesinde s\u0131k \u015farj ihtiyac\u0131n\u0131 ortadan kald\u0131r\u0131r. Nab\u0131z sens\u00f6r\u00fc ile kalp at\u0131\u015f h\u0131z\u0131n\u0131z\u0131 takip edebilir, titre\u015fimli bildirim \u00f6zelli\u011fi sayesinde \u00e7a\u011fr\u0131 ve mesajlardan an\u0131nda haberdar olabilirsiniz.Set i\u00e7erisinde yer alan kablosuz Bluetooth kulakl\u0131k, h\u0131zl\u0131 ve stabil ba\u011flant\u0131 sunarak m\u00fczik, podcast ve telefon g\u00f6r\u00fc\u015fmelerinde y\u00fcksek ses kalitesi sa\u011flar. G\u00fcr\u00fclt\u00fc \u00f6nleme \u00f6zelli\u011fi sayesinde daha net bir dinleme deneyimi sunar. Ak\u0131ll\u0131 saat ve kulakl\u0131k birlikte kullan\u0131ld\u0131\u011f\u0131nda g\u00fcn boyu kesintisiz bir teknoloji deneyimi sunar.<\/p>\n","protected":false},"excerpt":{"rendered":"<p>Bu 2\u2019li teknoloji seti, g\u00fcnl\u00fck ya\u015famda hem ba\u011flant\u0131da kalmak hem de konforlu bir ses deneyimi ya\u015famak isteyen kullan\u0131c\u0131lar i\u00e7in ideal bir \u00e7\u00f6z\u00fcmd\u00fcr. S8 Ultra ak\u0131ll\u0131 saat, 1.75 in\u00e7 y\u00fcksek \u00e7\u00f6z\u00fcn\u00fcrl\u00fckl\u00fc dokunmatik ekran\u0131 ile net ve ak\u0131c\u0131 bir kullan\u0131m sunar. Ortalama 7 g\u00fcn pil \u00f6mr\u00fc sayesinde s\u0131k \u015farj ihtiyac\u0131n\u0131 ortadan kald\u0131r\u0131r. Nab\u0131z sens\u00f6r\u00fc ile kalp at\u0131\u015f&#8230;<\/p>\n","protected":false},"featured_media":124404,"comment_status":"open","ping_status":"closed","template":"","meta":{"_kad_post_transparent":"","_kad_post_title":"","_kad_post_layout":"","_kad_post_sidebar_id":"","_kad_post_content_style":"","_kad_post_vertical_padding":"","_kad_post_feature":"","_kad_post_feature_position":"","_kad_post_header":false,"_kad_post_footer":false,"_kad_post_classname":""},"product_brand":[],"product_cat":[14935],"product_tag":[],"class_list":{"0":"post-124405","1":"product","2":"type-product","3":"status-publish","4":"has-post-thumbnail","6":"product_cat-akilli-saatler-akilli-saatler","8":"first","9":"instock","10":"purchasable","11":"product-type-simple","12":"entry","13":"content-bg","14":"loop-entry"},"_links":{"self":[{"href":"https:\/\/www.hediyepazar.com\/index.php?rest_route=\/wp\/v2\/product\/124405","targetHints":{"allow":["GET"]}}],"collection":[{"href":"https:\/\/www.hediyepazar.com\/index.php?rest_route=\/wp\/v2\/product"}],"about":[{"href":"https:\/\/www.hediyepazar.com\/index.php?rest_route=\/wp\/v2\/types\/product"}],"replies":[{"embeddable":true,"href":"https:\/\/www.hediyepazar.com\/index.php?rest_route=%2Fwp%2Fv2%2Fcomments&post=124405"}],"wp:featuredmedia":[{"embeddable":true,"href":"https:\/\/www.hediyepazar.com\/index.php?rest_route=\/wp\/v2\/media\/124404"}],"wp:attachment":[{"href":"https:\/\/www.hediyepazar.com\/index.php?rest_route=%2Fwp%2Fv2%2Fmedia&parent=124405"}],"wp:term":[{"taxonomy":"product_brand","embeddable":true,"href":"https:\/\/www.hediyepazar.com\/index.php?rest_route=%2Fwp%2Fv2%2Fproduct_brand&post=124405"},{"taxonomy":"product_cat","embeddable":true,"href":"https:\/\/www.hediyepazar.com\/index.php?rest_route=%2Fwp%2Fv2%2Fproduct_cat&post=124405"},{"taxonomy":"product_tag","embeddable":true,"href":"https:\/\/www.hediyepazar.com\/index.php?rest_route=%2Fwp%2Fv2%2Fproduct_tag&post=124405"}],"curies":[{"name":"wp","href":"https:\/\/api.w.org\/{rel}","templated":true}]}}